NOAA-Style Climate Reports
Select a Year or Month report
Report for 2009 Nov Monthly Climatological Summary for Nov 2009 Name: North Bayswater Weather City: State: Elevation: 114 m Lat: S 37° 49' 25" Lon: E 145° 17' 47" Temperature (°C), Rain (mm), Wind Speed (km/h) Heat Cool Avg Mean Deg Deg Wind Dom Day Temp High Time Low Time Days Days Rain Speed High Time Dir ---------------------------------------------------------------------------------- 1 17.9 21.3 13:21 14.6 05:12 0.4 0.0 0.0 1.6 16.6 14:21 SSW 2 24.0 29.4 17:16 15.3 07:49 0.0 5.7 1.5 2.1 19.1 00:15 NE 3 16.2 22.3 12:36 12.8 04:00 2.1 0.0 0.0 6.7 33.8 14:15 W 4 13.9 17.9 15:12 11.6 05:16 4.4 0.0 0.0 3.0 19.8 18:53 SW 5 13.6 19.2 13:54 8.0 04:49 4.7 0.0 0.0 2.7 21.6 13:54 SSW 6 19.3 26.4 15:02 12.4 09:00 0.0 1.0 0.0 1.6 42.1 16:06 SSE 7 25.2 31.8 15:54 18.4 05:53 0.0 6.9 0.0 3.2 17.6 10:28 NE 8 26.4 33.6 15:44 18.4 05:28 0.0 8.1 0.0 2.8 15.5 09:46 NE 9 27.0 34.9 15:01 18.4 05:56 0.0 8.7 0.0 1.6 13.0 23:22 ENE 10 26.8 34.8 13:41 18.4 05:48 0.0 8.5 0.0 1.6 15.8 13:26 E 11 26.1 34.2 15:43 17.9 06:44 0.0 7.8 0.0 1.8 18.0 12:28 SW 12 22.3 30.8 14:18 14.8 06:39 0.0 4.0 0.0 2.8 18.4 14:29 SSW 13 23.2 30.3 16:32 16.2 05:33 0.0 4.9 0.0 2.0 16.9 14:19 SW 14 22.8 32.6 12:39 14.7 05:06 0.0 4.5 0.0 3.1 22.0 13:07 SSW 15 22.9 29.3 17:16 18.6 09:00 0.0 4.6 0.0 1.8 16.9 06:13 SW 16 17.7 22.6 15:38 14.4 02:53 0.6 0.0 0.0 4.5 26.3 16:15 SW 17 18.5 24.2 17:03 13.6 02:17 0.0 0.2 0.0 3.1 20.9 18:47 SSW 18 28.0 32.6 14:21 16.9 09:00 0.0 9.7 0.0 2.7 36.0 01:35 NE 19 27.8 33.9 17:00 21.5 01:03 0.0 9.5 0.0 5.4 19.8 12:11 ENE 20 24.0 36.8 13:53 18.3 04:48 0.0 5.7 3.1 3.3 28.1 14:34 NE 21 20.7 25.6 17:37 17.1 07:11 0.0 2.4 59.0 1.4 10.4 13:50 NNE 22 14.6 18.1 09:32 9.9 06:02 3.7 0.0 17.1 2.3 28.8 10:51 SW 23 15.9 21.3 16:34 10.0 06:12 2.4 0.0 0.0 1.5 16.2 14:34 SW 24 20.2 25.6 16:47 14.2 06:19 0.0 1.9 0.0 1.3 10.4 15:26 SSW 25 22.5 28.3 15:07 17.6 04:28 0.0 4.2 0.5 1.6 13.7 16:01 SW 26 22.2 30.1 13:34 19.0 06:14 0.0 3.9 20.2 1.8 22.3 19:08 NE 27 22.7 27.9 18:07 16.5 07:07 0.0 4.4 1.6 4.5 16.9 16:20 NE 28 18.4 25.1 15:53 14.2 06:27 0.0 0.1 13.5 5.4 29.2 15:53 N 29 16.5 20.1 17:52 13.8 05:56 1.8 0.0 4.1 3.1 26.3 16:50 SW 30 16.7 22.1 13:49 11.0 06:12 1.6 0.0 0.0 2.7 19.1 16:15 SSE ---------------------------------------------------------------------------------- 21.1 36.8 20 8.0 5 21.7 106.7 120.6 2.8 42.1 6 SSW Max >= 27.0: 16 Max <= 0.0: 0 Min <= 0.0: 0 Min <= -18.0: 0 Max Rain: 59.0 on day 21 Days of Rain: 9 (>= 0.2 mm) 6 (>= 2.0 mm) 2 (>= 20.0 mm) Heat Base: 18.3 Cool Base: 18.3 Method: Integration |