NOAA-Style Climate Reports
Select a Year or Month report
Report for 2009 Dec Monthly Climatological Summary for Dec 2009 Name: North Bayswater Weather City: State: Elevation: 114 m Lat: S 37° 49' 25" Lon: E 145° 17' 47" Temperature (°C), Rain (mm), Wind Speed (km/h) Heat Cool Avg Mean Deg Deg Wind Dom Day Temp High Time Low Time Days Days Rain Speed High Time Dir ---------------------------------------------------------------------------------- 1 17.0 23.6 16:39 9.6 05:34 1.3 0.0 0.0 3.8 18.0 12:42 E 2 22.5 29.5 17:55 15.9 03:58 0.0 4.2 0.0 1.9 19.4 13:29 NNE 3 19.6 32.1 14:32 12.4 06:36 0.0 1.3 0.5 5.9 41.0 12:13 NNE 4 17.5 22.9 17:14 12.0 05:56 0.8 0.0 0.0 1.6 21.2 21:39 SW 5 17.7 22.2 16:58 12.9 06:29 0.6 0.0 0.0 2.4 22.0 15:41 SW 6 19.4 26.5 17:33 13.3 04:37 0.0 1.1 0.0 2.0 14.8 18:39 SSW 7 19.0 23.2 14:49 15.4 08:33 0.0 0.7 9.3 2.0 13.7 07:52 SSW 8 13.3 17.0 18:05 8.7 06:24 5.0 0.0 15.0 1.4 16.9 18:50 SSW 9 20.0 25.9 17:36 14.3 06:35 0.0 1.7 0.0 2.9 28.8 17:23 NNW 10 16.0 25.5 14:51 9.6 06:32 2.3 0.0 6.7 2.9 34.2 15:15 WNW 11 17.1 20.3 17:23 14.2 06:30 1.2 0.0 0.0 3.6 20.9 10:38 SW 12 18.4 22.1 18:39 15.2 06:13 0.0 0.1 0.0 2.4 20.9 12:31 WSW 13 17.1 22.3 17:27 13.9 04:37 1.2 0.0 0.0 2.9 17.6 17:31 SW 14 17.0 22.9 16:43 10.5 06:26 1.3 0.0 0.0 2.9 18.7 18:32 SSW 15 23.2 31.9 17:28 13.8 09:00 0.0 4.9 0.0 1.5 18.0 08:50 N 16 29.3 38.4 15:54 20.2 04:19 0.0 11.0 0.0 4.4 24.1 10:50 NNE 17 17.2 23.8 11:07 11.9 05:41 1.1 0.0 11.9 2.7 23.8 12:42 SW 18 18.8 23.8 17:49 14.9 05:44 0.0 0.5 0.0 2.0 14.8 12:24 WSW 19 17.5 21.7 18:09 14.4 05:53 0.8 0.0 0.0 3.4 18.4 14:14 SW 20 17.7 24.8 15:12 11.3 05:05 0.6 0.0 0.0 2.2 15.5 16:16 SW 21 21.7 28.5 16:54 15.2 05:59 0.0 3.4 0.0 1.3 15.8 15:13 SW 22 22.2 29.2 17:50 16.6 02:54 0.0 3.9 0.0 1.6 11.5 16:26 SW 23 29.3 38.5 15:59 24.2 03:12 0.0 11.0 0.0 2.1 29.2 06:37 NNE 24 19.6 26.4 09:00 14.9 04:53 0.0 1.3 3.6 4.2 19.8 11:28 NE 25 16.8 21.9 15:12 13.1 06:11 1.5 0.0 0.0 2.9 17.3 12:08 SSW 26 18.0 24.8 16:08 12.3 03:50 0.3 0.0 0.0 3.5 27.0 16:14 SSW 27 20.3 25.6 15:13 16.5 09:00 0.0 2.0 0.0 2.2 18.0 16:02 SSW 28 20.7 27.5 16:01 14.2 04:26 0.0 2.4 0.0 2.3 13.7 16:03 SSW 29 21.8 28.4 16:08 12.6 22:10 0.0 3.5 0.0 2.5 16.2 13:47 SSW 30 29.9 37.6 16:39 21.2 09:00 0.0 11.6 0.0 3.1 27.4 08:22 NE 31 28.5 37.4 15:22 20.0 06:57 0.0 10.2 0.0 7.1 33.8 00:38 NNE ---------------------------------------------------------------------------------- 20.1 38.5 23 8.7 8 18.0 74.8 47.0 2.8 41.0 3 WSW Max >= 27.0: 11 Max <= 0.0: 0 Min <= 0.0: 0 Min <= -18.0: 0 Max Rain: 15.0 on day 8 Days of Rain: 6 (>= 0.2 mm) 5 (>= 2.0 mm) 0 (>= 20.0 mm) Heat Base: 18.3 Cool Base: 18.3 Method: Integration |