NOAA-Style Climate Reports
Select a Year or Month report
Report for 2010 Apr Monthly Climatological Summary for Apr 2010 Name: North Bayswater Weather City: State: Elevation: 114 m Lat: S 37° 49' 25" Lon: E 145° 17' 47" Temperature (°C), Rain (mm), Wind Speed (km/h) Heat Cool Avg Mean Deg Deg Wind Dom Day Temp High Time Low Time Days Days Rain Speed High Time Dir ---------------------------------------------------------------------------------- 1 17.6 22.5 16:56 13.9 06:11 0.7 0.0 0.0 2.2 23.0 18:14 S 2 16.6 20.8 12:39 12.2 08:04 1.7 0.0 0.0 3.9 20.5 16:53 S 3 17.5 23.1 16:44 11.9 05:47 0.8 0.0 0.0 2.0 19.1 14:55 SSW 4 18.8 26.1 15:20 13.8 06:39 0.0 0.5 0.0 1.4 18.4 13:25 NE 5 21.7 26.8 15:01 18.8 09:00 0.0 3.4 0.0 4.7 27.7 13:57 NE 6 21.3 26.2 11:36 17.0 05:20 0.0 3.0 12.4 6.0 22.3 13:40 NE 7 20.3 24.8 14:56 17.4 06:37 0.0 2.0 0.5 3.7 17.6 10:35 NNE 8 16.7 21.1 11:50 12.5 07:02 1.6 0.0 0.5 3.8 33.1 14:52 SW 9 17.4 21.4 15:15 14.7 09:00 0.9 0.0 2.6 1.3 12.6 07:57 N 10 17.5 20.8 16:33 12.3 07:11 0.8 0.0 6.2 4.8 4.7 18:05 NNE 11 13.3 16.3 14:34 11.0 04:12 5.0 0.0 0.5 8.8 39.6 13:46 W 12 13.7 15.9 12:31 12.4 02:35 4.6 0.0 2.6 4.7 30.6 10:21 SW 13 11.9 16.5 09:00 7.3 09:00 6.4 0.0 0.0 0.2 0.0 09:00 ENE 14 14.9 17.6 09:00 12.2 09:00 3.4 0.0 0.0 0.0 0.0 09:00 --- 15 16.4 17.2 09:00 15.6 09:00 1.9 0.0 0.0 0.0 0.0 09:00 --- 16 16.8 24.4 14:31 10.9 05:59 1.5 0.0 0.0 2.2 22.3 12:57 NNE 17 19.7 27.0 14:43 14.2 06:14 0.0 1.4 0.0 3.2 22.0 16:07 NE 18 19.6 26.6 14:44 14.3 06:30 0.0 1.3 0.0 2.6 20.9 11:53 NNE 19 21.5 26.9 14:08 17.7 04:50 0.0 3.2 0.0 3.3 25.2 11:57 NE 20 22.2 28.7 14:09 17.4 07:16 0.0 3.9 1.5 5.1 24.5 10:56 NE 21 20.3 26.1 15:24 16.3 03:41 0.0 2.0 0.0 1.7 16.2 07:56 NNE 22 23.3 28.3 14:23 19.8 06:22 0.0 5.0 0.0 5.2 27.0 15:32 NNE 23 20.6 26.4 12:25 17.8 02:32 0.0 2.3 12.4 6.0 31.7 11:05 NNE 24 16.2 23.4 12:15 11.8 06:53 2.1 0.0 1.6 5.5 31.7 15:23 NW 25 13.5 18.2 14:05 8.2 07:13 4.8 0.0 0.5 2.5 25.2 11:27 SW 26 15.2 19.1 13:39 11.6 09:00 3.1 0.0 0.5 3.9 20.5 02:10 NNE 27 11.9 16.2 12:05 8.2 04:46 6.4 0.0 4.1 3.5 13.7 12:35 NE 28 14.6 16.3 20:30 11.1 09:00 3.7 0.0 3.1 6.4 27.0 13:43 N 29 14.6 17.2 14:50 13.2 04:30 3.7 0.0 0.5 3.7 15.5 17:58 WSW 30 12.9 16.6 13:21 9.8 02:02 5.4 0.0 0.5 1.1 17.3 08:55 SSW ---------------------------------------------------------------------------------- 17.3 28.7 20 7.3 13 58.5 28.0 50.0 3.4 39.6 11 N Max >= 27.0: 3 Max <= 0.0: 0 Min <= 0.0: 0 Min <= -18.0: 0 Max Rain: 12.4 on day 6 Days of Rain: 16 (>= 0.2 mm) 7 (>= 2.0 mm) 0 (>= 20.0 mm) Heat Base: 18.3 Cool Base: 18.3 Method: Integration |