NOAA-Style Climate Reports
Select a Year or Month report
Report for 2010 Jun Monthly Climatological Summary for Jun 2010 Name: North Bayswater Weather City: State: Elevation: 114 m Lat: S 37° 49' 25" Lon: E 145° 17' 47" Temperature (°C), Rain (mm), Wind Speed (km/h) Heat Cool Avg Mean Deg Deg Wind Dom Day Temp High Time Low Time Days Days Rain Speed High Time Dir ---------------------------------------------------------------------------------- 1 12.7 16.4 14:54 10.2 09:00 5.6 0.0 0.0 2.8 10.1 14:31 NE 2 11.5 16.8 15:11 7.0 05:49 6.8 0.0 0.0 0.7 7.2 14:49 SSW 3 9.9 12.4 15:25 7.7 09:00 8.4 0.0 0.0 1.5 9.7 03:31 NE 4 10.6 12.6 14:57 7.6 06:38 7.7 0.0 0.0 1.5 7.6 11:06 NE 5 10.8 13.9 12:45 8.4 05:14 7.5 0.0 14.5 1.6 15.8 17:51 SW 6 10.5 13.3 14:33 8.8 23:54 7.8 0.0 2.1 1.5 10.4 11:36 SSW 7 10.7 13.3 14:18 9.4 05:16 7.6 0.0 0.0 0.8 10.4 12:50 WSW 8 10.6 13.8 13:20 8.8 03:56 7.7 0.0 1.0 4.2 22.0 04:58 NNE 9 9.6 12.4 12:57 8.1 04:04 8.7 0.0 8.8 6.7 33.8 14:23 WNW 10 11.2 13.2 13:55 9.2 09:00 7.1 0.0 1.6 2.1 14.4 15:53 WSW 11 10.3 12.9 12:31 8.8 05:43 8.0 0.0 5.7 2.2 32.4 14:05 SW 12 10.1 12.4 14:32 8.4 20:22 8.2 0.0 0.0 1.0 11.2 14:39 SSW 13 10.6 13.6 12:38 6.9 07:56 7.7 0.0 0.0 0.5 6.1 13:45 ESE 14 8.9 14.1 14:39 5.3 22:57 9.4 0.0 0.0 1.2 11.2 14:04 NNE 15 8.2 13.8 14:03 4.1 02:05 10.1 0.0 0.0 1.9 16.9 08:31 NNE 16 13.7 15.0 14:50 12.3 08:19 4.6 0.0 1.0 8.3 38.9 03:52 NNE 17 10.3 13.6 09:54 8.1 03:47 8.0 0.0 5.2 7.6 35.3 14:26 NW 18 11.8 13.6 13:51 9.0 09:00 6.5 0.0 3.6 6.6 36.0 14:38 NNE 19 13.4 15.3 14:10 10.4 09:00 4.9 0.0 2.6 2.9 17.6 11:31 W 20 9.3 14.5 13:31 4.7 05:45 9.0 0.0 2.6 1.2 11.9 13:31 WSW 21 7.5 13.7 14:28 3.0 07:08 10.8 0.0 0.0 1.1 9.4 09:35 NNE 22 7.8 13.1 14:40 3.6 09:00 10.5 0.0 0.0 0.7 6.5 13:23 NNE 23 11.6 16.6 15:43 7.9 09:00 6.7 0.0 0.0 2.1 16.9 12:56 NE 24 14.7 17.1 14:24 11.9 09:00 3.6 0.0 0.5 9.1 36.0 21:17 NE 25 11.3 14.1 15:00 7.1 07:49 7.0 0.0 25.9 7.7 25.6 10:43 NNE 26 9.3 10.9 13:08 7.8 09:00 9.0 0.0 12.4 0.9 10.4 16:53 SW 27 7.5 11.9 12:54 3.8 04:35 10.8 0.0 0.5 0.6 17.3 08:13 WSW 28 8.6 10.9 14:07 5.9 09:00 9.7 0.0 0.5 8.7 39.6 02:21 NNE 29 8.4 9.9 15:20 6.8 02:16 9.9 0.0 7.3 11.6 36.4 20:52 NNE 30 9.5 11.8 15:14 7.5 09:14 8.8 0.0 0.0 7.9 20.2 10:44 NE ---------------------------------------------------------------------------------- 10.4 17.1 24 3.0 21 238.1 0.0 95.8 3.6 39.6 28 NNE Max >= 27.0: 0 Max <= 0.0: 0 Min <= 0.0: 0 Min <= -18.0: 0 Max Rain: 25.9 on day 25 Days of Rain: 17 (>= 0.2 mm) 11 (>= 2.0 mm) 1 (>= 20.0 mm) Heat Base: 18.3 Cool Base: 18.3 Method: Integration |