NOAA-Style Climate Reports
Select a Year or Month report
Report for 2010 Oct Monthly Climatological Summary for Oct 2010 Name: North Bayswater Weather City: State: Elevation: 114 m Lat: S 37° 49' 25" Lon: E 145° 17' 47" Temperature (°C), Rain (mm), Wind Speed (km/h) Heat Cool Avg Mean Deg Deg Wind Dom Day Temp High Time Low Time Days Days Rain Speed High Time Dir ---------------------------------------------------------------------------------- 1 11.9 17.3 16:13 5.3 06:08 6.4 0.0 0.0 2.1 13.7 16:06 SSW 2 15.6 22.9 14:18 9.1 07:13 2.7 0.0 0.0 1.6 17.6 15:11 N 3 19.6 25.9 14:19 13.3 09:00 0.0 1.3 0.0 3.4 37.1 08:22 NNE 4 18.7 23.5 16:31 13.1 06:41 0.0 0.4 1.6 9.6 36.4 11:31 NNE 5 15.2 20.9 17:10 10.6 06:07 3.1 0.0 0.0 2.3 11.9 15:49 SSW 6 14.6 23.8 11:52 6.8 06:44 3.7 0.0 11.4 6.5 36.0 16:52 NNE 7 12.5 15.3 16:13 9.6 09:00 5.8 0.0 0.0 5.4 27.0 16:13 WSW 8 12.4 17.5 15:27 8.1 07:20 5.9 0.0 0.0 3.5 21.6 14:02 SW 9 13.7 19.2 14:31 8.5 04:24 4.6 0.0 0.0 2.7 18.0 18:22 SW 10 18.5 25.6 16:09 11.5 09:00 0.0 0.2 0.0 3.2 38.9 03:21 NNE 11 20.9 25.8 14:32 17.6 07:11 0.0 2.6 0.0 9.1 40.0 12:10 NNE 12 19.2 25.4 13:34 15.0 07:04 0.0 0.9 4.7 9.2 34.9 11:43 NNE 13 13.3 16.1 10:10 11.6 23:46 5.0 0.0 6.7 2.4 23.0 13:55 SSW 14 17.4 21.9 16:05 13.0 08:58 0.9 0.0 6.7 5.7 26.6 12:22 NNE 15 8.3 13.0 09:00 5.1 03:48 10.0 0.0 30.6 6.9 37.8 13:28 SSW 16 10.6 13.5 16:54 7.2 09:26 7.7 0.0 2.1 7.1 32.4 19:30 SW 17 12.6 16.4 17:36 9.6 05:53 5.7 0.0 0.5 4.7 19.4 12:11 WSW 18 12.0 17.2 15:31 6.6 06:27 6.3 0.0 0.0 4.2 33.1 17:12 WSW 19 11.8 17.4 16:09 5.6 05:51 6.5 0.0 0.0 2.2 19.1 12:14 SSW 20 14.0 20.3 14:21 8.2 05:33 4.3 0.0 0.0 2.0 22.3 16:53 SW 21 19.0 25.9 15:58 12.9 05:19 0.0 0.7 0.0 2.9 17.6 13:35 NNE 22 22.0 29.2 14:55 13.5 08:58 0.0 3.7 16.1 5.8 28.8 13:35 NNE 23 12.5 16.8 16:36 7.8 06:38 5.8 0.0 1.0 3.7 26.6 16:08 SSW 24 12.6 18.0 15:05 6.8 06:26 5.7 0.0 0.0 3.7 23.4 19:16 S 25 16.4 24.1 16:58 11.1 05:15 1.9 0.0 0.0 2.4 13.7 14:50 NNW 26 16.7 22.9 13:21 11.6 05:44 1.6 0.0 0.5 3.9 27.0 14:51 WNW 27 13.4 19.4 13:39 7.8 06:36 4.9 0.0 0.0 3.6 23.8 17:09 S 28 18.5 25.5 16:52 12.6 09:00 0.0 0.2 0.0 2.3 18.7 17:42 N 29 23.7 28.5 14:11 19.5 07:00 0.0 5.4 2.6 9.3 38.5 12:56 NNE 30 17.0 22.9 12:58 12.7 07:45 1.3 0.0 61.1 3.9 41.0 14:30 NNE 31 12.4 16.3 14:29 10.3 05:57 5.9 0.0 7.3 4.9 25.6 14:57 SW ---------------------------------------------------------------------------------- 15.4 29.2 22 5.1 15 105.7 15.4 152.9 4.5 41.0 30 NNW Max >= 27.0: 2 Max <= 0.0: 0 Min <= 0.0: 0 Min <= -18.0: 0 Max Rain: 61.1 on day 30 Days of Rain: 14 (>= 0.2 mm) 10 (>= 2.0 mm) 2 (>= 20.0 mm) Heat Base: 18.3 Cool Base: 18.3 Method: Integration |