NOAA-Style Climate Reports
Select a Year or Month report
Report for 2011 Jan Monthly Climatological Summary for Jan 2011 Name: North Bayswater Weather City: State: Elevation: 114 m Lat: S 37° 49' 25" Lon: E 145° 17' 47" Temperature (°C), Rain (mm), Wind Speed (km/h) Heat Cool Avg Mean Deg Deg Wind Dom Day Temp High Time Low Time Days Days Rain Speed High Time Dir ---------------------------------------------------------------------------------- 1 18.7 23.8 16:38 13.8 07:00 0.0 0.4 0.0 3.3 15.5 19:03 S 2 17.3 22.2 13:30 14.2 04:38 1.0 0.0 0.0 3.0 22.0 18:53 S 3 15.8 21.3 15:39 10.5 06:14 2.5 0.0 0.0 3.7 24.1 12:22 SSW 4 19.1 24.3 13:59 13.9 09:00 0.0 0.8 0.0 2.9 18.7 15:29 SW 5 18.7 23.4 16:15 14.8 05:29 0.0 0.4 0.0 3.6 28.8 17:27 SSW 6 25.6 32.9 17:56 19.2 09:00 0.0 7.3 0.0 2.5 35.6 14:01 NNE 7 27.9 33.7 18:29 22.3 03:43 0.0 9.6 0.0 6.1 28.1 11:14 NE 8 24.8 35.3 14:17 17.9 06:42 0.0 6.5 2.1 6.6 24.1 13:11 NE 9 21.8 24.4 14:44 19.9 09:00 0.0 3.5 0.0 3.2 19.4 15:57 SSW 10 23.5 29.1 15:23 21.0 09:00 0.0 5.2 0.5 1.6 86.4 12:54 SSW 11 23.9 27.5 12:02 21.4 05:15 0.0 5.6 12.4 1.3 61.6 13:52 NNE 12 24.9 27.4 11:36 22.4 09:00 0.0 6.6 10.9 4.3 28.4 10:45 NE 13 25.2 26.8 10:01 23.9 12:41 0.0 6.9 49.2 3.3 39.6 07:13 NE 14 21.9 26.9 17:38 17.9 06:52 0.0 3.6 35.8 7.2 27.7 16:53 NE 15 24.3 30.4 14:33 18.9 03:05 0.0 6.0 0.0 1.5 11.5 15:40 SW 16 22.2 28.6 13:00 16.4 06:48 0.0 3.9 0.0 3.2 20.5 15:41 SW 17 17.7 21.2 13:27 15.1 04:22 0.6 0.0 0.5 4.6 18.4 11:46 SW 18 17.1 21.1 16:00 15.4 06:25 1.2 0.0 0.0 1.8 15.5 15:26 SSW 19 17.4 22.5 17:01 11.9 06:18 0.9 0.0 0.0 2.0 18.4 18:08 SSW 20 23.6 32.3 17:18 15.0 09:00 0.0 5.3 0.0 1.9 60.5 14:41 NNE 21 23.2 33.6 14:44 17.3 04:37 0.0 4.9 0.0 4.7 29.2 16:21 SSW 22 23.4 29.6 16:41 18.8 09:00 0.0 5.1 0.0 2.7 16.6 15:52 SSW 23 25.0 32.2 15:23 16.9 08:22 0.0 6.7 6.7 2.2 16.2 06:05 SW 24 17.9 22.9 17:26 13.6 06:47 0.4 0.0 0.5 3.7 19.8 20:13 SW 25 22.1 28.6 16:22 17.1 06:45 0.0 3.8 3.1 1.8 24.5 10:40 NW 26 18.2 21.8 15:58 13.8 04:04 0.1 0.0 0.0 3.0 16.9 18:43 S 27 21.0 26.3 15:12 14.9 07:20 0.0 2.7 0.0 2.5 26.6 14:14 SW 28 18.2 24.8 15:36 11.2 07:04 0.1 0.0 0.0 3.4 24.5 18:51 SSW 29 23.7 30.8 17:31 15.8 09:00 0.0 5.4 0.0 1.4 11.5 16:50 WSW 30 29.1 38.2 18:02 19.8 06:46 0.0 10.8 0.0 4.1 33.1 12:11 NNE 31 29.5 38.3 13:24 24.6 09:00 0.0 11.2 0.0 1.7 21.2 13:18 NW ---------------------------------------------------------------------------------- 22.0 38.3 31 10.5 3 6.8 122.2 121.7 3.2 86.4 10 SSW Max >= 27.0: 16 Max <= 0.0: 0 Min <= 0.0: 0 Min <= -18.0: 0 Max Rain: 49.2 on day 13 Days of Rain: 10 (>= 0.2 mm) 7 (>= 2.0 mm) 2 (>= 20.0 mm) Heat Base: 18.3 Cool Base: 18.3 Method: Integration |