NOAA-Style Climate Reports
Select a Year or Month report
Report for 2011 Jun Monthly Climatological Summary for Jun 2011 Name: North Bayswater Weather City: State: Elevation: 114 m Lat: S 37° 49' 25" Lon: E 145° 17' 47" Temperature (°C), Rain (mm), Wind Speed (km/h) Heat Cool Avg Mean Deg Deg Wind Dom Day Temp High Time Low Time Days Days Rain Speed High Time Dir ---------------------------------------------------------------------------------- 1 11.0 18.1 14:58 5.4 09:00 7.3 0.0 0.5 1.0 9.7 08:42 NE 2 14.2 18.6 13:54 11.4 09:00 4.1 0.0 0.0 4.4 31.7 15:40 NE 3 13.8 16.7 13:09 11.3 08:54 4.5 0.0 1.0 5.9 20.9 09:03 NE 4 11.1 16.1 13:51 7.8 07:57 7.2 0.0 0.0 2.4 18.7 14:19 W 5 9.9 15.1 14:23 4.9 06:09 8.4 0.0 5.2 6.4 32.4 11:51 N 6 9.9 12.3 15:28 6.8 09:00 8.4 0.0 0.0 1.4 24.1 05:13 WNW 7 7.4 10.2 10:21 5.8 23:29 10.9 0.0 17.1 5.9 31.7 16:47 NW 8 9.5 10.8 15:07 6.4 09:00 8.8 0.0 2.6 5.8 40.3 20:53 SW 9 9.7 14.1 13:43 6.4 01:58 8.6 0.0 0.0 2.3 16.9 11:41 SW 10 10.3 13.9 14:21 7.8 22:01 8.0 0.0 0.0 1.0 12.2 11:49 SSW 11 9.3 14.3 14:24 4.4 07:30 9.0 0.0 0.0 1.0 10.8 11:35 S 12 9.2 14.1 14:49 5.5 09:00 9.1 0.0 0.5 1.2 14.0 15:09 SSE 13 9.9 14.4 14:38 6.2 06:32 8.4 0.0 0.0 1.3 13.0 23:34 ENE 14 9.5 13.3 13:19 6.4 02:03 8.8 0.0 0.0 1.5 14.8 18:23 S 15 7.5 12.6 15:46 3.9 05:52 10.8 0.0 0.5 1.2 10.1 11:52 NE 16 11.2 15.2 14:30 6.1 09:00 7.1 0.0 5.2 3.3 17.3 10:09 NE 17 10.7 13.3 13:08 9.6 09:00 7.6 0.0 1.6 4.5 26.6 12:21 W 18 12.5 15.0 13:50 10.8 04:51 5.8 0.0 0.5 1.7 27.4 13:30 SW 19 13.2 15.3 12:58 10.9 06:49 5.1 0.0 0.5 5.5 26.6 17:26 NNE 20 13.1 15.5 12:32 8.7 05:38 5.2 0.0 11.4 9.7 37.8 23:58 NNE 21 8.8 11.0 12:55 7.4 06:31 9.5 0.0 5.2 5.3 32.4 13:14 NW 22 10.8 12.1 23:05 8.6 09:00 7.5 0.0 2.6 3.4 21.6 13:56 NW 23 12.1 14.4 14:28 9.6 09:00 6.2 0.0 0.5 1.7 22.3 15:07 WNW 24 13.5 16.5 14:20 10.9 06:37 4.8 0.0 0.0 3.2 11.9 16:24 NNE 25 12.2 15.8 14:04 9.4 05:00 6.1 0.0 0.0 5.3 21.6 02:19 NE 26 12.9 16.5 13:46 8.8 07:31 5.4 0.0 0.0 6.2 29.2 10:23 NNE 27 10.8 15.5 14:35 6.4 06:41 7.5 0.0 0.0 0.8 8.6 11:16 NE 28 8.8 14.9 15:02 4.4 03:34 9.5 0.0 0.0 0.7 7.6 14:43 NNE 29 10.1 16.4 14:25 5.8 09:00 8.2 0.0 0.0 1.6 16.6 15:16 NE 30 11.7 16.6 13:48 7.4 05:39 6.6 0.0 0.0 4.2 26.3 11:16 NE ---------------------------------------------------------------------------------- 10.8 18.6 2 3.9 15 224.4 0.0 54.9 3.3 40.3 8 N Max >= 27.0: 0 Max <= 0.0: 0 Min <= 0.0: 0 Min <= -18.0: 0 Max Rain: 17.1 on day 7 Days of Rain: 15 (>= 0.2 mm) 7 (>= 2.0 mm) 0 (>= 20.0 mm) Heat Base: 18.3 Cool Base: 18.3 Method: Integration |