NOAA-Style Climate Reports
Select a Year or Month report
Report for 2011 Jul Monthly Climatological Summary for Jul 2011 Name: North Bayswater Weather City: State: Elevation: 114 m Lat: S 37° 49' 25" Lon: E 145° 17' 47" Temperature (°C), Rain (mm), Wind Speed (km/h) Heat Cool Avg Mean Deg Deg Wind Dom Day Temp High Time Low Time Days Days Rain Speed High Time Dir ---------------------------------------------------------------------------------- 1 11.2 16.4 13:56 8.3 03:13 7.1 0.0 0.0 5.5 21.2 12:41 NE 2 13.6 16.0 14:45 9.3 09:00 4.7 0.0 0.0 9.2 39.6 23:15 NE 3 11.0 13.8 09:04 9.0 06:25 7.3 0.0 7.8 9.3 32.0 13:01 NNE 4 10.6 13.5 14:14 8.6 06:25 7.7 0.0 0.0 7.4 37.4 15:18 N 5 9.7 11.3 13:51 9.1 06:36 8.6 0.0 3.6 5.9 27.7 16:51 WNW 6 9.7 13.3 14:05 6.9 06:31 8.6 0.0 16.6 5.0 27.7 11:29 NNW 7 8.7 9.6 16:13 7.3 09:00 9.6 0.0 3.6 2.1 13.7 07:23 WSW 8 9.5 10.9 14:45 8.1 08:20 8.8 0.0 0.5 3.3 23.8 17:06 NNW 9 9.7 14.0 13:45 7.5 02:57 8.6 0.0 0.0 3.0 26.3 13:24 WNW 10 8.9 12.1 11:49 7.4 23:06 9.4 0.0 5.2 5.6 30.6 14:46 NW 11 10.5 12.1 13:18 8.5 09:07 7.8 0.0 0.5 3.0 22.3 13:18 WSW 12 11.1 12.7 15:28 9.6 05:06 7.2 0.0 0.5 2.7 19.1 13:09 NW 13 9.8 12.7 13:32 8.4 02:28 8.5 0.0 5.7 3.4 25.2 13:43 WSW 14 8.4 12.1 15:01 5.3 06:22 9.9 0.0 1.0 0.9 14.4 14:49 SSW 15 7.0 13.1 14:44 2.6 07:28 11.3 0.0 0.5 1.0 9.0 13:42 NNE 16 10.5 14.8 13:53 4.2 09:00 7.8 0.0 0.0 1.9 25.6 02:49 NE 17 11.5 14.1 13:19 9.3 07:40 6.8 0.0 14.0 8.7 34.2 12:28 NNE 18 10.2 11.4 08:57 9.6 09:00 8.1 0.0 2.1 1.5 11.2 14:15 NNE 19 11.4 14.1 14:21 9.6 03:04 6.9 0.0 2.6 2.6 23.4 14:36 SSW 20 10.1 12.9 10:34 8.2 01:02 8.2 0.0 0.0 3.4 17.3 00:29 SSW 21 10.8 12.9 14:29 8.3 06:33 0.1 0.0 0.5 4.5 17.3 22:03 ENE 22 9.5 15.8 13:37 3.9 03:30 8.8 0.0 0.0 1.7 14.0 09:18 E 23 10.2 13.3 15:30 7.1 09:15 8.1 0.0 4.1 1.1 11.9 05:23 NE 24 10.1 11.8 15:21 8.9 09:00 8.2 0.0 2.6 4.4 18.7 12:36 NE 25 10.5 12.6 16:18 7.9 02:37 7.7 0.0 4.7 1.2 6.5 13:39 NNW 26 8.0 12.8 14:54 4.8 06:45 10.3 0.0 1.0 1.3 15.1 11:39 WSW 27 8.9 13.4 14:26 5.6 09:00 9.3 0.0 0.0 2.8 26.3 16:00 NE 28 10.8 15.1 14:23 8.1 04:42 7.5 0.0 0.0 8.1 33.8 13:42 NE 29 13.0 16.6 15:01 9.4 09:00 5.3 0.0 0.0 8.0 46.1 12:37 NE 30 13.0 15.5 14:34 10.5 07:30 5.3 0.0 1.0 9.6 33.1 09:13 NE 31 13.9 18.4 13:47 10.5 02:53 4.4 0.0 0.0 5.4 20.5 08:08 NE ---------------------------------------------------------------------------------- 10.4 18.4 31 2.6 15 237.9 0.0 78.1 4.3 46.1 29 NNE Max >= 27.0: 0 Max <= 0.0: 0 Min <= 0.0: 0 Min <= -18.0: 0 Max Rain: 16.6 on day 6 Days of Rain: 20 (>= 0.2 mm) 12 (>= 2.0 mm) 0 (>= 20.0 mm) Heat Base: 18.3 Cool Base: 18.3 Method: Integration |