NOAA-Style Climate Reports
Select a Year or Month report
Report for 2011 Aug Monthly Climatological Summary for Aug 2011 Name: North Bayswater Weather City: State: Elevation: 114 m Lat: S 37° 49' 25" Lon: E 145° 17' 47" Temperature (°C), Rain (mm), Wind Speed (km/h) Heat Cool Avg Mean Deg Deg Wind Dom Day Temp High Time Low Time Days Days Rain Speed High Time Dir ---------------------------------------------------------------------------------- 1 15.0 18.1 11:42 11.6 03:33 3.3 0.0 1.6 5.5 29.2 09:18 NE 2 15.2 20.4 13:15 10.1 05:12 3.4 0.3 0.0 6.9 27.4 14:28 NE 3 18.7 22.5 13:35 14.6 09:00 0.5 0.9 0.0 7.5 37.4 15:00 NE 4 15.9 21.3 12:12 9.9 04:41 3.0 0.6 0.5 4.1 28.4 08:00 NNE 5 13.8 19.1 12:51 10.7 04:55 4.6 0.0 0.0 3.9 23.0 09:20 N 6 9.8 15.4 14:12 5.6 06:57 8.5 0.0 18.7 1.6 16.6 14:02 NE 7 9.9 13.2 14:49 7.3 09:00 8.4 0.0 0.0 1.5 14.8 14:31 NE 8 10.0 12.8 13:16 7.5 23:05 8.3 0.0 1.0 0.9 15.5 13:11 SSE 9 10.0 12.3 13:00 6.5 06:11 8.3 0.0 1.0 2.6 11.9 16:04 NE 10 11.0 11.9 20:58 9.3 09:00 7.3 0.0 8.3 2.0 19.8 01:39 SSW 11 10.5 15.8 13:37 5.4 04:53 7.8 0.0 0.0 3.0 17.6 11:43 SSE 12 7.5 12.8 14:27 3.5 03:03 10.8 0.0 0.0 1.1 13.3 16:14 NNE 13 10.9 14.3 14:29 6.3 09:00 7.4 0.0 0.0 1.0 10.1 13:10 NE 14 11.9 17.4 14:39 7.9 02:15 6.4 0.0 0.0 1.2 14.0 08:13 NNE 15 12.5 15.1 14:09 11.5 09:00 5.9 0.0 2.6 5.5 28.1 20:54 NE 16 15.5 19.5 15:10 12.8 09:00 2.9 0.1 0.5 9.3 33.8 04:14 NE 17 11.8 15.2 10:37 8.1 05:47 6.5 0.0 6.2 8.0 40.0 11:21 NE 18 11.8 13.6 14:57 10.2 09:00 6.4 0.0 1.6 2.4 17.6 14:57 NE 19 13.3 17.9 14:48 7.9 07:15 5.0 0.0 0.0 1.9 16.9 14:44 SSW 20 11.3 17.9 14:19 6.1 05:53 7.0 0.0 0.0 1.1 9.4 12:04 NNE 21 11.3 18.1 13:23 5.3 06:50 7.0 0.0 0.0 1.3 9.7 10:46 NNE 22 12.0 18.4 15:26 6.8 03:40 6.3 0.0 0.0 1.4 10.1 13:37 NE 23 12.6 19.0 15:18 7.3 04:03 5.8 0.1 0.0 3.5 24.5 10:10 NNE 24 14.1 19.1 14:50 10.9 05:30 4.2 0.1 0.0 4.6 32.8 08:00 NE 25 12.0 20.9 12:33 5.5 06:54 6.5 0.2 0.0 7.2 24.8 13:33 NNW 26 11.4 14.4 11:15 8.9 09:00 6.1 0.0 0.0 1.4 20.2 16:02 ENE 27 11.4 17.2 14:38 6.7 03:20 6.9 0.0 0.0 2.3 13.7 11:31 NW 28 13.9 18.3 12:45 10.8 09:00 4.4 0.0 0.0 5.2 28.8 22:45 N 29 10.0 14.5 12:40 4.5 06:18 8.3 0.0 0.5 3.7 25.6 10:46 SW 30 11.7 14.2 14:43 8.5 09:00 6.6 0.0 0.0 1.7 92.2 09:13 SSW 31 12.2 15.1 14:48 9.9 02:27 6.1 0.0 0.0 1.6 11.9 16:20 N ---------------------------------------------------------------------------------- 12.2 22.5 3 3.5 12 189.9 2.3 42.5 3.4 92.2 30 NE Max >= 27.0: 0 Max <= 0.0: 0 Min <= 0.0: 0 Min <= -18.0: 0 Max Rain: 18.7 on day 6 Days of Rain: 11 (>= 0.2 mm) 4 (>= 2.0 mm) 0 (>= 20.0 mm) Heat Base: 18.3 Cool Base: 18.3 Method: Integration |