NOAA-Style Climate Reports
Select a Year or Month report
Report for 2011 Sep Monthly Climatological Summary for Sep 2011 Name: North Bayswater Weather City: State: Elevation: 114 m Lat: S 37° 49' 25" Lon: E 145° 17' 47" Temperature (°C), Rain (mm), Wind Speed (km/h) Heat Cool Avg Mean Deg Deg Wind Dom Day Temp High Time Low Time Days Days Rain Speed High Time Dir ---------------------------------------------------------------------------------- 1 12.5 18.1 14:59 8.1 06:26 6.6 0.0 0.0 1.5 14.8 15:16 SSW 2 14.9 21.2 15:20 8.1 06:30 4.0 0.5 0.0 4.5 35.6 08:02 NE 3 18.8 21.8 13:25 16.2 09:00 0.3 0.8 0.0 12.0 41.0 00:53 NE 4 15.2 21.5 12:09 8.9 06:23 3.6 0.5 0.0 8.4 23.0 10:24 N 5 17.0 22.3 15:10 13.2 09:00 2.0 0.7 0.0 3.2 31.3 08:54 NE 6 9.7 16.2 09:54 5.2 05:27 8.6 0.0 1.0 4.6 31.3 09:00 NW 7 9.9 14.8 11:26 5.2 04:22 8.4 0.0 0.0 2.4 37.1 10:06 SSW 8 10.4 15.4 13:54 5.9 01:25 7.8 0.0 9.3 1.8 13.7 14:00 SW 9 9.8 12.4 14:42 8.1 21:19 8.5 0.0 5.2 3.3 39.2 15:44 SW 10 11.1 14.0 14:19 9.3 06:14 7.2 0.0 5.7 7.3 38.2 11:27 SW 11 10.7 13.3 11:44 9.1 06:23 7.6 0.0 3.1 4.4 33.1 11:08 SW 12 11.8 14.2 14:06 10.4 02:54 6.4 0.0 0.0 1.8 13.7 07:48 NNW 13 14.1 18.6 15:26 11.4 02:43 4.2 0.0 0.0 6.9 29.5 12:20 NNE 14 10.7 16.9 12:23 4.9 04:14 7.5 0.0 0.0 4.5 26.6 14:49 SW 15 12.6 16.4 12:52 8.3 23:41 5.7 0.0 0.0 1.5 25.9 07:37 NNE 16 14.1 21.6 12:43 7.6 04:36 4.7 0.5 0.0 5.5 27.7 15:00 W 17 18.1 23.8 16:32 12.3 03:50 1.7 1.6 0.0 5.8 40.0 13:21 NE 18 17.1 19.9 15:03 10.4 06:13 0.6 0.2 0.0 2.4 33.5 08:07 ENE 19 19.5 27.6 14:59 10.8 04:57 2.5 3.8 5.7 12.5 41.8 09:43 NNE 20 12.0 15.8 14:44 8.9 02:11 6.3 0.0 1.6 3.3 28.1 11:25 WSW 21 14.6 19.6 16:11 11.6 01:30 3.7 0.1 0.0 3.0 26.6 08:15 NNE 22 18.5 23.5 14:28 11.4 06:50 1.6 1.8 0.0 10.6 39.6 02:00 NNE 23 11.1 15.6 15:08 6.5 02:44 7.2 0.0 0.0 6.1 29.9 12:15 SW 24 11.5 15.3 13:42 8.7 06:57 6.8 0.0 0.0 3.6 24.1 12:37 S 25 13.0 19.6 14:50 6.5 04:11 5.5 0.2 0.0 2.7 14.8 08:52 E 26 15.8 21.6 14:11 10.8 23:40 3.1 0.6 0.0 3.5 31.3 07:12 NE 27 18.2 22.1 08:55 15.1 11:35 0.5 0.4 0.5 9.7 40.0 15:07 NE 28 15.5 22.4 09:12 11.9 03:19 3.3 0.5 29.0 8.6 34.6 09:40 NE 29 11.1 14.4 13:09 9.1 03:33 7.2 0.0 27.4 5.3 37.8 18:21 WSW 30 11.8 15.9 12:37 9.5 05:50 6.4 0.0 10.4 2.1 14.4 09:00 WSW ---------------------------------------------------------------------------------- 13.7 27.6 19 4.9 14 149.5 12.2 98.9 5.1 41.8 19 N Max >= 27.0: 1 Max <= 0.0: 0 Min <= 0.0: 0 Min <= -18.0: 0 Max Rain: 29.0 on day 28 Days of Rain: 11 (>= 0.2 mm) 8 (>= 2.0 mm) 2 (>= 20.0 mm) Heat Base: 18.3 Cool Base: 18.3 Method: Integration |