NOAA-Style Climate Reports
Select a Year or Month report
Report for 2012 Jul Monthly Climatological Summary for Jul 2012 Name: North Bayswater Weather City: State: Elevation: 114 m Lat: S 37° 49' 25" Lon: E 145° 17' 47" Temperature (°C), Rain (mm), Wind Speed (km/h) Heat Cool Avg Mean Deg Deg Wind Dom Day Temp High Time Low Time Days Days Rain Speed High Time Dir ---------------------------------------------------------------------------------- 1 9.1 10.1 11:25 7.9 17:06 9.2 0.0 31.6 3.1 22.7 13:28 WNW 2 10.0 10.9 14:15 9.0 09:00 8.3 0.0 12.9 4.7 29.2 13:28 WSW 3 10.5 13.3 14:11 8.9 01:23 7.8 0.0 2.1 0.9 15.5 14:02 SW 4 8.5 12.4 12:42 4.9 01:14 9.8 0.0 2.1 0.5 9.0 12:04 SSW 5 7.9 12.3 15:06 5.3 02:55 10.4 0.0 0.0 0.6 6.8 13:59 ENE 6 7.0 12.2 14:18 2.2 06:47 11.3 0.0 0.0 0.7 6.5 14:22 E 7 6.4 12.9 14:30 2.1 07:40 11.9 0.0 0.0 1.8 11.5 13:39 NE 8 10.2 13.9 15:42 3.3 09:00 8.1 0.0 0.0 3.6 16.9 12:57 NE 9 12.3 16.8 14:31 10.1 00:52 6.0 0.0 0.0 5.6 24.8 13:01 NE 10 12.4 14.5 15:05 10.8 09:00 5.9 0.0 3.6 4.7 37.8 20:57 NE 11 12.8 15.7 14:14 11.4 05:59 5.5 0.0 0.0 5.7 24.1 06:57 NE 12 11.8 14.1 12:07 10.7 05:32 6.5 0.0 9.3 3.8 19.1 11:18 ENE 13 11.9 13.6 15:36 9.9 08:04 6.4 0.0 2.1 0.6 7.2 22:55 ENE 14 10.2 13.9 11:31 7.3 06:42 8.1 0.0 5.7 3.6 25.2 12:31 NNE 15 11.8 15.1 11:00 8.0 09:00 6.7 0.0 1.0 4.7 25.9 12:52 NNE 16 13.2 16.3 14:59 11.4 08:22 5.1 0.0 0.0 3.3 16.6 16:12 NNE 17 12.6 16.4 12:48 9.6 08:54 5.7 0.0 2.1 7.0 33.8 12:24 NNE 18 8.2 13.4 12:54 3.9 06:56 10.1 0.0 0.5 3.5 28.8 14:48 WNW 19 11.2 13.7 13:32 5.7 09:00 7.1 0.0 0.0 2.6 15.5 18:02 NNE 20 11.2 14.4 15:02 9.0 07:38 7.1 0.0 0.5 2.2 8.6 11:10 E 21 11.7 15.3 14:21 9.3 09:00 6.6 0.0 0.0 0.7 9.7 11:49 WSW 22 9.4 15.3 15:12 4.1 06:29 8.9 0.0 0.0 0.7 10.1 15:16 WSW 23 9.8 15.4 14:26 5.6 09:00 8.5 0.0 0.0 1.4 13.7 15:35 NE 24 10.9 14.9 13:13 7.6 04:49 7.4 0.0 0.0 2.8 18.7 13:49 NE 25 12.2 15.9 13:04 9.2 05:25 6.1 0.0 4.1 5.2 37.4 12:51 NE 26 10.9 13.3 12:25 9.9 05:02 7.4 0.0 3.6 9.3 36.0 14:47 NE 27 10.8 13.6 12:21 8.9 04:06 7.5 0.0 2.6 2.5 12.2 11:25 E 28 10.0 14.1 14:29 7.6 02:34 8.3 0.0 7.3 2.0 15.5 15:32 WSW 29 8.9 11.9 14:41 6.4 05:23 9.4 0.0 5.2 1.6 13.7 15:00 WSW 30 9.6 12.9 14:49 5.3 06:53 8.6 0.0 2.1 1.3 27.7 12:45 SSW 31 7.5 12.7 12:46 3.3 05:55 10.8 0.0 0.5 0.8 9.0 12:55 ESE ---------------------------------------------------------------------------------- 10.4 16.8 9 2.1 7 246.5 0.0 98.9 2.9 37.8 10 NE Max >= 27.0: 0 Max <= 0.0: 0 Min <= 0.0: 0 Min <= -18.0: 0 Max Rain: 31.6 on day 1 Days of Rain: 19 (>= 0.2 mm) 15 (>= 2.0 mm) 1 (>= 20.0 mm) Heat Base: 18.3 Cool Base: 18.3 Method: Integration |