NOAA-Style Climate Reports
Select a Year or Month report
Report for 2012 Aug Monthly Climatological Summary for Aug 2012 Name: North Bayswater Weather City: State: Elevation: 114 m Lat: S 37° 49' 25" Lon: E 145° 17' 47" Temperature (°C), Rain (mm), Wind Speed (km/h) Heat Cool Avg Mean Deg Deg Wind Dom Day Temp High Time Low Time Days Days Rain Speed High Time Dir ---------------------------------------------------------------------------------- 1 7.2 12.7 15:05 3.6 03:13 11.1 0.0 0.0 0.5 5.8 14:48 ENE 2 9.7 12.0 15:37 3.6 09:00 8.6 0.0 0.0 5.4 25.6 11:15 NE 3 11.8 15.9 14:36 9.3 09:00 6.5 0.0 0.5 5.1 18.4 14:47 NNE 4 12.2 15.3 13:23 10.0 01:10 6.1 0.0 0.0 3.7 31.7 05:10 NNE 5 10.1 16.5 13:27 10.0 01:11 8.2 0.0 5.2 7.7 34.6 17:05 NW 6 9.3 12.8 14:41 6.2 03:11 9.0 0.0 0.0 3.6 29.9 12:20 WSW 7 11.9 15.3 14:49 9.1 09:00 6.4 0.0 0.0 6.6 42.5 08:44 NE 8 9.5 11.9 10:43 8.1 06:39 8.8 0.0 12.9 9.2 34.6 10:38 NE 9 8.9 10.4 14:22 7.3 11:09 9.4 0.0 16.1 5.0 33.1 15:20 SW 10 10.5 12.3 12:48 9.5 04:02 7.8 0.0 4.1 2.7 27.4 10:39 SW 11 9.9 13.9 14:39 6.3 05:00 8.5 0.0 0.0 2.5 18.4 13:07 SSW 12 9.5 13.5 12:50 5.3 06:23 8.8 0.0 0.0 1.0 7.9 12:22 SSE 13 11.9 16.2 14:04 5.3 06:24 6.4 0.0 0.0 4.6 29.2 03:48 NE 14 9.9 14.4 11:44 5.5 04:24 8.4 0.0 8.8 6.0 19.4 09:18 NNE 15 10.5 14.9 13:54 7.6 03:35 7.8 0.0 1.6 3.2 22.3 13:54 N 16 11.0 15.0 15:20 8.8 07:10 7.3 0.0 2.6 6.5 41.4 22:07 NE 17 9.9 11.3 15:14 8.7 00:42 8.4 0.0 4.7 4.4 15.1 05:48 NE 18 9.9 11.6 10:35 8.5 06:25 8.4 0.0 8.3 5.3 29.2 14:20 SW 19 10.7 13.3 14:03 8.5 06:37 7.6 0.0 0.5 1.7 12.6 08:52 NE 20 10.9 14.6 13:41 8.5 03:04 7.4 0.0 0.0 5.4 20.2 12:54 NE 21 14.1 16.5 13:01 10.9 09:00 4.2 0.0 0.0 10.8 39.6 20:39 NE 22 16.2 20.7 14:25 11.8 07:08 2.3 0.2 0.0 11.0 35.6 16:25 NE 23 11.5 18.6 11:30 7.6 06:58 6.8 0.0 2.1 5.9 34.2 12:28 NNE 24 9.9 11.9 17:13 8.4 04:10 8.4 0.0 2.1 6.9 30.2 09:06 NW 25 10.9 13.6 11:29 8.1 07:40 7.4 0.0 1.0 5.1 36.0 20:38 NNW 26 10.5 14.2 12:48 5.9 03:48 7.8 0.0 0.0 3.8 33.5 11:57 W 27 11.5 15.5 14:26 9.2 06:49 6.8 0.0 0.0 5.5 35.6 08:45 NE 28 14.6 18.4 13:53 12.3 22:20 3.7 0.0 0.0 11.0 37.4 07:05 NE 29 13.8 20.1 13:24 8.1 07:02 4.4 0.2 1.5 9.0 33.8 10:52 NNW 30 9.9 13.8 14:36 7.9 04:36 8.4 0.0 9.8 6.0 31.7 15:15 W 31 8.6 13.0 12:42 4.6 02:37 9.7 0.0 0.0 3.6 26.6 11:34 SW ---------------------------------------------------------------------------------- 10.9 20.7 22 3.6 1 230.8 0.4 81.8 5.4 42.5 7 NNE Max >= 27.0: 0 Max <= 0.0: 0 Min <= 0.0: 0 Min <= -18.0: 0 Max Rain: 16.1 on day 9 Days of Rain: 16 (>= 0.2 mm) 11 (>= 2.0 mm) 0 (>= 20.0 mm) Heat Base: 18.3 Cool Base: 18.3 Method: Integration |