NOAA-Style Climate Reports
Select a Year or Month report
Report for 2012 Dec Monthly Climatological Summary for Dec 2012 Name: North Bayswater Weather City: State: Elevation: 114 m Lat: S 37° 49' 25" Lon: E 145° 17' 47" Temperature (°C), Rain (mm), Wind Speed (km/h) Heat Cool Avg Mean Deg Deg Wind Dom Day Temp High Time Low Time Days Days Rain Speed High Time Dir ---------------------------------------------------------------------------------- 1 19.7 28.4 15:10 12.6 05:18 1.4 2.8 1.5 3.5 15.8 17:53 WSW 2 17.4 21.9 16:24 13.3 03:30 1.8 0.9 0.0 3.0 23.4 12:00 SW 3 17.1 22.3 13:51 11.9 08:18 2.2 1.1 1.0 4.1 37.4 22:12 W 4 14.1 17.4 13:59 11.7 02:18 4.2 0.0 3.6 7.4 38.5 10:35 W 5 14.4 18.2 14:04 12.4 09:32 3.9 0.0 1.6 9.1 26.6 10:04 SW 6 16.1 20.7 17:09 12.1 05:36 2.6 0.3 1.0 1.5 14.8 11:11 SW 7 25.2 31.2 17:08 19.5 09:00 0.0 6.9 0.0 3.7 24.1 17:08 NE 8 23.4 35.6 17:16 14.9 06:06 0.8 5.9 0.0 7.9 36.7 17:46 NNE 9 16.6 21.9 14:52 12.0 05:41 2.5 0.8 0.0 6.1 32.8 12:31 SSW 10 19.0 25.2 18:31 12.1 05:33 1.7 2.4 0.0 3.8 18.7 15:53 S 11 21.8 29.9 14:13 13.9 05:12 1.0 4.4 0.0 2.4 17.3 08:53 S 12 27.6 33.9 14:57 20.4 05:11 0.0 9.3 0.0 3.8 32.0 10:31 NE 13 25.7 36.4 13:27 19.5 04:26 0.0 7.4 2.1 6.3 34.2 10:44 NNE 14 21.8 23.8 17:43 20.1 02:45 0.0 3.5 3.1 1.9 21.2 04:06 NE 15 20.0 23.9 16:36 16.4 08:59 0.4 2.2 2.1 5.6 24.1 14:12 WSW 16 16.7 22.0 17:22 10.9 05:15 2.4 0.8 1.0 4.1 25.9 14:52 WSW 17 17.1 22.9 17:28 11.1 05:36 2.3 1.2 0.0 2.7 15.8 15:53 SW 18 23.0 28.8 15:41 17.6 03:43 0.0 4.8 0.0 2.1 25.6 07:15 NE 19 22.5 29.1 18:52 15.4 06:54 0.6 4.8 5.2 5.6 22.3 09:15 NNE 20 18.6 23.8 15:09 12.8 05:46 1.4 1.7 0.0 4.4 20.9 09:52 WSW 21 18.4 25.3 15:03 10.6 06:00 2.1 2.2 0.0 3.1 25.9 15:22 SW 22 23.1 31.0 15:07 15.5 06:01 0.4 5.3 0.0 2.1 19.1 08:27 S 23 30.7 38.2 17:01 23.6 23:26 0.0 12.4 0.0 3.8 37.8 05:17 NE 24 19.4 28.3 10:18 13.1 06:30 1.5 2.6 0.0 9.4 29.2 09:00 SW 25 17.1 23.1 15:59 12.1 03:46 2.3 1.1 0.0 4.0 24.1 19:35 SSW 26 21.1 27.9 14:19 15.1 06:10 0.6 3.4 0.0 3.2 23.0 16:04 SW 27 27.3 32.1 15:02 21.1 18:44 9.0 0.0 0.0 6.2 32.4 15:25 N ---------------------------------------------------------------------------------- 20.6 38.2 23 10.6 21 45.1 88.2 22.2 4.5 38.5 4 WSW Max >= 27.0: 13 Max <= 0.0: 0 Min <= 0.0: 0 Min <= -18.0: 0 Max Rain: 5.2 on day 19 Days of Rain: 10 (>= 0.2 mm) 5 (>= 2.0 mm) 0 (>= 20.0 mm) Heat Base: 18.3 Cool Base: 18.3 Method: Integration |