NOAA-Style Climate Reports
Select a Year or Month report
Report for 2013 Mar Monthly Climatological Summary for Mar 2013 Name: North Bayswater Weather City: State: Elevation: 114 m Lat: S 37° 49' 25" Lon: E 145° 17' 47" Temperature (°C), Rain (mm), Wind Speed (km/h) Heat Cool Avg Mean Deg Deg Wind Dom Day Temp High Time Low Time Days Days Rain Speed High Time Dir ---------------------------------------------------------------------------------- 1 18.9 24.8 15:28 14.2 06:38 1.4 1.9 0.0 4.1 32.4 17:35 SE 2 20.0 27.5 15:46 11.8 07:28 1.4 3.0 0.0 4.0 22.0 17:14 SE 3 22.4 30.1 16:57 15.3 09:00 0.4 4.6 0.0 1.8 15.5 17:36 SSW 4 24.2 32.8 16:00 16.9 05:45 0.2 6.1 0.0 2.4 14.8 14:41 E 5 25.4 33.0 15:42 17.6 05:43 0.0 7.1 0.0 2.5 20.5 09:59 NE 6 26.9 33.9 15:59 20.6 05:56 0.0 8.6 0.0 3.4 23.8 10:19 NNE 7 27.4 35.3 13:57 20.7 05:35 0.0 9.1 0.0 2.6 17.3 09:19 NE 8 27.5 35.5 15:17 21.8 09:00 0.0 9.3 0.0 1.4 17.3 08:33 NE 9 28.4 35.2 14:49 21.5 07:25 0.0 10.1 0.0 4.2 29.5 09:52 NE 10 27.2 35.5 14:33 19.8 07:21 0.0 8.9 0.0 2.7 20.5 12:52 NE 11 28.5 36.4 15:42 21.9 09:00 0.0 10.2 0.0 1.8 16.6 11:57 NE 12 30.2 36.2 14:59 25.9 05:11 0.0 11.9 0.0 5.5 24.5 12:59 NE 13 21.4 27.6 09:09 16.8 05:05 0.3 3.3 0.0 7.0 22.7 11:09 SW 14 18.7 23.9 15:41 13.4 06:57 1.4 1.8 0.0 2.8 17.6 14:54 SSW 15 19.7 24.9 14:46 15.6 09:00 0.7 2.0 0.0 2.9 34.2 14:33 SSW 16 14.8 21.4 14:34 10.4 07:18 3.7 0.2 8.8 2.1 17.6 14:55 SW 17 14.7 17.8 15:52 12.2 07:43 3.6 0.0 0.0 2.9 33.1 13:46 SSW 18 15.3 21.0 15:30 9.8 05:34 3.5 0.5 0.0 1.9 13.3 13:04 SW 19 17.9 24.6 16:52 11.8 09:00 2.0 1.7 0.0 1.7 12.2 18:59 SSW 20 23.5 28.7 15:17 15.3 09:00 0.0 5.2 0.0 5.7 37.4 16:47 NE 21 18.8 22.3 15:41 14.8 05:41 0.8 1.3 1.0 13.4 41.0 14:46 NE 22 16.9 19.5 16:56 13.9 06:08 1.7 0.3 0.0 3.0 18.4 16:23 NNW 23 19.0 22.4 15:44 15.9 09:00 0.6 1.2 0.0 4.2 23.0 11:10 NNE 24 19.6 26.4 15:21 12.8 07:01 1.3 2.6 0.0 5.8 24.1 12:54 WNW 25 19.6 24.8 16:33 14.3 09:00 0.6 1.9 0.0 1.4 13.3 18:58 W 26 25.2 31.1 15:47 17.1 09:00 0.0 6.9 0.0 3.9 32.4 08:50 NE 27 26.0 34.6 14:15 16.4 07:58 0.2 7.9 19.2 9.9 43.6 20:07 NNE 28 14.3 19.0 14:54 9.8 06:26 4.1 0.0 0.5 4.5 31.7 15:20 W 29 14.7 18.1 14:41 11.1 02:57 3.6 0.0 0.0 1.9 11.5 11:43 NNE 30 18.9 20.9 15:48 13.9 09:00 0.6 0.0 0.0 3.1 15.8 15:35 NNE 31 14.7 20.9 15:47 8.9 07:37 4.2 0.4 3.1 1.3 15.8 15:34 NNE ---------------------------------------------------------------------------------- 21.3 36.4 11 8.9 31 36.3 128.0 32.6 3.8 43.6 27 NE Max >= 27.0: 15 Max <= 0.0: 0 Min <= 0.0: 0 Min <= -18.0: 0 Max Rain: 19.2 on day 27 Days of Rain: 5 (>= 0.2 mm) 3 (>= 2.0 mm) 0 (>= 20.0 mm) Heat Base: 18.3 Cool Base: 18.3 Method: Integration |