NOAA-Style Climate Reports
Select a Year or Month report
Report for 2013 Aug Monthly Climatological Summary for Aug 2013 Name: North Bayswater Weather City: State: Elevation: 114 m Lat: S 37° 49' 25" Lon: E 145° 17' 47" Temperature (°C), Rain (mm), Wind Speed (km/h) Heat Cool Avg Mean Deg Deg Wind Dom Day Temp High Time Low Time Days Days Rain Speed High Time Dir ---------------------------------------------------------------------------------- 1 10.5 14.0 15:29 7.9 09:00 7.8 0.0 0.0 5.1 22.0 13:30 NE 2 9.3 13.2 10:39 6.9 05:37 9.0 0.0 6.2 6.9 32.0 16:37 N 3 9.3 12.4 11:58 6.9 03:56 9.0 0.0 13.5 4.7 28.1 12:02 NNE 4 11.3 13.6 13:45 8.5 09:00 7.0 0.0 2.6 3.3 23.0 11:30 NNW 5 12.6 14.5 03:04 9.9 07:04 5.7 0.0 7.3 6.5 41.4 01:32 NNE 6 10.6 14.8 14:30 5.3 07:08 7.7 0.0 0.5 5.8 31.7 12:58 W 7 10.1 14.4 14:02 7.9 05:12 8.2 0.0 15.5 2.3 18.0 14:19 NW 8 9.8 14.1 14:57 7.5 20:18 8.5 0.0 5.7 1.7 26.6 04:35 NE 9 9.6 10.8 21:00 8.1 09:00 8.7 0.0 3.6 9.1 38.2 10:39 NE 10 11.7 16.6 15:37 8.4 01:43 6.6 0.0 0.0 2.9 19.4 15:17 NNW 11 13.0 16.6 14:49 10.4 09:00 5.3 0.0 0.0 6.7 33.5 12:19 NE 12 10.0 12.9 09:33 8.4 19:58 8.3 0.0 3.6 8.3 43.9 13:03 WNW 13 12.8 15.3 14:22 9.6 09:00 5.5 0.0 0.0 7.8 36.0 15:22 NNE 14 9.7 13.5 12:10 6.5 05:02 8.6 0.0 2.6 7.2 31.7 18:08 NW 15 11.7 16.1 15:12 9.4 01:31 6.6 0.0 0.0 3.2 36.0 05:50 NE 16 13.0 16.9 14:03 9.1 07:20 5.3 0.0 0.5 16.0 42.5 12:19 NNE 17 12.3 15.5 13:52 10.1 23:11 6.0 0.0 0.0 7.9 40.0 04:24 NNE 18 11.5 16.7 14:48 7.1 05:13 6.8 0.0 0.5 10.2 38.5 14:48 NNW 19 8.0 11.3 11:25 4.3 06:20 10.3 0.0 1.0 5.4 25.9 14:12 W 20 9.0 11.5 14:05 6.8 09:00 9.3 0.0 1.0 3.5 27.7 11:52 W 21 11.1 14.1 13:17 8.9 09:00 7.2 0.0 0.0 5.2 24.1 13:19 N 22 11.7 14.7 15:19 10.2 05:17 6.6 0.0 9.8 5.5 31.3 12:45 NW 23 11.9 13.3 15:25 10.9 09:00 6.4 0.0 1.6 4.7 35.6 13:47 W 24 12.8 15.3 14:52 11.4 23:33 5.5 0.0 0.0 1.6 18.7 07:58 N 25 13.4 16.3 14:41 9.9 05:49 4.9 0.0 0.0 4.0 18.4 11:41 N 26 13.0 18.7 12:12 8.1 05:46 5.3 0.0 0.0 2.1 19.1 11:25 N 27 14.5 19.6 15:46 9.6 05:56 3.9 0.2 0.0 4.4 23.4 10:29 NE 28 17.4 22.3 13:56 12.4 09:00 1.6 0.7 0.0 3.4 21.6 21:28 NE 29 16.9 22.2 15:40 14.4 20:06 2.1 0.7 4.7 7.8 31.7 00:57 NNE 30 14.6 18.7 15:07 9.6 06:54 3.7 0.0 1.5 6.8 29.2 12:33 N 31 17.3 22.1 14:06 13.6 09:00 1.8 0.8 0.0 4.5 28.8 08:55 NE ---------------------------------------------------------------------------------- 11.9 22.3 28 4.3 19 199.2 2.4 81.7 5.6 43.9 12 N Max >= 27.0: 0 Max <= 0.0: 0 Min <= 0.0: 0 Min <= -18.0: 0 Max Rain: 15.5 on day 7 Days of Rain: 18 (>= 0.2 mm) 11 (>= 2.0 mm) 0 (>= 20.0 mm) Heat Base: 18.3 Cool Base: 18.3 Method: Integration |