NOAA-Style Climate Reports
Select a Year or Month report
Report for 2013 Sep Monthly Climatological Summary for Sep 2013 Name: North Bayswater Weather City: State: Elevation: 114 m Lat: S 37° 49' 25" Lon: E 145° 17' 47" Temperature (°C), Rain (mm), Wind Speed (km/h) Heat Cool Avg Mean Deg Deg Wind Dom Day Temp High Time Low Time Days Days Rain Speed High Time Dir ---------------------------------------------------------------------------------- 1 18.6 24.4 14:24 12.4 06:42 1.4 1.7 0.0 11.4 40.3 15:55 NE 2 16.0 22.9 14:35 10.1 04:19 3.4 1.1 0.0 1.3 10.4 13:29 WSW 3 18.5 24.7 16:23 13.6 09:00 1.4 1.6 0.0 0.7 32.8 08:42 NE 4 21.9 25.7 13:53 19.1 07:11 0.0 3.6 0.0 9.4 40.3 01:53 NE 5 15.3 20.1 09:34 12.2 04:57 3.2 0.2 3.6 3.9 13.0 09:30 S 6 12.5 15.4 15:36 7.8 06:16 5.8 0.0 0.0 1.1 16.2 15:53 NE 7 11.5 18.1 13:50 7.3 05:51 6.9 0.0 0.0 2.3 24.5 12:39 WSW 8 14.7 17.7 16:04 10.6 09:00 3.6 0.0 0.0 1.3 36.0 03:55 NE 9 17.9 22.8 15:14 12.9 06:17 1.5 1.2 0.0 11.2 33.8 16:46 N 10 12.5 16.3 14:38 10.4 05:38 5.8 0.0 1.0 5.5 30.2 15:36 W 11 12.4 16.7 13:40 8.0 06:15 5.9 0.0 4.7 4.2 32.0 09:57 WSW 12 9.4 14.6 15:07 3.8 05:47 8.9 0.0 0.0 2.4 14.8 13:32 SSE 13 12.6 15.9 11:59 8.5 09:00 5.7 0.0 0.0 2.5 16.9 12:06 NNE 14 13.9 18.9 12:34 9.6 06:17 4.4 0.0 0.0 0.7 11.2 08:51 ENE 15 16.8 22.1 15:25 13.3 04:42 2.4 0.9 3.1 3.0 20.9 08:35 NE 16 14.3 17.4 12:52 13.0 03:49 4.0 0.0 16.6 3.4 22.3 09:33 ENE 17 15.4 18.7 14:30 13.1 22:25 2.9 0.0 0.0 1.0 13.7 12:10 SW 18 13.3 19.4 11:46 10.1 23:33 5.1 0.1 13.5 4.2 27.7 12:12 NW 19 12.1 14.6 16:33 9.9 05:40 6.2 0.0 3.6 4.9 16.2 13:29 N 20 10.7 16.1 14:36 5.3 05:48 7.6 0.0 3.1 3.2 24.5 11:10 WSW 21 14.6 19.1 15:41 10.9 09:00 3.7 0.1 0.5 3.2 19.8 12:14 NE 22 14.9 21.5 15:36 8.7 05:18 4.0 0.6 0.0 3.4 18.4 08:48 NE 23 19.4 24.3 13:39 13.4 07:00 0.8 1.9 0.0 8.2 38.9 13:20 NE 24 19.5 24.5 14:06 15.9 05:03 0.5 1.7 0.0 5.3 29.9 13:38 NNE 25 17.6 23.2 12:26 11.3 08:20 2.2 1.5 19.7 4.7 25.6 11:45 WNW 26 10.0 14.4 16:18 4.9 05:07 8.3 0.0 2.6 7.4 42.1 12:30 W 27 14.3 20.8 14:07 8.4 04:02 4.3 0.3 3.1 6.8 31.7 12:24 NNE 28 10.7 15.8 11:51 6.2 02:53 7.6 0.0 1.6 6.4 40.3 09:58 W 29 17.7 21.2 14:41 13.3 09:00 1.1 0.5 0.0 7.0 34.9 05:18 NE 30 19.3 22.9 16:01 12.1 08:29 0.6 1.6 3.6 12.5 40.3 05:37 N ---------------------------------------------------------------------------------- 14.9 25.7 4 3.8 12 119.2 18.6 80.3 4.8 42.1 26 N Max >= 27.0: 0 Max <= 0.0: 0 Min <= 0.0: 0 Min <= -18.0: 0 Max Rain: 19.7 on day 25 Days of Rain: 14 (>= 0.2 mm) 11 (>= 2.0 mm) 0 (>= 20.0 mm) Heat Base: 18.3 Cool Base: 18.3 Method: Integration |