NOAA-Style Climate Reports
Select a Year or Month report
Report for 2013 Nov Monthly Climatological Summary for Nov 2013 Name: North Bayswater Weather City: State: Elevation: 114 m Lat: S 37° 49' 25" Lon: E 145° 17' 47" Temperature (°C), Rain (mm), Wind Speed (km/h) Heat Cool Avg Mean Deg Deg Wind Dom Day Temp High Time Low Time Days Days Rain Speed High Time Dir ---------------------------------------------------------------------------------- 1 18.2 26.3 15:52 12.4 05:45 2.1 2.0 0.0 2.0 48.2 15:18 SW 2 20.3 27.9 14:32 13.0 06:16 1.6 3.6 0.0 2.8 52.6 10:51 WSW 3 12.2 16.9 13:29 7.0 03:36 6.2 0.0 0.5 8.5 40.0 12:25 SW 4 12.3 18.3 13:59 6.1 06:09 6.0 0.0 0.0 2.6 20.2 11:42 SSW 5 18.0 26.3 16:49 10.8 05:46 2.6 2.2 0.0 1.6 30.2 08:59 NE 6 24.8 31.2 16:03 20.1 01:53 0.0 6.5 0.0 6.3 33.8 10:06 NE 7 19.9 29.8 12:48 14.7 05:33 1.3 3.0 0.0 7.6 50.4 12:33 SW 8 14.6 20.1 17:11 10.7 06:15 3.8 0.1 9.3 4.4 19.4 18:04 WSW 9 12.2 16.5 14:55 9.3 06:57 6.1 0.0 3.6 4.7 34.2 14:59 SW 10 13.6 18.3 15:03 9.8 04:50 4.7 0.0 0.0 3.5 25.6 13:14 S 11 14.8 19.6 13:45 12.5 02:36 3.7 0.1 0.0 4.8 32.4 07:41 SE 12 12.8 17.1 14:26 10.1 05:18 5.5 0.0 19.7 5.2 37.4 17:52 SW 13 12.2 13.2 06:07 10.6 09:00 6.1 0.0 20.2 4.3 19.8 15:06 W 14 12.9 15.0 12:03 11.1 05:41 5.4 0.0 1.0 4.3 22.3 12:14 WSW 15 13.5 17.8 13:51 9.8 04:44 4.8 0.0 0.0 2.2 15.8 07:57 SSW 16 15.2 21.5 14:37 8.4 05:13 3.7 0.6 0.0 2.7 16.6 16:18 SSW 17 16.2 23.3 16:41 10.6 02:58 3.1 1.0 0.0 2.4 17.6 17:15 SW 18 20.9 27.9 15:48 14.4 05:49 0.9 3.5 0.0 1.8 27.7 08:58 WSW 19 21.3 32.3 14:10 14.1 06:29 1.2 4.2 0.0 4.6 28.1 09:08 SW 20 16.0 21.6 15:07 12.9 05:38 2.6 0.3 0.0 3.6 22.3 14:35 SW 21 18.7 25.9 14:23 14.2 09:00 1.6 2.0 0.0 3.4 29.2 13:47 W 22 17.7 23.6 15:31 14.0 06:34 1.8 1.2 1.0 3.3 27.0 17:30 W 23 16.0 20.3 15:06 12.9 05:12 2.6 0.3 6.2 3.4 25.6 17:47 WSW 24 15.6 19.6 12:09 13.1 02:56 2.8 0.1 0.5 3.5 17.3 17:35 SSW 25 16.8 24.1 16:28 8.9 05:51 3.2 1.7 0.0 3.9 28.8 18:47 SE 26 21.7 29.3 15:54 13.9 05:38 0.9 4.3 0.0 1.9 15.5 10:05 NE 27 27.6 33.5 15:46 23.1 09:00 0.0 9.3 0.0 3.7 21.2 07:02 NE 28 16.3 24.7 09:00 12.5 04:09 2.7 0.7 9.8 4.5 21.6 11:21 WSW 29 14.1 18.4 13:00 11.8 06:02 4.2 0.0 0.5 4.2 31.0 14:58 SW 30 15.8 21.8 15:44 9.4 06:14 3.3 0.8 0.0 2.5 19.4 16:33 SSW ---------------------------------------------------------------------------------- 16.7 33.5 27 6.1 4 94.5 47.5 72.3 3.8 52.6 2 SW Max >= 27.0: 7 Max <= 0.0: 0 Min <= 0.0: 0 Min <= -18.0: 0 Max Rain: 20.2 on day 13 Days of Rain: 11 (>= 0.2 mm) 6 (>= 2.0 mm) 1 (>= 20.0 mm) Heat Base: 18.3 Cool Base: 18.3 Method: Integration |