NOAA-Style Climate Reports
Select a Year or Month report
Report for 2014 Jan Monthly Climatological Summary for Jan 2014 Name: North Bayswater Weather City: State: Elevation: 114 m Lat: S 37° 49' 25" Lon: E 145° 17' 47" Temperature (°C), Rain (mm), Wind Speed (km/h) Heat Cool Avg Mean Deg Deg Wind Dom Day Temp High Time Low Time Days Days Rain Speed High Time Dir ---------------------------------------------------------------------------------- 1 18.9 25.4 12:26 14.6 06:30 0.8 1.4 15.5 5.0 29.9 12:15 NE 2 18.1 24.3 16:23 12.5 05:39 1.8 1.6 0.0 2.1 19.1 19:18 SW 3 18.2 24.1 13:03 13.1 05:40 1.7 1.6 0.0 4.4 35.3 23:19 WSW 4 15.1 20.3 13:25 9.9 04:41 3.3 0.2 0.0 4.2 26.6 13:25 WSW 5 18.2 27.9 15:17 12.6 06:29 2.0 1.9 1.0 9.8 40.3 16:26 WNW 6 15.2 19.1 16:45 12.9 05:32 3.2 0.0 0.0 6.4 33.1 10:01 SW 7 15.2 20.5 16:23 10.1 05:44 3.4 0.4 0.0 3.6 22.7 19:01 SSW 8 20.2 28.3 15:56 13.0 05:49 1.2 3.2 0.0 3.3 28.8 19:15 SE 9 25.2 33.4 15:29 18.5 09:00 0.0 6.9 0.0 3.6 24.1 12:59 ENE 10 27.3 35.1 16:48 18.5 06:52 0.0 9.0 0.0 4.2 27.0 11:29 NE 11 20.0 26.3 17:08 15.9 05:01 0.6 2.3 0.0 3.5 19.8 13:34 SW 12 20.3 26.9 14:54 13.3 05:17 1.1 3.1 0.0 3.4 19.4 16:37 SW 13 26.9 36.1 16:53 16.8 09:00 0.0 8.6 0.0 2.3 19.4 08:28 ESE 14 35.0 43.2 16:58 27.6 06:44 0.0 16.7 0.0 6.1 29.9 10:39 NE 15 32.5 43.0 14:21 26.4 03:35 0.0 14.2 1.6 3.5 36.0 11:19 ENE 16 33.8 42.6 16:22 24.9 05:42 0.0 15.5 0.0 2.6 15.8 08:16 ENE 17 31.4 43.9 15:37 21.7 06:14 0.0 13.1 0.0 5.6 36.7 09:33 NNE 18 20.7 28.5 13:37 15.9 06:20 0.7 3.0 0.0 4.3 27.0 13:37 SW 19 20.4 24.9 17:42 16.9 05:52 0.2 2.3 0.0 3.3 26.3 12:20 SW 20 20.8 27.6 14:58 16.4 06:45 0.5 2.9 0.0 5.0 23.4 15:48 SSW 21 18.8 24.3 17:31 16.0 07:52 0.8 1.2 0.0 3.9 18.0 16:33 SSW 22 18.8 26.6 15:51 11.6 05:48 1.9 2.4 0.0 3.7 28.1 16:47 SSW 23 26.6 34.6 17:39 16.9 09:00 0.0 8.3 0.0 2.7 20.5 05:15 NE 24 18.2 23.1 16:51 14.1 06:39 1.4 1.2 7.8 3.7 22.0 19:42 SW 25 16.9 22.4 15:35 11.4 05:34 2.3 0.9 0.0 3.2 23.0 13:46 SSW 26 23.3 30.8 17:14 16.8 09:00 0.1 5.1 0.0 2.6 21.6 08:37 ENE 27 29.4 35.9 16:23 23.5 07:15 0.0 11.1 0.0 6.4 33.8 09:13 NE 28 29.5 40.6 16:42 18.7 08:37 0.0 11.2 0.0 7.3 35.3 15:34 NNE 29 19.8 26.8 15:45 14.2 05:30 1.2 2.6 0.0 3.8 32.8 16:28 S 30 25.3 33.3 16:06 16.9 09:00 0.0 7.0 0.0 2.5 27.0 16:48 SW 31 24.2 32.1 16:04 19.5 07:01 0.0 5.9 0.0 3.3 25.6 19:21 SW ---------------------------------------------------------------------------------- 22.7 43.9 17 9.9 4 28.2 164.8 25.9 4.2 40.3 5 SW Max >= 27.0: 17 Max <= 0.0: 0 Min <= 0.0: 0 Min <= -18.0: 0 Max Rain: 15.5 on day 1 Days of Rain: 4 (>= 0.2 mm) 2 (>= 2.0 mm) 0 (>= 20.0 mm) Heat Base: 18.3 Cool Base: 18.3 Method: Integration |