NOAA-Style Climate Reports
Select a Year or Month report
Report for 2014 Mar Monthly Climatological Summary for Mar 2014 Name: North Bayswater Weather City: State: Elevation: 114 m Lat: S 37° 49' 25" Lon: E 145° 17' 47" Temperature (°C), Rain (mm), Wind Speed (km/h) Heat Cool Avg Mean Deg Deg Wind Dom Day Temp High Time Low Time Days Days Rain Speed High Time Dir ---------------------------------------------------------------------------------- 1 19.9 24.1 14:09 16.4 06:27 0.0 1.6 0.0 2.8 16.6 17:51 SW 2 18.6 25.2 14:50 13.8 03:50 0.0 0.3 0.0 3.4 18.7 17:44 SSW 3 22.2 30.9 16:58 15.9 05:40 0.0 3.9 0.0 1.8 18.7 17:47 W 4 27.3 33.8 15:52 19.5 09:00 0.0 9.0 0.0 5.1 19.1 16:07 NE 5 17.5 23.9 09:10 14.4 08:07 0.8 0.0 0.0 3.0 19.1 14:59 SSW 6 18.4 23.6 16:06 15.5 09:00 0.0 0.1 0.0 3.4 31.7 16:47 SW 7 18.8 22.9 15:52 15.3 07:30 0.0 0.5 0.0 3.1 13.7 01:50 SSW 8 22.3 29.8 16:23 15.4 07:08 0.0 4.0 0.0 2.1 18.7 18:28 S 9 25.9 33.5 16:31 18.6 09:00 0.0 7.6 0.0 4.9 31.3 08:53 NE 10 25.4 33.9 14:16 18.9 06:30 0.0 7.1 0.0 3.1 31.3 09:00 N 11 22.5 29.6 16:38 16.9 08:35 0.0 4.2 2.6 3.8 29.9 17:55 NNE 12 16.6 22.0 15:02 11.3 06:55 1.7 0.0 0.0 2.2 16.6 15:13 SSW 13 18.2 25.6 17:14 12.9 06:20 0.1 0.0 0.0 2.1 15.8 13:46 SW 14 23.2 31.2 17:02 15.1 09:00 0.0 4.9 0.0 2.9 14.8 08:59 NE 15 20.0 30.2 15:22 12.9 04:27 0.0 1.7 7.8 6.0 36.0 15:39 NNE 16 16.0 19.0 13:25 12.4 23:09 2.3 0.0 0.5 5.1 25.2 17:31 NNW 17 19.1 23.9 17:43 15.4 05:49 0.0 0.8 0.0 3.5 28.8 11:28 N 18 18.6 24.8 16:29 12.4 07:54 0.0 0.3 0.0 1.9 12.2 11:46 WNW 19 17.1 24.3 16:15 10.8 05:51 1.2 0.0 0.0 2.2 12.2 21:08 S 20 22.5 31.1 16:33 12.8 09:00 0.0 4.2 0.0 3.4 19.8 10:40 NNE 21 18.3 25.2 13:53 13.8 08:03 0.0 0.0 4.1 3.1 23.0 21:38 SW 22 15.8 18.4 14:54 14.1 03:04 2.5 0.0 0.0 2.0 17.6 12:03 SSW 23 13.7 18.2 14:04 9.1 06:55 4.6 0.0 0.0 1.4 13.3 11:19 S 24 15.2 20.3 14:42 10.4 09:00 3.1 0.0 0.0 2.2 14.8 13:12 SSW 25 19.0 25.9 16:26 12.9 09:00 0.0 0.7 0.0 1.5 15.8 17:15 SSE 26 20.4 26.5 15:12 15.2 09:00 0.0 2.1 4.1 1.9 23.0 18:20 SE 27 21.0 25.2 16:38 17.8 09:03 0.0 2.7 2.6 1.7 14.0 11:46 NNE 28 17.4 22.9 14:47 12.1 05:19 2.1 1.2 0.0 1.3 11.9 12:12 SW 29 19.0 25.1 15:49 14.6 07:54 1.1 1.8 0.0 1.0 13.3 16:06 SW 30 20.4 25.9 13:56 15.8 09:00 0.7 2.8 0.0 1.2 14.0 10:44 NE 31 24.8 30.9 16:18 18.2 09:00 0.0 6.5 0.0 3.3 20.2 10:40 NE ---------------------------------------------------------------------------------- 19.8 33.9 10 9.1 23 20.2 68.0 21.7 2.8 36.0 15 NNW Max >= 27.0: 10 Max <= 0.0: 0 Min <= 0.0: 0 Min <= -18.0: 0 Max Rain: 7.8 on day 15 Days of Rain: 6 (>= 0.2 mm) 5 (>= 2.0 mm) 0 (>= 20.0 mm) Heat Base: 18.3 Cool Base: 18.3 Method: Integration |