NOAA-Style Climate Reports
Select a Year or Month report
Report for 2014 May Monthly Climatological Summary for May 2014 Name: North Bayswater Weather City: State: Elevation: 114 m Lat: S 37° 49' 25" Lon: E 145° 17' 47" Temperature (°C), Rain (mm), Wind Speed (km/h) Heat Cool Avg Mean Deg Deg Wind Dom Day Temp High Time Low Time Days Days Rain Speed High Time Dir ---------------------------------------------------------------------------------- 1 12.8 15.6 14:20 10.9 09:00 5.5 0.0 0.0 3.1 22.0 08:15 NE 2 12.0 14.5 11:32 10.4 04:12 6.3 0.0 0.5 4.3 28.8 13:32 NE 3 12.0 15.5 13:16 9.7 07:03 6.3 0.0 4.7 3.7 27.7 21:49 SW 4 11.4 13.6 12:33 10.1 01:03 6.9 0.0 3.1 3.2 24.5 13:10 WSW 5 12.3 14.9 15:50 10.3 05:28 6.0 0.0 1.6 1.2 13.3 10:20 NNE 6 11.5 14.6 15:04 8.1 05:19 6.8 0.0 2.1 1.3 18.4 13:45 SW 7 9.7 15.3 13:49 4.0 05:59 8.6 0.0 0.0 1.4 11.9 11:47 SSE 8 10.7 17.3 14:16 6.2 09:00 7.5 0.0 0.0 1.6 18.0 08:45 NE 9 15.7 18.8 14:06 11.5 09:00 2.6 0.0 7.3 7.4 33.8 12:54 NE 10 12.7 16.1 13:12 9.9 22:31 5.6 0.0 3.1 0.6 8.6 09:40 NE 11 12.7 17.9 14:12 8.7 01:53 5.6 0.0 0.0 0.4 6.1 12:32 N 12 12.0 18.4 14:43 7.5 06:55 6.3 0.0 0.0 0.7 8.3 12:43 NNE 13 13.1 19.9 14:04 8.4 05:16 5.4 0.2 0.0 1.8 13.3 14:29 N 14 16.6 20.9 14:12 10.5 09:00 2.1 0.3 0.0 7.8 35.3 13:38 NE 15 18.5 22.8 14:20 16.7 05:20 0.7 0.9 0.0 8.1 29.5 14:59 NE 16 18.9 22.9 12:00 16.5 06:25 0.5 1.1 0.0 7.2 27.0 12:26 NE 17 19.6 22.9 13:18 17.7 06:29 0.1 1.3 0.0 8.3 26.6 11:27 NE 18 18.8 22.9 13:50 16.9 03:15 0.4 0.9 0.0 7.9 27.7 21:26 NE 19 18.1 24.2 13:43 12.8 07:03 1.5 1.3 0.0 4.1 29.2 11:41 NE 20 14.6 19.7 13:10 9.8 06:22 3.9 0.1 4.1 1.3 13.3 10:29 N 21 17.5 21.8 15:01 11.9 09:00 1.4 0.5 0.5 5.3 23.4 14:18 NE 22 17.4 21.4 13:02 15.1 07:10 1.3 0.4 12.9 4.5 26.3 12:15 NE 23 14.1 18.5 14:25 10.6 03:03 4.2 0.0 0.5 0.8 15.8 14:21 W 24 14.1 16.9 13:18 12.4 09:00 4.2 0.0 0.5 3.3 22.7 08:17 NE 25 15.4 20.2 13:38 10.9 05:25 3.1 0.2 0.0 3.0 30.2 10:49 NE 26 18.8 20.8 05:13 14.9 09:00 0.3 0.8 0.0 8.0 35.6 22:16 NE 27 14.8 17.8 11:20 12.7 04:32 3.5 0.0 7.8 3.7 26.6 09:54 NE 28 13.2 16.8 12:36 10.5 04:17 5.1 0.0 1.0 1.4 18.0 16:43 NW 29 10.8 16.0 14:06 5.5 06:10 7.5 0.0 0.0 0.5 7.6 14:23 NE 30 12.6 16.9 14:57 7.1 09:00 5.7 0.0 0.0 0.8 7.2 11:29 NE 31 14.2 18.1 15:09 11.1 09:00 4.1 0.0 1.6 0.4 8.3 15:31 SSE ---------------------------------------------------------------------------------- 14.4 24.2 19 4.0 7 129.0 8.0 51.3 3.5 35.6 26 NE Max >= 27.0: 0 Max <= 0.0: 0 Min <= 0.0: 0 Min <= -18.0: 0 Max Rain: 12.9 on day 22 Days of Rain: 15 (>= 0.2 mm) 8 (>= 2.0 mm) 0 (>= 20.0 mm) Heat Base: 18.3 Cool Base: 18.3 Method: Integration |