NOAA-Style Climate Reports
Select a Year or Month report
Report for 2014 Nov Monthly Climatological Summary for Nov 2014 Name: North Bayswater Weather City: State: Elevation: 114 m Lat: S 37° 49' 25" Lon: E 145° 17' 47" Temperature (°C), Rain (mm), Wind Speed (km/h) Heat Cool Avg Mean Deg Deg Wind Dom Day Temp High Time Low Time Days Days Rain Speed High Time Dir ---------------------------------------------------------------------------------- 1 11.7 16.4 11:50 8.4 04:44 6.6 0.0 3.6 7.1 38.9 12:05 WSW 2 11.9 16.4 15:20 7.2 04:22 6.4 0.0 0.0 3.1 20.2 09:10 SW 3 18.1 24.6 16:23 12.1 06:42 1.7 1.5 0.0 2.6 25.6 08:35 ENE 4 20.2 28.5 14:50 13.1 05:46 1.7 3.6 0.0 7.0 35.3 21:12 NNE 5 14.4 19.3 16:48 10.0 06:07 4.0 0.1 0.0 3.7 35.3 13:33 SW 6 17.1 23.6 15:41 11.3 05:18 2.5 1.3 0.0 2.4 17.3 17:34 E 7 25.2 32.2 16:18 17.9 06:25 0.0 6.9 0.0 5.8 24.1 08:59 NE 8 21.7 35.3 14:51 12.8 03:36 1.9 5.3 1.0 6.4 33.5 09:36 NNE 9 16.1 21.9 14:22 12.1 02:11 3.0 0.8 0.0 3.3 29.5 15:48 SSW 10 15.2 21.5 17:06 10.1 05:57 3.5 0.5 0.0 3.1 20.9 15:40 SW 11 14.0 20.6 17:05 6.8 05:39 4.7 0.4 0.0 3.0 25.2 15:03 SSW 12 19.2 28.0 16:53 12.2 06:05 2.0 2.8 0.0 1.7 11.5 12:41 SSW 13 26.4 33.4 16:56 18.3 09:00 0.0 8.1 0.0 3.8 33.5 08:33 NE 14 16.2 22.4 09:00 11.9 06:25 2.9 0.8 0.0 3.5 27.0 10:37 SSW 15 15.0 19.4 14:39 10.7 06:49 3.4 0.1 31.1 2.2 15.5 05:58 SW 16 14.5 18.7 17:36 11.6 09:00 3.8 0.0 3.1 3.0 20.2 13:34 WSW 17 15.3 20.9 15:48 9.8 05:55 3.4 0.4 0.0 3.4 22.7 15:12 WSW 18 15.2 21.0 17:53 8.7 06:23 3.6 0.5 0.0 2.1 16.6 14:32 SW 19 23.5 29.8 16:42 15.6 09:00 0.1 5.3 0.0 5.9 33.5 08:58 NE 20 21.7 30.4 11:11 16.1 06:06 0.3 3.8 3.1 5.6 33.5 09:00 NE 21 18.5 24.7 17:35 12.5 06:26 1.7 1.9 0.0 2.4 21.6 09:48 WSW 22 23.5 30.8 17:17 13.2 09:00 0.2 5.4 0.0 4.9 42.5 14:25 NNE 23 21.4 28.3 14:05 15.1 06:26 0.4 3.5 2.1 2.9 17.3 15:39 S 24 14.4 20.8 15:08 8.9 05:14 4.1 0.2 16.6 1.7 15.8 13:53 S 25 15.4 20.9 15:16 9.6 05:05 3.5 0.5 0.0 3.6 20.9 12:32 WSW 26 14.5 19.6 14:48 11.4 01:21 3.9 0.1 0.0 2.5 14.8 08:47 SW 27 15.0 21.3 15:32 9.5 03:46 3.9 0.6 0.0 3.5 16.9 21:51 SSW 28 16.6 24.1 15:58 10.6 04:19 3.1 1.4 0.0 2.3 28.4 19:56 SW 29 21.7 29.5 16:36 14.2 09:00 0.5 3.9 0.0 2.6 21.6 08:38 SSE 30 28.5 35.2 15:03 21.2 09:00 0.0 10.3 0.0 6.9 33.1 08:12 NE ---------------------------------------------------------------------------------- 18.1 35.3 8 6.8 11 76.8 70.0 60.6 3.7 42.5 22 SW Max >= 27.0: 11 Max <= 0.0: 0 Min <= 0.0: 0 Min <= -18.0: 0 Max Rain: 31.1 on day 15 Days of Rain: 7 (>= 0.2 mm) 6 (>= 2.0 mm) 1 (>= 20.0 mm) Heat Base: 18.3 Cool Base: 18.3 Method: Integration |