NOAA-Style Climate Reports
Select a Year or Month report
Report for 2014 Dec Monthly Climatological Summary for Dec 2014 Name: North Bayswater Weather City: State: Elevation: 114 m Lat: S 37° 49' 25" Lon: E 145° 17' 47" Temperature (°C), Rain (mm), Wind Speed (km/h) Heat Cool Avg Mean Deg Deg Wind Dom Day Temp High Time Low Time Days Days Rain Speed High Time Dir ---------------------------------------------------------------------------------- 1 22.2 29.8 15:41 17.3 05:32 0.2 4.1 0.0 2.4 28.4 15:56 SSW 2 22.2 29.1 16:27 17.0 04:11 0.3 4.2 0.0 2.7 19.4 13:40 SW 3 20.8 25.6 17:26 17.8 05:41 0.0 2.6 3.6 2.2 11.2 13:50 WSW 4 23.5 30.4 15:23 18.7 05:35 0.0 5.2 0.0 2.4 13.3 16:15 SW 5 19.0 22.1 12:09 16.1 04:15 0.6 1.3 0.5 3.3 16.9 01:11 SSW 6 18.7 25.2 13:47 14.4 06:16 1.3 1.7 14.5 4.3 20.9 23:17 S 7 16.5 19.1 16:57 14.7 09:00 1.8 0.0 1.0 2.2 15.8 11:59 SW 8 17.6 21.6 15:15 14.4 04:15 1.4 0.7 0.0 2.1 11.9 13:22 SSW 9 18.5 24.7 15:44 12.7 05:41 1.8 2.0 0.0 2.5 15.1 19:42 SSW 10 18.3 22.5 17:15 15.8 05:41 0.8 0.8 3.1 2.9 15.1 00:54 SW 11 17.7 23.5 14:42 12.4 05:55 1.6 1.1 1.0 3.5 24.1 17:17 SSW 12 21.3 28.4 15:58 14.1 05:16 1.0 4.0 0.0 2.8 23.4 07:54 ESE 13 26.1 32.2 16:04 21.2 05:07 0.0 7.8 0.0 7.0 31.7 08:50 NE 14 22.3 30.6 16:05 14.6 05:36 0.6 4.6 0.0 3.2 28.8 16:20 SW 15 22.3 29.2 14:31 17.1 05:54 0.1 4.1 0.0 2.7 15.5 19:25 SW 16 20.5 34.2 14:11 11.6 05:36 1.9 4.1 0.0 7.4 40.3 15:37 W 17 17.9 24.2 18:03 11.3 05:41 2.0 1.7 0.0 2.8 37.4 15:06 SW 18 17.0 25.9 15:08 11.6 02:21 3.0 1.7 4.1 2.7 33.1 16:25 W 19 16.3 21.9 16:57 11.5 04:05 2.8 0.8 0.0 3.2 21.6 12:35 SW 20 19.0 26.1 17:35 12.2 06:28 1.7 2.4 0.0 2.2 16.9 14:00 SW 21 25.3 33.4 14:56 18.1 05:25 0.0 7.0 0.0 2.9 18.7 12:09 SW 22 25.1 30.4 13:07 21.0 05:58 0.0 6.8 0.0 2.5 23.0 13:52 SW 23 19.4 29.1 11:57 11.9 05:59 1.6 2.7 0.0 3.6 34.2 15:55 SW 24 18.5 24.4 14:11 12.2 06:21 1.6 1.8 0.0 2.7 16.6 13:05 SSE 25 18.9 26.4 12:50 11.4 07:26 2.1 2.7 10.9 4.2 34.9 18:24 SW 26 15.4 21.5 17:53 9.6 04:46 3.5 0.6 0.0 3.0 23.0 09:37 SW 27 19.0 25.5 17:03 12.3 05:51 1.6 2.3 0.0 2.5 20.2 14:48 SW 28 24.8 32.8 16:53 17.3 05:15 0.1 6.5 0.0 3.4 18.4 13:01 NE 29 17.9 27.0 12:59 11.8 04:37 2.2 1.7 1.0 5.8 33.8 17:55 W 30 17.5 22.9 15:14 13.1 01:41 1.9 1.1 0.5 4.7 36.7 15:20 WSW 31 19.6 26.4 17:34 13.4 04:53 1.3 2.6 0.0 2.2 16.9 17:56 SW ---------------------------------------------------------------------------------- 20.0 34.2 16 9.6 26 38.8 90.7 40.2 3.3 40.3 16 SW Max >= 27.0: 13 Max <= 0.0: 0 Min <= 0.0: 0 Min <= -18.0: 0 Max Rain: 14.5 on day 6 Days of Rain: 10 (>= 0.2 mm) 5 (>= 2.0 mm) 0 (>= 20.0 mm) Heat Base: 18.3 Cool Base: 18.3 Method: Integration |