NOAA-Style Climate Reports
Select a Year or Month report
Report for 2015 Mar Monthly Climatological Summary for Mar 2015 Name: North Bayswater Weather City: State: Elevation: 114 m Lat: S 37° 49' 25" Lon: E 145° 17' 47" Temperature (°C), Rain (mm), Wind Speed (km/h) Heat Cool Avg Mean Deg Deg Wind Dom Day Temp High Time Low Time Days Days Rain Speed High Time Dir ---------------------------------------------------------------------------------- 1 17.3 23.9 15:06 10.8 06:48 2.4 1.4 0.0 3.3 35.3 16:03 SSW 2 20.4 25.9 17:41 13.2 09:00 0.3 2.5 0.0 1.3 13.3 11:48 E 3 19.5 25.4 14:57 13.6 03:58 1.4 2.5 0.0 2.1 17.6 16:05 SW 4 19.1 24.9 16:25 12.2 06:57 1.2 2.1 1.6 5.0 37.8 03:33 W 5 15.8 19.4 16:59 13.8 09:00 2.6 0.1 0.5 5.4 36.0 12:59 WSW 6 17.0 19.9 16:28 14.9 09:00 1.5 0.2 2.1 3.0 27.7 13:00 WSW 7 18.4 22.2 18:29 15.9 07:03 0.9 1.0 0.0 0.9 8.6 09:55 NW 8 19.6 26.6 15:58 13.8 06:59 1.2 2.4 0.0 1.7 14.0 15:22 SW 9 18.6 24.9 14:58 13.9 04:13 1.4 1.7 0.0 1.9 20.5 20:50 SW 10 18.2 25.3 15:25 11.4 05:18 2.2 2.0 0.0 1.9 14.8 15:04 SW 11 18.7 26.9 12:58 12.4 04:57 2.0 2.4 0.0 2.3 22.0 13:30 WSW 12 16.5 21.3 17:04 13.9 22:40 2.2 0.4 0.0 3.2 42.1 16:18 SW 13 15.9 22.9 15:51 9.3 06:55 3.5 1.1 0.0 2.9 19.8 21:06 SSE 14 20.2 29.9 16:05 12.9 09:00 1.4 3.3 1.6 4.5 25.6 13:51 NNW 15 15.8 21.9 16:08 9.8 05:53 3.1 0.6 0.0 2.9 23.4 17:04 S 16 21.0 25.3 15:55 13.3 09:00 0.2 2.9 0.0 3.7 22.3 10:59 NE 17 22.1 25.3 12:15 17.9 05:07 0.0 3.8 1.0 7.7 36.4 12:36 NE 18 20.6 25.3 14:54 17.5 00:49 0.1 2.5 0.0 3.3 35.3 08:48 NE 19 22.3 32.9 15:37 13.3 06:45 1.0 5.0 0.0 6.2 38.2 15:39 NNE 20 15.9 21.8 15:17 11.2 02:08 3.1 0.7 0.0 3.7 23.0 13:39 SW 21 17.1 24.3 16:05 10.6 07:04 2.7 1.5 0.0 2.2 19.1 10:51 SE 22 22.6 29.2 15:38 12.7 09:00 0.2 4.5 0.0 6.0 32.4 08:22 NE 23 18.9 24.9 16:53 13.4 07:31 1.6 2.2 0.5 4.3 23.8 14:40 W 24 13.9 15.8 12:05 13.1 19:41 4.4 0.0 0.5 2.3 19.8 14:35 SW 25 14.8 22.0 17:09 9.9 07:44 3.1 0.2 1.0 2.2 19.1 01:23 WNW 26 14.4 18.2 13:14 10.8 09:00 3.9 0.0 0.0 7.3 35.3 19:52 WNW 27 14.4 16.4 14:09 12.4 07:40 3.9 0.0 1.0 3.5 24.5 15:26 WSW 28 12.7 18.4 16:59 7.8 07:05 5.6 0.0 0.0 0.6 9.0 16:14 E 29 16.4 24.3 14:41 9.5 09:00 3.5 1.5 0.0 2.0 18.4 16:52 WSW 30 17.2 24.4 14:36 10.4 05:58 2.8 1.7 0.0 1.7 15.5 14:58 SW 31 19.7 27.8 16:39 11.8 09:00 1.3 2.7 0.0 1.9 14.8 08:17 ENE ---------------------------------------------------------------------------------- 17.9 32.9 19 7.8 28 64.7 52.9 9.8 3.3 42.1 12 W Max >= 27.0: 4 Max <= 0.0: 0 Min <= 0.0: 0 Min <= -18.0: 0 Max Rain: 2.1 on day 6 Days of Rain: 9 (>= 0.2 mm) 1 (>= 2.0 mm) 0 (>= 20.0 mm) Heat Base: 18.3 Cool Base: 18.3 Method: Integration |