NOAA-Style Climate Reports
Select a Year or Month report
Report for 2015 Apr Monthly Climatological Summary for Apr 2015 Name: North Bayswater Weather City: State: Elevation: 114 m Lat: S 37° 49' 25" Lon: E 145° 17' 47" Temperature (°C), Rain (mm), Wind Speed (km/h) Heat Cool Avg Mean Deg Deg Wind Dom Day Temp High Time Low Time Days Days Rain Speed High Time Dir ---------------------------------------------------------------------------------- 1 22.0 30.0 14:23 13.3 08:14 0.9 4.6 4.1 6.3 33.8 14:29 NNE 2 12.7 18.9 15:03 6.7 07:28 5.6 0.0 0.0 2.4 24.1 11:28 SSW 3 14.1 20.8 15:49 7.2 07:27 4.7 0.4 0.0 2.5 23.4 16:34 SSE 4 16.9 24.9 15:28 9.1 09:00 3.0 1.5 0.0 1.0 12.2 18:22 WNW 5 15.7 20.9 13:38 11.6 06:24 3.0 0.4 0.0 2.0 16.9 18:06 WSW 6 15.0 20.1 14:52 12.3 01:55 3.5 0.2 0.0 2.1 13.3 18:41 WSW 7 13.3 15.7 16:14 11.9 03:48 5.0 0.0 6.7 2.6 20.9 13:12 SW 8 13.0 19.4 14:12 8.4 04:33 5.3 0.0 0.5 1.9 20.5 16:48 SW 9 14.0 20.1 14:30 7.9 05:51 4.5 0.2 0.0 2.4 19.8 11:35 SSE 10 15.2 20.9 15:32 10.9 00:29 3.5 0.4 0.0 1.8 11.9 14:08 NNW 11 17.1 23.8 13:59 12.4 06:58 2.3 1.1 0.0 1.7 13.3 19:05 SW 12 12.5 20.3 14:08 5.9 06:04 6.1 0.2 0.0 1.4 15.1 15:49 S 13 15.0 21.7 15:51 9.6 09:00 3.9 0.5 0.5 1.1 11.9 09:21 NE 14 18.9 23.4 15:30 13.5 09:00 0.5 1.1 0.5 5.8 27.0 04:41 ENE 15 21.2 28.4 15:36 16.7 07:41 0.3 3.3 0.0 4.1 23.8 09:30 N 16 14.4 19.2 12:37 9.8 06:49 3.9 0.1 0.5 1.5 17.6 15:16 SW 17 15.1 18.1 13:34 11.8 09:00 3.2 0.0 5.7 0.6 9.4 12:45 NNE 18 13.9 19.9 15:18 9.9 06:58 4.6 0.2 9.8 1.9 19.4 18:50 SW 19 9.4 13.8 12:48 5.8 04:43 8.9 0.0 2.6 1.6 25.2 13:26 SSW 20 11.4 16.9 13:47 6.6 05:57 6.9 0.0 0.0 2.5 18.0 11:06 S 21 13.8 18.1 14:20 10.4 03:48 4.5 0.0 0.0 3.3 31.0 12:40 S 22 16.2 20.1 14:09 13.9 05:42 2.2 0.1 0.0 3.4 35.3 09:41 SSW 23 17.6 21.8 14:01 15.2 05:57 1.3 0.7 0.0 1.6 14.0 14:53 S 24 16.2 20.4 14:29 12.7 07:07 2.4 0.3 0.5 1.2 13.7 22:03 WNW 25 13.4 15.1 14:00 11.9 05:38 4.9 0.0 4.1 1.6 19.4 21:19 SW 26 12.5 14.6 12:33 11.3 00:20 5.8 0.0 3.6 3.0 27.4 14:40 WSW 27 12.7 15.1 12:33 11.3 02:07 5.6 0.0 3.1 1.6 19.4 11:35 WSW 28 11.2 16.8 14:32 6.4 06:46 7.1 0.0 0.0 0.9 14.4 16:36 S 29 11.3 17.6 14:46 6.2 05:42 7.0 0.0 0.0 0.8 7.9 15:33 W 30 12.8 20.1 15:26 7.9 04:41 5.7 0.2 0.0 0.9 7.6 14:15 SSE ---------------------------------------------------------------------------------- 14.6 30.0 1 5.8 19 126.1 15.5 42.2 2.2 35.3 22 SW Max >= 27.0: 2 Max <= 0.0: 0 Min <= 0.0: 0 Min <= -18.0: 0 Max Rain: 9.8 on day 18 Days of Rain: 13 (>= 0.2 mm) 8 (>= 2.0 mm) 0 (>= 20.0 mm) Heat Base: 18.3 Cool Base: 18.3 Method: Integration |