NOAA-Style Climate Reports
Select a Year or Month report
Report for 2015 Dec Monthly Climatological Summary for Dec 2015 Name: North Bayswater Weather City: State: Elevation: 114 m Lat: S 37° 49' 25" Lon: E 145° 17' 47" Temperature (°C), Rain (mm), Wind Speed (km/h) Heat Cool Avg Mean Deg Deg Wind Dom Day Temp High Time Low Time Days Days Rain Speed High Time Dir ---------------------------------------------------------------------------------- 1 16.1 25.9 14:53 9.0 05:48 3.6 1.5 1.0 4.5 34.6 15:42 W 2 15.2 19.3 15:52 12.3 09:00 3.2 0.1 0.0 3.7 21.6 10:39 SW 3 18.0 25.7 17:16 10.7 05:50 2.3 2.1 0.0 2.2 20.5 14:49 SW 4 24.5 33.3 15:39 15.5 05:59 0.3 6.5 0.0 2.3 16.6 10:35 E 5 24.0 33.4 15:59 15.9 05:41 0.4 6.1 1.0 1.7 17.3 15:44 SSW 6 23.8 31.4 15:53 18.8 09:00 0.0 5.5 0.0 1.4 14.0 18:17 SSE 7 23.7 29.0 14:18 21.4 02:02 0.0 5.4 0.5 3.8 39.6 06:29 ENE 8 23.0 33.8 16:22 14.8 05:45 0.7 5.4 0.0 5.8 41.8 11:57 NE 9 19.3 27.3 16:14 11.6 05:26 2.0 2.9 0.0 3.1 20.9 15:59 SW 10 20.4 28.9 16:13 13.3 04:16 1.4 3.5 0.0 2.8 20.9 16:32 SW 11 13.7 19.9 10:27 9.6 03:01 4.6 0.1 4.1 3.7 40.3 16:43 WSW 12 14.7 20.4 17:32 9.2 06:32 3.9 0.3 0.0 2.3 17.6 16:32 SW 13 20.9 29.9 14:23 11.3 05:50 1.6 4.2 0.0 2.1 20.9 15:59 NNE 14 21.2 30.2 14:58 14.1 05:48 1.1 4.0 0.0 2.5 18.7 15:19 SW 15 23.0 30.4 15:11 16.8 03:30 0.2 4.9 0.0 2.7 25.6 14:24 SW 16 25.0 32.9 15:06 17.4 05:43 0.0 6.7 0.0 3.0 22.0 08:58 SE 17 28.6 36.1 17:10 19.4 06:03 0.0 10.3 0.0 4.5 31.3 12:26 NE 18 30.8 40.1 15:32 21.3 03:12 0.0 12.5 0.0 5.9 33.1 10:48 NNE 19 33.1 41.4 13:55 27.2 02:01 0.0 14.8 0.0 9.2 37.4 17:51 NE 20 23.4 39.5 11:56 15.7 06:08 0.7 5.8 6.7 5.0 36.0 09:30 W 21 16.6 22.5 15:59 11.4 06:01 2.5 0.8 0.0 3.3 21.6 09:04 SSW 22 21.3 28.8 16:41 14.9 06:06 0.7 3.7 0.0 2.4 20.2 17:45 W 23 23.8 31.9 16:10 15.6 06:05 0.4 5.9 0.0 2.4 15.8 17:54 S 24 28.1 35.3 17:04 21.9 05:58 0.0 9.8 0.0 4.4 35.3 08:54 NE 25 28.0 35.8 16:22 14.9 07:42 0.3 10.0 21.8 9.6 36.4 10:26 NNE 26 15.3 21.4 15:14 9.6 05:52 3.5 0.5 17.6 4.0 34.2 17:44 SW 27 16.8 21.4 13:39 12.4 06:08 2.3 0.8 0.0 3.4 15.8 15:26 SSW 28 18.8 26.0 15:23 11.1 05:33 2.0 2.5 0.0 2.9 20.2 18:27 SW 29 20.8 29.2 14:58 12.2 05:33 1.5 4.0 0.0 2.7 22.7 16:43 SW 30 28.3 36.3 16:13 20.3 06:08 0.0 10.0 0.0 2.3 16.6 08:51 E 31 30.4 39.6 16:09 20.4 06:11 0.0 12.1 0.0 3.5 28.1 13:12 NNE ---------------------------------------------------------------------------------- 22.3 41.4 19 9.0 1 39.2 162.7 52.7 3.6 41.8 8 NW Max >= 27.0: 22 Max <= 0.0: 0 Min <= 0.0: 0 Min <= -18.0: 0 Max Rain: 21.8 on day 25 Days of Rain: 7 (>= 0.2 mm) 4 (>= 2.0 mm) 1 (>= 20.0 mm) Heat Base: 18.3 Cool Base: 18.3 Method: Integration |