NOAA-Style Climate Reports
Select a Year or Month report
Report for 2016 Feb Monthly Climatological Summary for Feb 2016 Name: North Bayswater Weather City: State: Elevation: 114 m Lat: S 37° 49' 25" Lon: E 145° 17' 47" Temperature (°C), Rain (mm), Wind Speed (km/h) Heat Cool Avg Mean Deg Deg Wind Dom Day Temp High Time Low Time Days Days Rain Speed High Time Dir ---------------------------------------------------------------------------------- 1 20.1 26.3 17:07 14.3 09:00 0.9 2.8 0.0 1.7 12.6 15:24 SSW 2 25.3 32.7 16:18 18.4 08:30 0.0 7.0 0.5 4.5 18.0 13:46 NNE 3 17.8 19.9 19:15 15.4 06:36 0.9 0.4 2.1 2.6 18.4 15:55 SW 4 19.3 24.6 17:08 14.2 06:33 0.9 2.0 0.0 3.2 19.1 18:53 SSW 5 22.4 31.3 16:30 15.3 06:36 0.6 4.7 0.0 2.2 19.1 17:56 S 6 25.0 32.8 16:06 17.7 06:16 0.0 6.7 0.0 2.3 16.2 17:21 E 7 25.5 34.1 14:45 19.1 04:21 0.0 7.2 0.0 3.3 20.9 15:07 SW 8 20.9 26.7 15:05 17.3 06:17 0.2 2.9 0.0 3.0 23.8 16:46 SW 9 22.4 29.3 15:21 17.1 02:52 0.1 4.2 0.0 3.1 16.9 14:59 SW 10 21.1 27.6 15:11 15.5 06:32 0.5 3.4 0.0 2.4 22.7 15:39 SW 11 21.7 29.1 15:51 16.1 04:31 0.3 3.7 0.0 3.0 26.6 19:22 SSW 12 23.6 31.8 17:07 17.3 06:42 0.1 5.4 0.0 2.3 14.0 07:55 NNE 13 24.8 35.6 14:08 15.3 07:21 0.3 6.8 1.0 3.6 32.4 13:44 WSW 14 20.0 25.9 16:34 15.3 07:20 0.7 2.4 0.0 3.1 27.4 16:34 WSW 15 20.5 27.0 16:32 15.1 06:45 0.7 2.9 2.1 4.4 29.9 17:58 WSW 16 16.3 20.1 16:46 13.8 08:43 2.2 0.2 4.7 5.0 31.7 13:53 SW 17 17.1 19.9 16:05 13.9 09:00 1.4 0.2 3.6 3.7 25.2 14:37 WSW 18 18.1 23.2 17:06 13.6 04:03 1.5 1.2 0.0 1.5 12.2 10:26 SW 19 17.5 23.6 13:46 14.8 06:00 1.7 0.9 0.0 2.3 25.9 19:33 SW 20 17.6 23.8 14:49 10.4 07:15 2.3 1.6 0.0 3.5 17.3 20:57 SSW 21 21.9 31.3 17:25 13.8 09:00 0.7 4.3 0.0 1.8 14.8 17:44 NNE 22 23.0 29.4 15:15 17.5 09:00 0.0 4.8 0.0 1.6 15.5 08:59 ENE 23 29.4 39.8 14:24 22.9 06:06 0.0 11.1 0.0 4.7 29.2 10:14 NE 24 24.9 32.6 14:23 20.6 05:58 0.0 6.6 0.0 3.3 31.3 16:25 SW 25 21.4 28.1 16:06 14.2 06:27 0.7 3.8 0.0 2.9 30.6 16:34 WSW 26 20.0 24.3 16:56 16.7 09:00 0.2 1.8 0.0 2.5 15.5 17:07 SW 27 20.5 26.2 15:23 16.9 01:16 0.3 2.5 0.0 2.9 18.4 15:53 SW 28 19.4 25.0 15:26 15.6 05:59 0.8 1.9 0.0 2.8 20.5 17:32 SW 29 21.6 27.9 16:48 17.4 09:00 0.0 3.3 0.0 2.4 16.6 16:50 SW ---------------------------------------------------------------------------------- 21.3 39.8 23 10.4 20 18.0 106.7 14.0 2.9 32.4 13 SW Max >= 27.0: 16 Max <= 0.0: 0 Min <= 0.0: 0 Min <= -18.0: 0 Max Rain: 4.7 on day 16 Days of Rain: 6 (>= 0.2 mm) 4 (>= 2.0 mm) 0 (>= 20.0 mm) Heat Base: 18.3 Cool Base: 18.3 Method: Integration |