NOAA-Style Climate Reports
Select a Year or Month report
Report for 2016 Mar Monthly Climatological Summary for Mar 2016 Name: North Bayswater Weather City: State: Elevation: 114 m Lat: S 37° 49' 25" Lon: E 145° 17' 47" Temperature (°C), Rain (mm), Wind Speed (km/h) Heat Cool Avg Mean Deg Deg Wind Dom Day Temp High Time Low Time Days Days Rain Speed High Time Dir ---------------------------------------------------------------------------------- 1 25.1 33.9 15:28 17.4 06:28 0.1 6.9 0.0 3.7 27.0 10:15 NNE 2 25.5 36.2 16:40 18.5 06:29 0.0 7.2 0.0 3.8 26.6 18:04 SW 3 21.7 29.3 16:33 15.9 06:21 0.4 3.8 0.0 2.3 15.1 20:41 SW 4 27.4 37.3 15:17 19.1 09:00 0.0 9.1 0.0 3.4 31.7 13:17 NNE 5 22.1 27.7 13:52 18.4 01:56 0.0 3.8 0.0 2.2 16.9 14:03 SW 6 23.5 31.6 16:14 19.4 02:10 0.0 5.2 0.0 3.5 27.0 16:42 SW 7 23.6 28.1 14:48 20.3 04:47 0.0 5.3 0.0 3.0 15.8 16:11 SW 8 30.3 37.9 14:57 20.7 09:00 0.0 12.0 0.0 5.5 27.4 07:58 NE 9 24.0 31.9 12:25 18.8 08:01 0.0 5.6 0.0 2.9 23.4 20:10 SW 10 20.6 22.4 12:31 18.8 09:00 0.0 2.3 6.2 0.6 7.6 15:50 WSW 11 23.6 29.9 16:21 19.1 07:19 0.0 5.3 0.0 1.6 27.0 01:15 SW 12 21.0 25.2 15:16 17.8 04:20 0.0 2.7 0.0 2.7 16.2 11:16 SW 13 21.5 27.6 15:29 17.9 07:20 0.0 3.3 0.0 2.3 19.1 17:16 WSW 14 18.1 23.5 11:37 14.2 07:49 1.5 1.2 0.0 2.9 23.0 14:02 SSW 15 20.9 27.9 15:01 14.9 06:17 0.7 3.3 0.0 3.5 25.6 17:09 SE 16 24.3 31.5 16:17 16.9 09:00 0.0 6.0 0.0 2.8 16.9 06:59 ENE 17 26.3 33.6 15:39 16.5 08:37 0.1 8.1 14.0 7.2 36.0 02:26 NE 18 14.6 18.4 15:46 12.4 04:31 3.7 0.0 15.0 5.8 40.3 14:52 WSW 19 14.1 18.4 12:50 8.4 07:07 4.2 0.0 0.0 1.6 19.8 17:41 SSW 20 16.9 23.4 15:43 11.1 09:00 2.5 1.1 0.0 2.7 22.0 01:49 ESE 21 17.7 24.1 15:22 10.7 07:45 2.3 1.6 0.0 3.0 21.6 23:52 SE 22 18.8 26.4 16:43 12.8 09:00 1.9 2.4 0.0 1.5 13.3 13:11 NE 23 21.4 28.1 15:50 15.1 09:00 0.2 3.2 0.0 2.7 16.2 12:50 ENE 24 18.3 22.4 15:30 14.8 04:16 1.0 1.0 0.0 0.9 8.3 18:08 WSW 25 16.9 21.5 15:16 13.0 04:37 2.2 0.7 0.0 1.7 19.1 13:29 SW 26 16.9 20.5 16:06 14.0 07:55 1.7 0.4 1.0 1.2 9.4 14:30 WSW 27 15.2 20.5 15:16 10.1 07:32 3.4 0.3 0.0 2.4 14.4 08:56 S 28 16.3 20.1 14:19 13.8 07:31 2.2 0.2 0.0 2.8 20.9 10:24 S 29 16.2 19.0 12:05 14.3 09:00 2.1 0.1 0.0 2.6 22.7 16:12 S 30 13.7 18.6 15:02 8.6 02:44 4.6 0.0 0.0 1.8 22.3 17:15 SSW 31 16.7 23.0 15:29 10.9 09:00 2.6 1.1 0.0 1.1 8.6 12:08 NE ---------------------------------------------------------------------------------- 20.4 37.9 8 8.4 19 37.4 103.2 36.2 2.8 40.3 18 SSW Max >= 27.0: 15 Max <= 0.0: 0 Min <= 0.0: 0 Min <= -18.0: 0 Max Rain: 15.0 on day 18 Days of Rain: 4 (>= 0.2 mm) 3 (>= 2.0 mm) 0 (>= 20.0 mm) Heat Base: 18.3 Cool Base: 18.3 Method: Integration |