NOAA-Style Climate Reports
Select a Year or Month report
Report for 2016 Jul Monthly Climatological Summary for Jul 2016 Name: North Bayswater Weather City: State: Elevation: 114 m Lat: S 37° 49' 25" Lon: E 145° 17' 47" Temperature (°C), Rain (mm), Wind Speed (km/h) Heat Cool Avg Mean Deg Deg Wind Dom Day Temp High Time Low Time Days Days Rain Speed High Time Dir ---------------------------------------------------------------------------------- 1 10.9 12.9 13:42 8.9 09:00 7.4 0.0 1.0 1.9 15.5 10:21 W 2 12.1 15.2 13:37 9.6 05:25 6.2 0.0 0.0 2.0 13.7 15:20 NNW 3 12.1 15.6 13:49 9.5 01:57 6.2 0.0 0.0 4.7 22.0 15:47 NNE 4 10.2 12.3 13:03 7.6 05:31 8.1 0.0 0.5 2.7 20.9 16:07 NE 5 10.9 12.9 22:04 9.4 10:24 7.4 0.0 8.8 1.9 7.9 17:17 SW 6 11.5 12.6 20:26 10.3 19:31 6.8 0.0 2.1 2.9 20.9 10:00 SW 7 12.4 13.6 15:38 10.9 10:00 5.9 0.0 0.0 1.4 19.1 18:46 SE 8 13.1 15.1 14:39 10.7 22:24 5.2 0.0 0.0 0.9 12.2 10:09 NE 9 10.6 14.1 14:40 7.3 21:27 7.7 0.0 0.0 0.6 6.8 10:08 N 10 11.9 13.2 12:17 7.9 09:00 6.8 0.0 0.5 11.5 40.7 20:32 NE 11 13.0 15.9 12:40 11.3 08:47 5.3 0.0 0.0 11.5 40.0 12:12 NNE 12 7.9 12.9 12:37 4.8 06:25 10.4 0.0 1.0 9.3 38.5 10:55 NW 13 8.5 10.9 15:00 5.6 06:19 9.8 0.0 0.5 4.5 36.7 12:23 W 14 10.5 12.4 13:57 7.9 09:00 7.8 0.0 0.0 2.3 19.1 14:48 N 15 11.5 13.8 14:33 8.4 05:27 6.8 0.0 0.0 0.7 13.0 11:01 W 16 8.4 14.7 14:52 3.0 06:54 9.9 0.0 0.0 0.8 11.2 08:58 NNE 17 13.6 16.3 14:43 7.1 09:00 4.7 0.0 0.0 11.5 36.0 11:54 NE 18 14.6 17.8 12:46 12.3 05:56 3.7 0.0 0.0 4.2 33.8 12:18 NNE 19 12.9 15.7 12:30 10.5 06:30 5.4 0.0 0.5 0.4 10.1 13:05 W 20 11.1 16.4 14:04 6.9 03:38 7.2 0.0 1.6 0.9 10.1 14:59 SSW 21 14.8 17.3 13:50 9.4 09:01 3.5 0.0 11.4 9.2 39.2 01:40 NE 22 11.5 16.6 14:25 7.5 08:30 6.8 0.0 5.2 5.6 34.9 11:49 WNW 23 7.5 10.8 13:06 4.4 05:46 10.8 0.0 1.0 5.3 33.8 10:38 WNW 24 8.9 11.6 13:20 6.2 09:00 9.4 0.0 0.0 6.4 33.5 12:57 NE 25 9.3 13.4 14:22 6.4 04:12 9.0 0.0 4.7 6.4 42.1 17:34 N 26 9.3 10.4 12:29 7.8 09:00 9.0 0.0 1.0 7.2 33.8 23:45 NNE 27 10.0 11.5 15:09 8.9 03:28 8.3 0.0 1.5 3.1 19.4 15:15 W 28 11.9 14.1 12:11 9.9 09:00 6.4 0.0 0.0 5.2 22.7 03:17 N 29 11.1 13.5 15:32 8.9 04:06 7.2 0.0 2.6 1.9 31.3 09:28 NNE 30 12.0 14.8 12:12 10.2 09:00 6.3 0.0 1.5 7.9 41.0 23:28 NE 31 13.3 16.9 14:01 11.2 21:14 5.0 0.0 5.2 4.6 16.9 02:18 NE ---------------------------------------------------------------------------------- 11.2 17.8 18 3.0 16 220.4 0.0 50.6 4.5 42.1 25 NNE Max >= 27.0: 0 Max <= 0.0: 0 Min <= 0.0: 0 Min <= -18.0: 0 Max Rain: 11.4 on day 21 Days of Rain: 18 (>= 0.2 mm) 7 (>= 2.0 mm) 0 (>= 20.0 mm) Heat Base: 18.3 Cool Base: 18.3 Method: Integration |