NOAA-Style Climate Reports
Select a Year or Month report
Report for 2016 Aug Monthly Climatological Summary for Aug 2016 Name: North Bayswater Weather City: State: Elevation: 114 m Lat: S 37° 49' 25" Lon: E 145° 17' 47" Temperature (°C), Rain (mm), Wind Speed (km/h) Heat Cool Avg Mean Deg Deg Wind Dom Day Temp High Time Low Time Days Days Rain Speed High Time Dir ---------------------------------------------------------------------------------- 1 10.4 14.3 15:13 5.9 04:34 7.9 0.0 17.6 2.1 22.3 13:13 NE 2 10.8 13.9 14:36 8.2 09:00 7.5 0.0 0.5 1.5 23.0 14:38 SW 3 8.9 12.8 12:25 4.4 08:08 9.4 0.0 0.0 1.3 15.5 13:08 SSW 4 8.0 14.3 13:31 3.5 05:52 10.3 0.0 0.0 1.1 13.3 16:42 ESE 5 9.1 14.6 14:00 5.1 01:32 9.2 0.0 1.0 1.0 11.9 12:46 NNW 6 10.9 14.4 14:51 8.5 09:00 7.4 0.0 0.0 0.6 6.8 12:12 NE 7 9.4 15.9 12:54 4.8 04:11 8.9 0.0 0.0 1.0 13.3 08:45 NE 8 11.9 14.3 15:34 8.3 09:00 6.4 0.0 0.0 10.9 35.6 07:16 NE 9 14.0 17.8 14:46 9.6 07:47 4.3 0.0 0.0 10.2 40.3 12:20 NNE 10 10.4 14.8 14:16 6.9 02:57 7.9 0.0 6.7 6.5 32.8 15:27 NNE 11 10.8 14.2 13:22 7.8 05:38 7.6 0.0 0.0 4.0 22.7 08:47 N 12 10.4 14.4 13:40 6.5 07:06 7.9 0.0 1.6 6.1 37.8 16:29 NE 13 12.1 14.3 11:53 8.9 09:00 6.2 0.0 0.0 3.2 20.5 16:19 N 14 13.3 17.3 14:29 11.1 09:00 5.0 0.0 0.0 2.4 16.9 15:44 NNE 15 13.5 18.6 14:39 10.4 00:45 4.8 0.0 0.0 6.1 25.9 08:32 NE 16 15.7 19.5 13:54 13.1 09:00 2.8 0.1 0.0 7.0 35.6 10:54 NE 17 11.9 16.2 15:34 7.4 00:12 6.4 0.0 0.0 3.4 19.8 08:50 ENE 18 18.2 22.0 14:57 14.7 09:00 0.8 0.6 0.0 14.5 42.5 19:42 NE 19 10.1 17.6 09:00 6.1 06:55 8.2 0.0 8.3 4.0 38.2 09:11 NNE 20 10.8 12.7 15:05 8.2 09:00 7.5 0.0 1.5 4.7 22.7 13:27 NNW 21 11.7 14.4 11:14 9.6 06:26 6.6 0.0 2.1 3.1 21.2 11:07 NNE 22 10.9 16.8 13:24 6.9 07:31 7.4 0.0 2.6 1.3 18.0 13:32 NE 23 8.8 15.1 13:56 3.3 05:11 9.5 0.0 0.0 1.2 13.3 13:03 SSE 24 9.6 14.4 14:27 4.1 09:00 8.7 0.0 2.1 1.3 14.8 11:45 SW 25 9.0 12.8 15:59 6.9 03:26 9.3 0.0 5.7 1.2 13.0 14:52 SW 26 10.8 13.4 14:13 8.8 09:00 7.5 0.0 0.0 1.9 16.9 13:02 NNW 27 11.8 16.1 13:34 10.1 01:51 6.5 0.0 0.0 5.9 33.8 12:25 NNE 28 13.4 19.4 14:19 8.4 05:10 5.0 0.1 0.0 3.0 19.4 08:50 NE 29 13.9 20.3 13:25 9.3 00:52 4.6 0.2 1.0 3.8 20.5 13:07 NE 30 14.2 15.8 12:45 12.1 06:03 4.1 0.0 1.0 8.3 39.6 16:58 NE 31 14.9 20.1 13:01 12.2 06:07 3.5 0.1 0.5 1.9 20.5 09:46 WNW ---------------------------------------------------------------------------------- 11.6 22.0 18 3.3 23 209.1 1.1 52.2 4.0 42.5 18 NNE Max >= 27.0: 0 Max <= 0.0: 0 Min <= 0.0: 0 Min <= -18.0: 0 Max Rain: 17.6 on day 1 Days of Rain: 14 (>= 0.2 mm) 7 (>= 2.0 mm) 0 (>= 20.0 mm) Heat Base: 18.3 Cool Base: 18.3 Method: Integration |