NOAA-Style Climate Reports
Select a Year or Month report
Report for 2016 Nov Monthly Climatological Summary for Nov 2016 Name: North Bayswater Weather City: State: Elevation: 114 m Lat: S 37° 49' 25" Lon: E 145° 17' 47" Temperature (°C), Rain (mm), Wind Speed (km/h) Heat Cool Avg Mean Deg Deg Wind Dom Day Temp High Time Low Time Days Days Rain Speed High Time Dir ---------------------------------------------------------------------------------- 1 13.1 16.9 11:37 7.8 05:23 5.2 0.0 0.5 2.2 18.0 12:01 WNW 2 13.8 18.9 16:38 8.2 06:20 4.5 0.0 0.0 2.0 21.2 09:17 W 3 16.1 23.2 16:01 9.6 05:39 3.2 1.0 0.0 2.4 14.4 08:09 N 4 19.5 29.5 16:15 10.4 05:37 2.8 4.0 0.0 10.4 38.9 17:31 WNW 5 13.8 17.0 14:37 11.3 09:00 4.6 0.0 0.0 8.2 37.4 01:22 W 6 18.5 23.3 17:02 14.1 09:00 1.0 1.2 0.0 6.1 23.0 05:10 N 7 17.6 26.5 13:05 12.4 06:11 2.2 1.5 1.0 5.3 35.6 09:06 NW 8 15.2 20.6 16:40 8.9 06:12 3.6 0.5 0.0 2.7 16.6 14:53 SW 9 15.6 20.1 14:24 12.6 05:56 2.9 0.2 1.0 2.7 16.2 16:46 SSW 10 14.1 19.8 16:13 7.2 05:55 4.4 0.2 0.0 2.0 17.3 14:06 SSW 11 19.5 25.9 16:05 13.8 09:00 1.1 2.3 2.1 2.6 20.5 02:39 SE 12 18.3 25.1 15:02 12.0 08:16 1.6 1.6 4.1 7.0 26.3 16:21 N 13 14.2 19.5 15:12 12.2 09:00 4.2 0.0 22.3 5.3 28.1 17:50 W 14 13.6 17.6 15:32 11.5 03:06 4.7 0.0 0.5 4.7 28.1 17:49 SW 15 15.3 19.6 17:23 12.6 05:48 3.1 0.1 2.1 2.3 13.7 15:06 WSW 16 17.4 23.4 16:26 12.2 06:15 2.1 1.3 0.0 2.2 19.4 08:51 S 17 24.2 31.4 15:51 16.4 04:13 0.3 6.2 0.0 6.1 35.3 14:44 NNE 18 16.9 23.9 12:10 10.9 03:18 2.7 1.3 0.0 2.1 16.6 15:30 SW 19 18.2 25.6 15:37 11.5 06:13 2.2 2.0 0.0 2.1 15.1 15:56 SW 20 26.8 33.7 14:57 18.1 09:00 0.0 8.5 0.0 5.0 36.4 08:57 NE 21 25.5 35.6 14:22 16.2 08:58 0.1 7.4 9.3 6.0 41.0 11:37 NNE 22 13.8 16.2 09:00 11.7 03:46 4.5 0.0 8.8 0.8 9.7 15:40 SW 23 12.4 16.0 17:48 8.4 02:26 5.9 0.0 3.1 3.2 27.0 16:52 SW 24 14.6 19.0 16:48 11.4 06:13 3.7 0.0 3.1 3.6 20.2 00:15 WSW 25 14.4 18.6 14:08 12.4 05:25 3.9 0.0 0.0 4.0 34.9 12:47 WSW 26 15.3 19.4 16:28 12.8 06:34 3.0 0.1 0.0 3.2 31.3 21:07 SW 27 16.6 21.8 13:17 14.3 05:33 2.1 0.5 0.0 2.4 16.6 14:02 SW 28 17.1 23.6 15:50 11.1 05:43 2.6 1.4 0.0 2.1 19.1 15:50 SW 29 18.8 25.6 16:06 12.3 04:53 1.7 2.2 0.0 2.1 13.0 14:36 SW 30 16.6 21.4 16:41 14.3 04:24 2.0 0.3 2.6 1.4 15.5 18:46 WSW ---------------------------------------------------------------------------------- 16.9 35.6 21 7.2 10 85.9 43.8 60.5 3.7 41.0 21 W Max >= 27.0: 4 Max <= 0.0: 0 Min <= 0.0: 0 Min <= -18.0: 0 Max Rain: 22.3 on day 13 Days of Rain: 13 (>= 0.2 mm) 9 (>= 2.0 mm) 1 (>= 20.0 mm) Heat Base: 18.3 Cool Base: 18.3 Method: Integration |