NOAA-Style Climate Reports
Select a Year or Month report
Report for 2017 Mar Monthly Climatological Summary for Mar 2017 Name: North Bayswater Weather City: State: Elevation: 114 m Lat: S 37° 49' 25" Lon: E 145° 17' 47" Temperature (°C), Rain (mm), Wind Speed (km/h) Heat Cool Avg Mean Deg Deg Wind Dom Day Temp High Time Low Time Days Days Rain Speed High Time Dir ---------------------------------------------------------------------------------- 1 23.5 33.4 14:51 14.3 05:27 0.8 6.0 0.0 1.7 13.7 12:06 SW 2 22.7 28.5 15:47 17.6 09:00 0.0 4.4 0.5 4.1 19.1 14:52 WSW 3 22.3 30.3 16:04 15.0 07:39 0.5 4.5 0.0 3.6 29.5 19:27 SSE 4 23.8 30.9 15:33 17.8 09:00 0.0 5.5 0.0 1.8 14.8 16:24 SW 5 21.2 27.8 15:12 16.1 06:27 0.4 3.3 0.0 3.5 26.6 15:55 SSW 6 21.5 28.3 15:24 16.2 08:04 0.4 3.6 0.0 5.0 24.5 17:34 SSE 7 20.6 29.1 15:40 13.3 05:48 1.3 3.7 0.0 2.1 17.3 17:35 SE 8 21.8 30.8 16:34 13.8 05:50 1.1 4.5 0.0 2.3 13.0 13:02 E 9 24.1 32.1 15:37 16.1 06:57 0.3 6.1 0.0 2.6 15.8 10:46 E 10 22.3 28.8 15:18 17.1 03:00 0.2 4.2 0.0 2.2 16.9 15:44 SW 11 22.4 31.2 15:38 18.8 09:00 0.0 4.1 0.0 2.8 19.1 03:33 SW 12 22.9 31.5 16:00 15.1 07:38 0.5 5.1 0.0 4.0 26.6 13:03 NE 13 23.0 29.1 14:33 16.8 09:00 0.0 4.7 0.0 3.0 24.1 18:14 WSW 14 28.6 32.5 16:16 19.5 09:00 0.0 10.3 0.0 3.3 31.0 19:57 SSW 15 28.0 33.6 15:08 19.5 09:00 0.0 12.9 2.6 7.6 36.0 17:38 NE 16 19.1 24.7 12:17 14.9 07:53 1.0 1.9 1.0 3.3 17.3 09:58 S 17 18.5 26.1 16:41 11.3 07:13 2.1 2.3 0.0 2.2 22.3 17:43 S 18 21.5 30.3 16:34 13.8 09:00 1.0 4.2 0.0 1.2 13.0 15:55 SSE 19 25.9 32.9 16:26 17.4 09:00 0.0 7.6 1.5 2.7 16.9 06:27 ENE 20 24.9 30.7 17:00 21.4 05:57 0.0 6.6 3.6 1.5 14.8 15:56 SSE 21 22.2 27.8 13:27 18.7 08:42 0.0 3.9 25.9 1.2 97.2 16:52 N 22 18.9 22.6 16:39 16.5 05:04 0.6 1.2 0.0 4.4 23.0 21:03 S 23 19.3 25.9 16:16 13.4 06:20 0.0 1.0 0.0 3.5 22.0 18:31 SE 24 20.7 25.9 16:10 14.6 09:00 0.2 2.5 0.0 1.8 13.0 06:56 NE 25 23.6 29.9 13:58 18.1 07:58 0.0 5.3 0.0 3.7 22.0 11:20 NE 26 24.1 29.4 16:42 19.1 09:00 0.0 5.8 0.0 3.7 30.6 08:33 NE 27 18.4 32.7 12:37 11.4 06:52 2.7 2.8 8.8 4.4 38.5 09:05 NE 28 18.7 24.1 16:30 12.9 09:00 1.1 1.5 0.0 2.9 16.6 07:49 NE 29 18.5 27.6 16:03 10.9 06:20 2.7 2.9 5.2 5.4 37.8 20:03 NNW 30 12.6 17.6 16:12 8.4 03:39 5.7 0.0 1.5 2.4 26.3 18:52 SW 31 12.7 17.8 16:43 8.3 06:26 5.6 0.0 0.0 1.4 12.2 14:37 WNW ---------------------------------------------------------------------------------- 21.6 33.6 15 8.3 31 28.2 132.4 50.6 3.1 97.2 21 SE Max >= 27.0: 23 Max <= 0.0: 0 Min <= 0.0: 0 Min <= -18.0: 0 Max Rain: 25.9 on day 21 Days of Rain: 9 (>= 0.2 mm) 5 (>= 2.0 mm) 1 (>= 20.0 mm) Heat Base: 18.3 Cool Base: 18.3 Method: Integration |