NOAA-Style Climate Reports
Select a Year or Month report
Report for 2017 Jun Monthly Climatological Summary for Jun 2017 Name: North Bayswater Weather City: State: Elevation: 114 m Lat: S 37° 49' 25" Lon: E 145° 17' 47" Temperature (°C), Rain (mm), Wind Speed (km/h) Heat Cool Avg Mean Deg Deg Wind Dom Day Temp High Time Low Time Days Days Rain Speed High Time Dir ---------------------------------------------------------------------------------- 1 10.7 13.1 14:53 8.2 09:00 7.6 0.0 0.0 0.3 7.6 14:29 WSW 2 11.5 14.9 13:25 9.3 04:25 6.8 0.0 0.0 0.4 7.9 13:40 SSE 3 9.2 14.1 14:35 4.3 07:28 9.1 0.0 0.0 0.3 8.3 05:58 NE 4 8.7 13.4 14:38 6.1 09:00 9.6 0.0 0.0 0.7 11.6 13:36 NE 5 11.0 14.1 14:48 7.6 06:24 7.3 0.0 6.7 2.6 16.9 13:20 NE 6 9.2 12.1 12:19 4.6 07:59 9.1 0.0 0.5 1.2 16.2 13:34 SSW 7 8.5 14.4 14:10 3.6 03:35 9.8 0.0 0.0 1.1 14.8 14:27 SE 8 10.2 12.6 15:11 7.6 09:00 8.8 0.0 2.1 1.0 13.0 13:24 NE 9 9.3 14.7 13:54 4.9 07:41 9.0 0.0 0.0 0.8 12.2 11:56 S 10 7.9 13.6 14:55 4.4 07:10 10.4 0.0 0.0 0.6 8.6 10:34 NE 11 11.0 15.9 14:33 5.8 09:00 7.3 0.0 0.0 0.9 9.0 11:14 NE 12 11.5 14.4 12:50 8.8 00:31 6.8 0.0 0.0 0.7 10.1 11:46 ENE 13 9.4 14.6 14:48 4.9 03:29 8.9 0.0 0.0 0.3 5.4 11:06 ENE 14 10.8 16.2 14:20 6.1 09:00 7.4 0.0 0.0 1.3 15.8 13:35 NNE 15 10.8 16.8 14:34 6.1 07:57 7.9 0.0 0.0 1.4 12.6 14:56 ENE 16 9.2 15.9 14:42 3.6 07:44 9.7 0.0 0.0 0.7 8.6 10:08 NNE 17 9.0 14.5 14:43 4.3 09:00 9.3 0.0 0.0 0.7 6.5 15:18 NNE 18 11.0 15.3 14:53 6.5 07:09 7.3 0.0 0.0 0.6 10.4 15:53 WNW 19 10.7 14.4 14:11 6.3 07:08 8.1 0.0 0.0 0.7 9.4 08:59 NE 20 11.0 14.5 13:44 7.5 09:00 7.3 0.0 1.0 3.7 20.5 12:16 NE 21 10.3 12.7 15:10 6.9 06:05 8.0 0.0 0.5 0.4 9.4 09:51 NE 22 10.4 13.3 14:18 8.1 09:00 7.9 0.0 0.0 3.9 15.5 12:22 NE 23 10.9 14.2 12:26 7.6 08:02 7.4 0.0 1.0 3.4 25.2 14:00 N 24 9.6 12.1 13:23 8.1 06:53 8.7 0.0 0.0 1.6 16.9 11:04 NW 25 10.4 12.3 13:03 8.1 05:51 7.9 0.0 1.0 2.2 23.8 11:08 N 26 9.2 11.8 16:06 5.8 06:36 9.1 0.0 0.5 0.3 5.8 07:18 NE 27 9.5 11.3 13:29 7.8 09:00 8.8 0.0 0.0 3.3 13.3 16:36 ENE 28 10.5 13.2 14:18 8.5 22:53 7.8 0.0 1.6 2.4 15.5 10:31 ENE 29 9.2 12.4 13:44 6.8 02:35 9.1 0.0 1.0 1.3 18.0 13:52 W 30 6.2 11.8 12:33 1.3 06:30 12.1 0.0 0.0 0.4 11.2 11:41 SW ---------------------------------------------------------------------------------- 9.9 16.8 15 1.3 30 254.3 0.0 15.9 1.3 25.2 23 NE Max >= 27.0: 0 Max <= 0.0: 0 Min <= 0.0: 0 Min <= -18.0: 0 Max Rain: 6.7 on day 5 Days of Rain: 10 (>= 0.2 mm) 2 (>= 2.0 mm) 0 (>= 20.0 mm) Heat Base: 18.3 Cool Base: 18.3 Method: Integration |