NOAA-Style Climate Reports
Select a Year or Month report
Report for 2017 Dec Monthly Climatological Summary for Dec 2017 Name: North Bayswater Weather City: State: Elevation: 114 m Lat: S 37° 49' 25" Lon: E 145° 17' 47" Temperature (°C), Rain (mm), Wind Speed (km/h) Heat Cool Avg Mean Deg Deg Wind Dom Day Temp High Time Low Time Days Days Rain Speed High Time Dir ---------------------------------------------------------------------------------- 1 19.9 23.6 14:15 18.9 17:21 0.0 1.6 0.0 3.0 17.3 10:23 E 2 15.1 18.9 09:00 12.1 07:27 3.3 0.1 33.2 4.2 22.0 22:34 WSW 3 13.6 17.8 12:53 10.4 04:01 4.7 0.0 5.2 2.7 33.1 15:29 WSW 4 13.9 17.8 17:18 9.9 05:45 4.4 0.0 2.1 1.8 20.5 17:44 SSW 5 17.3 23.8 16:00 11.3 05:40 2.2 1.2 0.0 2.6 16.2 13:50 S 6 17.4 25.4 14:04 9.8 05:59 0.9 0.0 0.0 2.1 16.2 17:30 SW 7 17.0 25.6 13:56 11.5 05:45 2.8 1.5 34.2 1.9 13.0 16:51 WSW 8 15.9 21.1 16:08 11.8 01:25 2.9 0.5 0.0 2.3 18.0 13:25 WSW 9 18.6 24.3 15:45 14.2 06:32 1.2 1.4 0.0 2.4 17.6 12:24 W 10 19.9 26.0 16:35 15.8 06:18 0.8 2.4 0.0 2.3 14.8 15:21 SW 11 19.2 25.1 14:49 15.1 00:36 1.2 2.1 0.0 3.1 20.9 16:15 SW 12 22.2 29.9 16:58 15.5 06:15 0.5 4.5 0.0 1.9 11.9 17:13 SSW 13 29.8 37.9 16:55 22.2 08:49 0.0 11.5 0.0 5.5 32.4 22:14 NE 14 18.9 25.4 15:58 11.7 05:57 1.7 2.3 0.0 1.8 25.2 17:27 SW 15 21.7 29.6 15:13 14.3 06:17 0.8 4.2 0.0 2.4 81.7 06:39 WSW 16 21.1 28.1 15:06 14.2 06:16 0.8 3.7 0.0 2.5 15.5 13:59 SW 17 23.5 30.9 17:04 17.4 04:53 0.1 5.3 0.0 2.3 19.4 17:36 SE 18 27.8 34.3 14:29 20.6 09:00 0.0 9.5 0.0 3.0 24.5 07:49 ENE 19 23.8 36.3 16:29 16.1 06:20 0.5 6.0 15.0 3.6 31.7 16:42 NE 20 18.4 24.7 14:19 11.7 06:17 1.7 1.8 0.0 2.9 26.6 15:32 W 21 19.2 26.6 16:35 12.8 05:58 1.7 2.6 0.0 2.2 13.3 18:12 SW 22 22.2 30.6 16:36 14.1 06:12 0.8 4.7 0.0 1.7 14.4 14:42 E 23 23.0 32.1 13:24 16.1 07:21 0.4 5.0 1.0 2.6 14.4 21:34 W 24 17.7 22.4 13:14 13.9 05:56 1.6 1.0 0.0 4.0 23.4 15:18 SSW 25 18.5 26.1 14:51 11.2 05:46 2.1 2.3 0.0 4.4 27.0 21:38 SSW 26 24.6 31.9 16:43 17.9 09:00 0.0 6.3 0.0 4.3 31.0 08:34 ENE 27 29.0 35.4 16:37 23.1 06:36 0.0 10.7 0.0 6.7 29.5 13:06 NE 28 24.4 33.2 13:10 18.6 05:54 0.0 6.1 0.5 2.5 20.9 17:14 NNW 29 20.0 26.5 13:28 -8.8 01:56 0.7 2.4 10.4 1.3 12.6 17:11 W 30 17.2 22.5 12:54 11.6 06:55 2.0 0.9 0.5 3.3 25.2 11:43 WSW 31 20.6 27.6 15:20 15.3 03:02 0.7 3.0 0.0 2.1 28.8 18:58 SW ---------------------------------------------------------------------------------- 20.4 37.9 13 -8.8 29 40.5 104.6 102.1 2.9 81.7 15 SW Max >= 27.0: 13 Max <= 0.0: 0 Min <= 0.0: 1 Min <= -18.0: 0 Max Rain: 34.2 on day 7 Days of Rain: 9 (>= 0.2 mm) 6 (>= 2.0 mm) 2 (>= 20.0 mm) Heat Base: 18.3 Cool Base: 18.3 Method: Integration |