NOAA-Style Climate Reports
Select a Year or Month report
Report for 2018 Mar Monthly Climatological Summary for Mar 2018 Name: North Bayswater Weather City: State: Elevation: 114 m Lat: S 37° 49' 25" Lon: E 145° 17' 47" Temperature (°C), Rain (mm), Wind Speed (km/h) Heat Cool Avg Mean Deg Deg Wind Dom Day Temp High Time Low Time Days Days Rain Speed High Time Dir ---------------------------------------------------------------------------------- 1 17.9 22.3 15:46 14.9 00:26 1.2 0.9 0.0 2.1 16.2 17:52 SW 2 19.9 27.5 17:01 13.3 06:30 0.0 1.6 0.0 1.8 15.1 18:26 SW 3 22.4 33.1 15:22 16.1 07:38 0.4 4.5 0.0 3.6 24.5 17:39 WSW 4 17.6 24.3 14:27 11.3 05:52 2.3 1.6 0.0 2.7 27.4 17:42 SW 5 17.0 22.4 15:58 13.1 04:06 2.2 0.9 0.0 3.7 24.5 14:54 SSW 6 19.7 28.3 16:33 13.4 06:37 1.5 3.0 0.0 2.1 19.8 18:18 SSW 7 21.4 30.9 16:06 12.6 05:59 1.4 4.6 0.0 1.8 27.0 18:51 ESE 8 22.5 31.5 15:30 13.1 06:25 1.1 5.3 0.0 2.7 15.5 15:52 ESE 9 22.1 32.1 16:20 12.3 07:17 1.4 5.2 0.0 1.9 15.8 15:33 WSW 10 25.0 34.6 14:57 15.3 09:00 0.3 7.0 0.0 2.5 20.9 11:13 ENE 11 19.9 26.4 14:55 15.5 07:31 1.0 2.7 0.0 4.2 23.8 14:08 SW 12 17.8 22.8 15:52 14.2 05:06 1.3 0.8 0.0 3.3 25.9 16:35 WSW 13 17.2 22.3 14:33 11.9 06:07 2.3 1.1 0.0 2.9 29.5 14:06 SW 14 17.7 23.9 15:04 12.9 02:32 2.0 1.4 0.0 1.8 25.9 17:30 WSW 15 16.8 22.4 15:01 10.9 06:03 2.4 0.9 0.0 1.8 14.4 15:29 SW 16 21.0 27.2 17:09 12.8 09:00 0.4 3.1 0.0 3.9 23.0 16:54 ENE 17 27.6 31.9 14:49 21.4 09:00 0.0 9.4 0.0 9.6 33.1 00:10 NE 18 17.2 24.1 09:00 10.8 04:49 2.6 1.5 0.5 6.0 39.6 13:44 WNW 19 20.2 27.9 17:16 13.9 09:00 0.9 2.7 0.5 4.9 23.0 13:12 WNW 20 15.2 19.4 14:13 11.5 06:14 3.2 0.1 0.0 4.4 27.0 02:01 S 21 18.2 26.3 15:29 11.3 06:38 2.2 2.1 0.0 2.0 15.5 14:59 SSE 22 20.3 28.0 15:42 13.3 09:00 1.0 3.0 0.0 1.7 20.2 18:57 SE 23 24.1 30.0 16:04 17.6 09:00 0.0 5.8 0.0 6.4 25.9 05:27 ENE 24 20.1 22.6 17:04 18.4 13:54 0.0 1.8 15.0 7.8 34.6 05:58 ENE 25 16.9 25.3 14:55 9.5 04:16 3.6 2.2 7.8 6.7 30.2 11:32 NW 26 13.2 17.5 13:07 9.5 04:52 5.1 0.0 3.1 3.2 27.0 13:46 W 27 18.3 22.0 16:50 11.1 09:00 0.7 0.8 0.0 7.4 23.0 03:36 NE 28 21.8 30.2 15:30 16.2 08:10 0.5 4.0 0.0 4.3 38.2 11:04 NNE 29 17.5 23.9 14:03 11.3 05:43 2.4 1.6 0.0 2.1 19.1 14:01 SW 30 17.4 23.4 16:08 11.9 07:46 2.0 1.1 0.0 2.2 16.2 13:30 WSW 31 17.1 24.0 16:29 12.3 02:17 2.8 1.5 0.0 1.2 10.8 18:37 SW ---------------------------------------------------------------------------------- 19.4 34.6 10 9.5 25 48.2 82.2 26.9 3.6 39.6 18 WNW Max >= 27.0: 13 Max <= 0.0: 0 Min <= 0.0: 0 Min <= -18.0: 0 Max Rain: 15.0 on day 24 Days of Rain: 5 (>= 0.2 mm) 3 (>= 2.0 mm) 0 (>= 20.0 mm) Heat Base: 18.3 Cool Base: 18.3 Method: Integration |