NOAA-Style Climate Reports
Select a Year or Month report
Report for 2018 Jul Monthly Climatological Summary for Jul 2018 Name: North Bayswater Weather City: State: Elevation: 114 m Lat: S 37° 49' 25" Lon: E 145° 17' 47" Temperature (°C), Rain (mm), Wind Speed (km/h) Heat Cool Avg Mean Deg Deg Wind Dom Day Temp High Time Low Time Days Days Rain Speed High Time Dir ---------------------------------------------------------------------------------- 1 6.4 13.2 13:46 1.9 05:07 11.9 0.0 0.0 0.6 13.0 11:52 NE 2 9.3 13.3 14:43 3.1 09:00 9.0 0.0 0.0 6.3 37.1 08:00 ENE 3 12.4 14.5 14:52 10.9 09:00 5.9 0.0 0.0 12.6 37.4 00:45 ENE 4 13.9 16.1 14:48 12.2 09:00 4.4 0.0 2.1 13.9 41.0 18:27 ENE 5 15.3 17.4 23:28 11.9 08:04 3.0 0.0 0.0 9.7 38.9 15:44 NE 6 10.9 13.9 14:06 8.9 05:09 7.4 0.0 1.0 8.0 40.0 01:51 N 7 9.6 12.1 13:14 8.5 09:57 8.7 0.0 4.1 5.8 32.8 16:27 WNW 8 10.4 13.0 14:21 9.2 04:04 7.9 0.0 3.1 3.1 31.7 13:14 WSW 9 10.3 12.3 13:35 8.9 05:57 8.0 0.0 0.5 1.1 15.1 15:16 WSW 10 8.7 11.1 14:17 5.6 06:31 9.6 0.0 0.0 1.8 11.9 13:27 NNE 11 7.6 11.5 14:20 4.1 04:18 10.7 0.0 0.0 3.1 21.6 11:53 ENE 12 7.9 10.8 14:56 5.2 09:05 10.4 0.0 0.0 0.2 8.3 11:09 SW 13 8.4 12.8 15:17 4.3 07:25 9.9 0.0 0.0 0.6 10.1 13:41 W 14 8.7 13.8 13:53 5.3 09:00 9.6 0.0 0.0 5.4 22.7 08:52 ENE 15 9.8 13.8 13:47 7.5 09:00 8.9 0.0 0.5 11.1 32.8 06:53 ENE 16 9.9 12.3 13:44 8.6 09:00 8.4 0.0 0.0 9.0 32.0 09:12 ENE 17 10.2 16.9 14:53 5.4 06:14 8.1 0.0 2.6 7.9 40.3 11:48 NE 18 10.7 13.9 13:24 7.2 09:00 7.6 0.0 0.0 9.5 36.0 16:01 NE 19 10.2 16.6 13:11 6.4 06:27 8.1 0.0 5.2 4.3 30.6 14:11 NE 20 7.5 10.8 11:51 4.1 03:42 10.8 0.0 1.0 2.9 35.3 15:27 WNW 21 9.5 12.3 14:03 7.3 09:00 8.8 0.0 0.0 3.8 12.6 08:49 ENE 22 9.9 14.3 13:45 7.3 00:21 8.4 0.0 0.0 9.3 31.3 12:49 NE 23 10.7 13.6 15:25 8.4 06:32 9.1 0.0 0.0 13.3 41.4 17:20 ENE 24 9.9 13.9 12:38 7.1 03:53 8.4 0.0 9.3 4.7 36.0 13:32 NE 25 10.5 13.9 13:23 6.5 07:42 7.8 0.0 0.5 1.8 13.7 13:47 NNW 26 10.8 14.3 13:27 8.0 09:00 7.5 0.0 0.0 3.4 15.1 09:59 ENE 27 12.9 17.6 14:43 8.1 07:36 5.6 0.0 0.0 2.9 14.0 14:39 NE 28 13.9 18.1 15:14 9.8 09:00 4.4 0.0 2.6 5.3 29.9 22:18 NE 29 9.5 13.2 12:57 6.9 04:48 8.8 0.0 0.5 5.6 34.2 13:08 WNW 30 10.0 12.1 13:35 8.3 09:00 8.3 0.0 0.0 9.0 35.6 00:18 NE 31 10.8 15.3 13:44 8.2 01:43 7.5 0.0 5.7 4.9 31.7 14:29 N ---------------------------------------------------------------------------------- 10.2 18.1 28 1.9 1 252.9 0.0 38.7 5.8 41.4 23 NE Max >= 27.0: 0 Max <= 0.0: 0 Min <= 0.0: 0 Min <= -18.0: 0 Max Rain: 9.3 on day 24 Days of Rain: 14 (>= 0.2 mm) 8 (>= 2.0 mm) 0 (>= 20.0 mm) Heat Base: 18.3 Cool Base: 18.3 Method: Integration |