NOAA-Style Climate Reports
Select a Year or Month report
Report for 2018 Oct Monthly Climatological Summary for Oct 2018 Name: North Bayswater Weather City: State: Elevation: 114 m Lat: S 37° 49' 25" Lon: E 145° 17' 47" Temperature (°C), Rain (mm), Wind Speed (km/h) Heat Cool Avg Mean Deg Deg Wind Dom Day Temp High Time Low Time Days Days Rain Speed High Time Dir ---------------------------------------------------------------------------------- 1 16.1 23.6 14:43 10.9 06:07 3.4 1.2 0.0 2.0 16.6 11:41 NE 2 19.8 24.0 15:18 14.0 09:00 0.4 1.9 0.0 6.1 29.5 13:35 ENE 3 13.4 18.9 09:00 10.1 06:10 4.9 0.0 0.0 2.5 16.9 09:19 SW 4 12.3 15.3 15:48 7.9 06:22 6.0 0.0 0.0 2.4 22.3 11:18 SSW 5 14.9 21.5 14:26 7.9 05:47 4.1 0.7 0.0 2.2 15.8 08:30 SE 6 16.9 24.6 15:40 8.5 07:14 3.1 1.7 0.0 1.6 15.1 09:51 ENE 7 18.6 26.8 14:04 11.6 06:29 2.0 2.3 0.0 1.4 11.2 13:30 NE 8 21.4 28.4 15:05 16.0 06:12 0.6 3.7 0.0 1.9 14.4 20:17 ESE 9 13.3 18.2 11:57 9.1 06:16 5.0 0.0 4.2 3.6 27.7 07:46 S 10 11.0 16.4 15:53 4.9 06:38 7.3 0.0 0.0 5.4 38.9 10:48 SE 11 13.9 21.8 15:55 6.9 06:22 5.0 0.6 0.0 1.7 15.8 17:05 S 12 15.8 23.6 15:47 8.4 06:42 3.8 1.3 0.0 1.9 17.3 08:59 SE 13 17.9 25.8 15:46 11.6 04:51 2.4 2.0 2.1 3.0 27.4 12:01 ENE 14 21.8 27.8 15:06 17.3 06:45 0.1 3.6 0.0 8.7 31.0 14:40 ENE 15 23.9 28.4 14:13 19.9 05:22 0.0 5.6 0.5 10.7 38.9 07:58 ENE 16 18.0 21.8 13:40 15.5 01:20 1.2 0.9 15.5 5.3 42.5 12:18 ENE 17 17.9 22.8 14:01 14.4 08:40 1.5 1.1 3.6 3.7 27.0 16:26 NNE 18 16.2 19.5 14:36 11.9 06:29 2.5 0.2 0.5 3.4 32.0 13:04 NE 19 21.6 27.6 14:13 13.1 07:51 0.8 4.1 6.7 7.0 31.3 13:11 NE 20 11.8 15.8 14:55 8.5 05:57 6.5 0.0 5.2 1.6 20.9 15:16 WSW 21 13.9 20.2 15:52 8.6 05:11 4.7 0.3 0.0 2.0 19.1 08:43 W 22 19.4 26.8 15:14 11.3 05:56 1.7 2.8 0.0 7.5 29.5 09:58 ENE 23 13.8 19.6 16:09 9.8 06:58 4.6 0.1 0.0 2.6 21.2 17:07 WSW 24 12.4 18.8 14:36 6.2 05:18 5.9 0.0 0.0 3.1 16.2 19:32 S 25 14.5 22.8 13:54 8.4 02:28 4.5 0.8 0.0 2.4 22.0 15:26 W 26 14.6 20.3 15:30 10.9 00:25 4.0 0.3 0.0 2.4 24.5 13:49 WSW 27 13.3 20.1 14:21 6.4 06:12 5.1 0.1 0.0 3.4 24.8 18:31 WSW 28 13.1 19.9 16:18 8.2 03:02 5.4 0.2 0.0 3.4 20.9 09:27 SW 29 14.6 21.8 16:28 7.6 06:03 4.4 0.7 0.0 2.7 24.8 17:45 SW 30 19.1 27.3 17:16 12.7 02:26 2.0 2.8 0.0 2.0 25.2 19:13 W 31 17.8 22.9 14:06 12.9 04:37 1.7 1.2 0.0 1.5 11.5 12:42 SW ---------------------------------------------------------------------------------- 16.2 28.4 8 4.9 10 104.6 40.2 38.3 3.5 42.5 16 E Max >= 27.0: 5 Max <= 0.0: 0 Min <= 0.0: 0 Min <= -18.0: 0 Max Rain: 15.5 on day 16 Days of Rain: 8 (>= 0.2 mm) 6 (>= 2.0 mm) 0 (>= 20.0 mm) Heat Base: 18.3 Cool Base: 18.3 Method: Integration |