NOAA-Style Climate Reports
Select a Year or Month report
Report for 2018 Dec Monthly Climatological Summary for Dec 2018 Name: North Bayswater Weather City: State: Elevation: 114 m Lat: S 37° 49' 25" Lon: E 145° 17' 47" Temperature (°C), Rain (mm), Wind Speed (km/h) Heat Cool Avg Mean Deg Deg Wind Dom Day Temp High Time Low Time Days Days Rain Speed High Time Dir ---------------------------------------------------------------------------------- 1 23.6 32.1 16:14 13.2 04:58 0.9 6.1 9.8 7.4 36.7 15:41 NE 2 15.4 20.6 13:54 10.9 03:30 3.2 0.2 0.0 4.3 38.2 12:15 W 3 16.7 22.1 15:43 13.3 04:23 2.3 0.7 1.6 5.6 39.2 14:32 W 4 16.1 21.6 15:04 10.9 05:59 2.7 0.6 0.0 1.2 19.4 14:10 SW 5 20.8 28.5 17:09 13.4 05:40 1.1 3.6 2.1 1.6 13.7 08:45 SW 6 29.2 36.2 16:29 23.6 09:00 0.0 10.9 0.0 8.6 31.3 08:54 ENE 7 29.1 37.4 15:57 21.6 05:49 0.0 10.8 0.5 7.8 40.7 11:17 NE 8 21.6 28.9 16:19 16.1 05:27 0.6 4.0 0.5 2.6 20.9 18:46 SW 9 19.1 22.8 15:09 16.1 04:56 0.5 1.4 0.0 1.7 10.8 03:28 WSW 10 18.6 24.9 13:30 12.2 05:57 1.9 2.1 0.0 2.5 27.7 13:42 SW 11 22.6 29.8 15:56 16.1 05:28 0.2 4.5 0.0 2.9 23.0 08:13 SSE 12 26.3 34.1 13:34 19.1 08:56 0.0 8.0 2.1 5.6 33.8 09:34 ENE 13 17.8 21.1 17:30 15.0 04:34 1.0 0.4 18.6 1.9 18.7 17:32 SW 14 18.9 24.4 14:08 16.1 05:59 0.5 1.1 8.8 0.9 15.1 03:20 NNW 15 20.4 26.6 17:34 15.5 05:49 0.5 2.7 4.1 2.8 25.6 14:03 NE 16 19.4 24.9 14:42 14.5 04:56 1.1 2.2 3.1 3.9 28.8 13:04 NNE 17 19.4 24.8 15:28 15.8 04:53 0.7 1.9 0.0 2.9 18.4 19:13 WSW 18 20.1 25.7 16:27 17.3 09:00 0.2 2.1 0.0 2.6 15.5 16:29 SW 19 22.2 29.0 15:19 17.1 02:49 0.1 4.0 0.0 1.2 15.8 10:05 NW 20 18.3 24.5 14:55 14.4 01:54 1.5 1.5 0.0 3.3 23.0 16:50 WSW 21 17.6 24.6 15:34 12.5 06:12 2.5 1.6 5.7 3.1 19.4 11:11 S 22 15.1 20.5 15:40 8.9 05:48 3.5 0.3 0.0 2.6 18.4 09:04 SSW 23 21.0 28.5 16:41 13.3 05:44 1.1 3.8 0.0 1.9 19.1 08:25 E 24 25.9 34.8 16:05 14.8 06:40 0.5 8.0 0.0 3.6 22.0 17:01 NNE 25 22.3 32.5 14:21 13.9 06:22 0.9 4.9 0.0 2.8 21.6 16:16 SW 26 23.2 30.9 17:02 15.6 05:44 0.4 5.3 0.0 2.1 14.8 15:21 WSW 27 30.4 40.0 16:07 22.5 05:57 0.0 13.1 0.0 4.0 26.6 16:03 NNE 28 28.8 37.3 11:42 21.6 07:08 0.0 10.5 0.0 3.5 22.7 11:19 WNW 29 21.2 24.3 12:00 17.8 04:25 0.1 3.1 1.0 1.7 13.0 03:44 W 30 19.7 25.4 15:12 16.8 05:20 0.3 1.6 1.0 1.8 14.4 15:12 SW 31 22.0 30.1 16:08 14.6 06:16 0.6 4.3 0.0 2.4 15.8 16:21 WSW ---------------------------------------------------------------------------------- 21.4 40.0 27 8.9 22 28.9 125.3 58.9 3.3 40.7 7 NW Max >= 27.0: 15 Max <= 0.0: 0 Min <= 0.0: 0 Min <= -18.0: 0 Max Rain: 18.6 on day 13 Days of Rain: 13 (>= 0.2 mm) 8 (>= 2.0 mm) 0 (>= 20.0 mm) Heat Base: 18.3 Cool Base: 18.3 Method: Integration |