NOAA-Style Climate Reports
Select a Year or Month report
Report for 2019 Apr Monthly Climatological Summary for Apr 2019 Name: North Bayswater Weather City: Bayswater State: Victoria Elevation: 114 m Lat: S 37° 49' 25" Lon: E 145° 17' 47" Temperature (°C), Rain (mm), Wind Speed (km/h) Heat Cool Avg Mean Deg Deg Wind Dom Day Temp High Time Low Time Days Days Rain Speed High Time Dir ---------------------------------------------------------------------------------- 1 12.6 18.0 16:15 7.5 06:06 5.7 0.0 0.0 0.3 6.5 17:49 S 2 17.8 25.3 15:46 9.3 09:00 2.5 2.0 0.0 2.6 21.6 13:08 NE 3 17.5 24.5 13:38 12.9 06:06 2.2 1.5 0.0 2.1 42.8 17:12 SW 4 17.7 23.5 16:24 13.4 09:00 1.7 1.1 0.0 1.2 11.5 08:28 ENE 5 23.1 28.3 15:08 17.0 09:00 0.2 4.9 0.0 9.4 34.2 14:15 NE 6 15.2 21.7 15:08 9.0 05:46 4.0 0.7 0.0 1.2 15.1 08:49 W 7 18.1 25.6 14:50 10.6 06:04 2.3 2.2 0.0 3.6 33.1 12:12 NNE 8 16.5 22.9 14:58 10.5 06:59 2.8 1.0 9.3 3.1 30.2 15:32 NW 9 12.2 15.6 13:31 10.6 06:33 6.1 0.0 3.6 1.5 25.2 11:38 WSW 10 12.4 16.1 13:27 7.2 06:39 5.9 0.0 0.0 0.5 15.8 14:12 SSW 11 12.5 19.2 14:11 6.6 04:51 5.9 0.1 0.0 0.7 10.8 17:38 SW 12 15.1 23.9 15:35 8.7 02:47 4.4 1.2 0.0 1.7 22.3 13:29 NE 13 15.6 21.1 14:51 12.1 07:01 3.0 0.4 0.0 0.5 10.1 16:32 ESE 14 17.2 24.2 15:24 12.7 01:47 2.4 1.3 0.0 0.7 15.5 18:26 E 15 20.0 25.8 15:04 16.1 00:20 0.5 2.2 0.0 3.2 18.0 12:26 ENE 16 24.3 29.6 15:05 20.9 09:00 0.0 6.0 0.0 8.9 40.3 07:39 ENE 17 22.0 30.3 14:13 12.7 07:14 1.1 4.9 0.0 5.6 33.8 09:00 NE 18 14.3 20.2 13:12 7.9 07:02 4.2 0.2 0.0 2.1 20.5 13:35 SW 19 14.2 22.6 15:04 8.4 05:46 4.8 0.8 0.0 1.0 14.0 13:30 NE 20 20.6 28.4 14:35 14.1 09:00 0.6 2.9 0.0 3.9 25.6 08:55 ENE 21 20.2 26.9 13:23 14.5 06:13 1.3 3.2 1.5 3.6 25.2 09:57 NE 22 14.7 17.3 14:36 11.8 00:36 3.6 0.0 0.0 0.9 9.4 10:56 SSW 23 16.1 18.8 14:33 14.7 06:03 2.2 0.0 0.0 0.5 10.8 16:31 SW 24 14.5 21.6 15:02 8.5 07:15 4.1 0.3 0.5 1.0 13.7 11:20 ENE 25 14.9 19.9 15:13 11.6 22:10 3.6 0.2 2.6 1.3 13.3 15:17 NW 26 10.8 14.8 13:08 7.6 04:29 7.5 0.0 1.0 3.1 36.4 17:50 W 27 13.2 14.9 12:48 9.9 09:00 5.1 0.0 1.0 2.0 18.4 12:38 WNW 28 12.9 16.6 15:11 10.1 02:47 5.4 0.0 0.5 0.7 11.5 15:02 W 29 11.2 16.7 15:38 6.8 05:19 7.1 0.0 0.0 0.3 11.9 08:25 NE 30 19.0 22.8 14:31 12.9 09:00 0.3 1.0 0.0 7.7 37.1 23:24 NE ---------------------------------------------------------------------------------- 16.2 30.3 17 6.6 11 100.5 38.1 20.0 2.5 42.8 3 NE Max >= 40.0: 0 Max <= 18.0: 8 Min <= 18.0: 29 Min <= 10.0: 12 Max Rain: 9.3 on day 8 Days of Rain: 8 (>= 0.2 mm) 3 (>= 2.0 mm) 0 (>= 20.0 mm) Heat Base: 18.3 Cool Base: 18.3 Method: Integration |