NOAA-Style Climate Reports
Select a Year or Month report
Report for 2019 Sep Monthly Climatological Summary for Sep 2019 Name: North Bayswater Weather City: Bayswater State: Victoria Elevation: 114 m Lat: S 37° 49' 25" Lon: E 145° 17' 47" Temperature (°C), Rain (mm), Wind Speed (km/h) Heat Cool Avg Mean Deg Deg Wind Dom Day Temp High Time Low Time Days Days Rain Speed High Time Dir ---------------------------------------------------------------------------------- 1 12.8 20.1 13:59 10.1 05:18 5.6 0.2 6.2 3.7 31.7 12:10 NE 2 12.9 17.2 15:41 8.5 06:58 5.4 0.0 2.1 4.0 18.4 21:35 ENE 3 14.0 21.9 15:08 7.6 02:57 5.0 0.7 0.0 1.9 14.4 15:23 NE 4 13.4 18.9 14:29 8.5 06:48 4.9 0.0 2.6 1.8 18.0 11:18 NNW 5 14.6 21.0 14:01 10.8 08:15 4.1 0.3 4.7 3.3 23.4 05:32 ENE 6 10.3 15.6 12:34 7.6 06:35 8.0 0.0 8.8 4.9 38.2 02:33 WNW 7 9.1 12.3 14:50 7.0 07:05 9.2 0.0 1.0 4.5 27.7 10:25 W 8 8.8 13.8 12:28 5.8 05:19 9.5 0.0 15.5 4.4 32.8 03:45 W 9 9.4 13.8 14:30 7.8 00:38 8.9 0.0 1.6 3.2 38.2 10:08 WSW 10 9.0 15.8 15:53 3.5 05:35 9.3 0.0 0.0 1.2 15.8 16:10 W 11 14.6 20.4 15:11 9.5 09:00 4.0 0.3 0.0 9.7 32.8 03:58 ENE 12 12.8 19.5 12:32 7.1 06:29 5.6 0.1 0.0 3.7 27.7 09:09 WNW 13 12.4 17.3 15:44 7.1 05:46 5.9 0.0 0.0 2.1 15.8 22:22 NW 14 15.0 19.4 15:15 11.8 09:00 3.4 0.1 1.6 5.2 26.6 06:23 ENE 15 13.5 18.6 14:35 9.7 06:34 4.8 0.0 16.6 4.6 36.7 12:56 ENE 16 7.9 13.9 12:51 2.4 06:16 10.4 0.0 0.0 2.4 27.0 13:53 SW 17 9.1 15.5 14:50 3.3 06:32 9.2 0.0 0.0 1.8 14.0 10:44 SSW 18 12.6 19.6 15:30 7.4 02:32 5.8 0.2 0.0 2.9 22.0 12:11 NE 19 20.3 23.5 15:13 15.4 09:00 0.0 2.1 0.0 15.7 41.4 07:02 ENE 20 22.1 26.4 13:03 20.1 22:02 0.0 3.8 0.0 11.6 33.5 12:01 ENE 21 13.2 21.6 09:00 6.8 06:31 5.4 0.3 8.8 4.2 33.1 15:14 N 22 11.6 15.7 13:16 8.6 06:13 6.7 0.0 5.7 2.7 27.7 12:46 NNW 23 10.1 14.8 14:21 6.2 04:51 8.2 0.0 0.5 2.1 23.4 11:08 W 24 11.0 15.8 13:50 6.8 06:09 7.3 0.0 0.0 2.0 18.7 12:16 WNW 25 10.6 15.2 14:41 6.4 01:41 7.7 0.0 0.0 1.2 11.2 08:08 ENE 26 14.6 19.5 15:17 10.5 09:00 3.8 0.1 0.0 6.1 53.3 08:49 ENE 27 11.4 19.9 13:22 7.2 04:20 7.0 0.1 4.7 3.7 25.2 13:26 N 28 10.4 14.9 13:11 7.2 22:39 7.9 0.0 0.0 1.5 14.4 11:48 W 29 11.8 15.9 14:17 9.2 05:29 6.5 0.0 0.0 2.8 26.3 15:40 W 30 9.3 15.0 14:31 3.3 05:52 9.0 0.0 0.0 1.7 18.4 15:01 WSW ---------------------------------------------------------------------------------- 12.3 26.4 20 2.4 16 188.5 8.3 80.4 4.0 53.3 26 NNE Max >= 40.0: 0 Max <= 18.0: 16 Min <= 18.0: 29 Min <= 10.0: 24 Max Rain: 16.6 on day 15 Days of Rain: 14 (>= 0.2 mm) 10 (>= 2.0 mm) 0 (>= 20.0 mm) Heat Base: 18.3 Cool Base: 18.3 Method: Integration |