NOAA-Style Climate Reports
Select a Year or Month report
Report for 2019 Oct Monthly Climatological Summary for Oct 2019 Name: North Bayswater Weather City: Bayswater State: Victoria Elevation: 114 m Lat: S 37° 49' 25" Lon: E 145° 17' 47" Temperature (°C), Rain (mm), Wind Speed (km/h) Heat Cool Avg Mean Deg Deg Wind Dom Day Temp High Time Low Time Days Days Rain Speed High Time Dir ---------------------------------------------------------------------------------- 1 15.0 22.8 15:25 8.3 06:09 4.2 1.0 0.0 3.0 17.3 08:50 ENE 2 19.4 26.6 14:15 13.9 04:12 1.5 2.6 0.0 5.5 35.6 12:18 ENE 3 19.1 30.6 13:53 12.5 05:50 2.2 3.1 0.0 6.1 43.9 13:03 NNW 4 11.5 16.1 13:00 8.1 06:10 6.8 0.0 1.6 1.3 13.0 09:30 WSW 5 19.9 22.7 07:08 13.5 09:00 0.3 1.8 0.0 7.1 37.4 03:27 ENE 6 18.3 25.8 14:33 11.6 07:04 2.5 2.5 1.6 5.1 25.6 09:10 WNW 7 13.3 17.8 14:49 9.3 08:36 5.0 0.0 8.3 1.6 13.7 10:17 W 8 10.0 13.8 12:49 7.5 01:21 8.3 0.0 6.7 1.9 24.1 13:04 WSW 9 10.8 13.9 13:01 6.8 04:03 7.5 0.0 0.0 1.4 17.3 16:12 WSW 10 10.9 15.3 16:18 6.5 06:30 7.4 0.0 0.0 1.7 12.6 17:56 WSW 11 12.4 19.2 13:39 7.0 07:07 6.2 0.0 0.0 2.4 21.6 16:22 SE 12 13.8 20.1 12:32 7.9 04:53 4.7 0.2 0.0 1.8 14.4 17:55 ESE 13 17.4 22.1 15:22 13.1 09:00 1.6 0.8 0.0 6.5 25.2 15:05 ENE 14 17.8 26.4 16:36 12.5 06:18 2.3 1.9 0.0 4.0 23.4 12:32 ENE 15 15.4 20.4 14:48 12.3 06:11 3.2 0.3 0.0 2.1 21.6 17:13 WSW 16 13.4 18.9 15:53 9.1 06:42 4.9 0.0 9.3 2.9 21.6 13:55 NE 17 10.1 13.9 16:28 5.9 06:09 8.2 0.0 8.3 2.9 37.1 13:06 WNW 18 14.5 21.3 17:14 8.9 06:45 4.3 0.5 0.5 6.3 40.0 16:28 NNW 19 10.7 15.5 13:19 6.6 03:23 7.6 0.0 0.5 3.7 33.1 09:49 WNW 20 13.5 16.5 13:40 10.4 09:00 4.8 0.0 0.5 2.9 19.1 09:55 W 21 13.5 19.1 16:41 9.6 00:49 4.8 0.0 0.0 1.5 14.4 16:30 WSW 22 15.1 23.9 16:27 7.5 06:16 4.4 1.2 0.0 1.6 14.8 17:10 W 23 19.8 29.1 16:26 11.5 04:38 2.1 3.7 0.0 2.4 17.6 08:42 ENE 24 27.0 33.3 14:44 18.2 08:56 0.0 8.7 1.0 10.1 37.4 12:29 ENE 25 15.7 22.2 16:51 9.9 06:55 3.3 0.5 2.1 3.5 18.0 20:12 N 26 11.9 14.8 14:46 8.9 06:36 6.4 0.0 4.2 6.6 41.0 17:05 WNW 27 12.4 17.3 15:55 8.5 05:01 6.1 0.0 5.7 1.8 16.9 11:33 NW 28 15.8 23.5 17:09 8.8 06:23 3.7 1.2 0.0 2.1 11.9 13:03 E 29 21.4 30.2 16:59 13.4 07:09 1.4 4.5 0.0 3.9 27.7 11:04 NE 30 23.7 31.6 13:58 15.8 02:38 0.2 5.6 0.0 2.8 18.7 07:42 ENE 31 26.4 33.1 13:37 20.8 06:26 0.0 8.2 0.0 8.4 32.8 17:02 ENE ---------------------------------------------------------------------------------- 15.8 33.3 24 5.9 17 125.9 48.3 50.3 3.7 43.9 3 NNE Max >= 40.0: 0 Max <= 18.0: 10 Min <= 18.0: 29 Min <= 10.0: 18 Max Rain: 9.3 on day 16 Days of Rain: 13 (>= 0.2 mm) 7 (>= 2.0 mm) 0 (>= 20.0 mm) Heat Base: 18.3 Cool Base: 18.3 Method: Integration |