NOAA-Style Climate Reports
Select a Year or Month report
Report for 2019 Nov Monthly Climatological Summary for Nov 2019 Name: North Bayswater Weather City: Bayswater State: Victoria Elevation: 114 m Lat: S 37° 49' 25" Lon: E 145° 17' 47" Temperature (°C), Rain (mm), Wind Speed (km/h) Heat Cool Avg Mean Deg Deg Wind Dom Day Temp High Time Low Time Days Days Rain Speed High Time Dir ---------------------------------------------------------------------------------- 1 26.3 34.1 13:52 17.1 06:39 0.1 8.1 1.0 7.3 40.0 15:40 NE 2 16.0 18.3 09:30 13.6 06:15 2.3 0.0 19.7 2.3 23.0 15:45 E 3 14.4 20.7 12:10 8.8 04:59 3.9 0.2 1.0 1.8 19.1 18:01 SE 4 11.4 17.1 10:52 7.8 06:24 6.9 0.0 18.6 1.1 16.6 13:01 NW 5 15.0 20.3 17:37 10.5 09:00 3.5 0.2 0.0 2.6 18.7 15:20 NE 6 16.5 23.0 15:46 11.0 06:07 3.1 1.2 0.0 9.6 36.4 00:52 NW 7 12.6 14.8 13:37 10.3 06:37 5.7 0.0 15.0 2.3 24.8 12:24 NNW 8 9.7 15.6 15:26 6.2 07:04 8.9 0.0 9.3 2.1 34.6 14:43 WNW 9 11.5 14.2 12:14 9.2 09:00 6.8 0.0 1.6 3.3 31.3 18:59 WNW 10 14.1 17.7 08:52 10.4 04:27 4.2 0.0 0.0 2.6 19.1 08:40 NNW 11 22.1 29.1 16:56 12.1 06:44 1.0 4.7 1.5 7.0 27.4 12:22 NE 12 12.0 18.3 14:07 7.9 05:48 6.3 0.0 1.0 5.7 34.2 16:20 W 13 13.4 16.2 14:09 11.5 09:00 4.9 0.0 0.5 3.4 21.6 11:35 WNW 14 16.5 22.4 15:46 12.3 05:03 2.5 0.7 0.0 3.7 19.1 15:08 WNW 15 12.9 19.3 13:18 6.5 06:04 5.5 0.0 0.0 2.8 24.8 13:56 WNW 16 13.9 18.9 13:45 10.9 02:46 4.4 0.0 0.5 2.3 15.5 13:36 W 17 12.6 18.9 16:07 6.9 05:58 5.7 0.0 0.0 2.2 18.7 15:37 WSW 18 19.1 27.9 14:26 9.8 06:07 2.5 3.3 0.0 3.3 33.1 13:26 NNW 19 15.7 22.9 14:58 8.0 06:02 3.6 1.1 0.0 2.3 17.3 15:01 WSW 20 27.0 33.6 17:02 16.1 09:00 0.0 8.8 0.0 6.7 32.8 06:34 ENE 21 21.9 38.6 14:02 12.9 04:36 1.9 5.5 0.5 7.0 42.8 13:03 NNE 22 15.9 22.4 16:04 8.9 05:42 3.5 1.0 0.0 2.5 20.5 15:53 SW 23 16.4 24.9 15:11 8.7 06:26 3.3 1.5 0.0 2.7 25.2 16:30 W 24 18.7 26.6 15:25 10.9 05:57 2.1 2.5 0.0 2.9 15.8 17:04 ESE 25 20.5 30.0 12:05 11.6 06:24 1.5 3.7 2.1 4.5 27.0 01:14 NNE 26 12.5 17.6 13:39 6.7 06:14 5.8 0.0 1.0 4.1 37.8 16:37 WSW 27 17.9 26.6 16:54 10.9 04:29 2.7 2.3 0.0 2.4 21.2 13:00 NNW 28 18.3 25.9 15:56 12.6 03:11 2.0 2.0 0.0 1.5 32.0 18:11 WSW 29 16.5 25.6 14:19 10.2 06:57 3.3 1.5 8.3 1.4 15.8 15:36 WSW 30 14.9 20.6 16:20 10.3 03:02 3.7 0.3 0.0 0.9 14.8 08:15 W ---------------------------------------------------------------------------------- 16.2 38.6 21 6.2 8 111.6 48.6 81.6 3.5 42.8 21 NNW Max >= 40.0: 0 Max <= 18.0: 7 Min <= 18.0: 30 Min <= 10.0: 12 Max Rain: 19.7 on day 2 Days of Rain: 15 (>= 0.2 mm) 6 (>= 2.0 mm) 0 (>= 20.0 mm) Heat Base: 18.3 Cool Base: 18.3 Method: Integration |