NOAA-Style Climate Reports
Select a Year or Month report
Report for 2020 Jan Monthly Climatological Summary for Jan 2020 Name: North Bayswater Weather City: Bayswater State: Victoria Elevation: 114 m Lat: S 37° 49' 25" Lon: E 145° 17' 47" Temperature (°C), Rain (mm), Wind Speed (km/h) Heat Cool Avg Mean Deg Deg Wind Dom Day Temp High Time Low Time Days Days Rain Speed High Time Dir ---------------------------------------------------------------------------------- 1 19.8 27.3 17:00 11.8 06:16 1.5 3.0 0.0 2.1 18.7 13:46 WSW 2 20.9 29.1 15:14 12.2 06:17 1.4 4.0 0.0 1.7 22.7 15:37 WSW 3 26.3 36.3 17:57 17.8 09:00 0.0 8.0 0.0 2.0 20.5 08:15 ENE 4 19.2 29.2 11:49 13.0 08:59 1.8 2.7 2.1 3.4 29.5 13:40 SW 5 13.6 15.8 16:41 12.1 04:30 5.7 0.0 9.3 0.8 14.4 15:28 SW 6 15.2 17.0 08:57 13.1 09:00 3.1 0.0 0.5 0.4 8.3 12:21 NE 7 18.1 20.8 12:55 16.1 06:10 0.7 0.5 1.6 0.7 10.4 17:36 WSW 8 21.3 27.4 16:50 15.2 06:17 0.4 3.5 0.0 2.4 21.2 11:11 SSW 9 26.8 34.6 15:57 20.4 09:00 0.0 8.5 0.0 4.7 33.8 07:58 E 10 19.4 33.2 14:39 13.0 03:39 2.6 3.6 17.6 3.2 23.8 12:20 NNW 11 16.1 20.7 17:23 13.4 05:52 2.5 0.3 0.0 2.3 19.4 10:51 WSW 12 17.5 23.5 17:00 12.5 03:36 2.2 1.3 0.0 1.9 13.0 14:11 S 13 24.6 33.1 16:12 17.0 06:29 0.1 6.4 0.0 3.4 38.2 10:53 ENE 14 26.9 34.5 14:45 19.8 05:46 0.0 8.6 1.6 2.1 25.2 21:42 ESE 15 24.4 38.1 15:09 15.6 07:49 0.4 6.5 19.7 5.0 31.0 13:26 ENE 16 15.9 19.9 14:54 13.3 00:53 2.6 0.2 0.0 1.0 22.7 15:45 SW 17 19.3 26.9 15:20 13.3 05:37 1.4 2.4 2.1 1.7 31.3 16:27 S 18 22.8 30.4 14:02 16.5 06:18 0.2 4.7 2.1 1.3 16.6 16:00 SSE 19 21.5 32.2 14:27 16.8 05:43 0.2 3.4 4.1 2.8 36.0 18:18 ESE 20 17.8 26.1 12:11 14.7 02:14 1.7 1.3 20.2 2.1 28.4 13:51 W 21 19.4 25.6 16:18 14.8 02:20 1.0 2.2 0.0 2.9 36.0 08:30 ENE 22 22.2 31.1 15:22 14.1 04:06 1.1 5.1 16.1 8.1 42.5 18:50 ENE 23 15.3 20.8 12:57 8.8 06:20 3.5 0.5 1.6 4.1 33.1 12:01 N 24 18.3 24.7 17:55 11.8 06:09 2.0 2.0 2.1 1.8 21.6 16:08 NW 25 21.7 29.1 15:36 14.3 06:40 0.8 4.3 0.0 1.4 11.2 20:51 SW 26 19.5 26.6 13:18 11.8 06:45 1.6 2.9 0.0 2.6 18.7 12:48 WSW 27 19.4 27.4 15:32 12.4 05:46 1.7 2.8 0.0 1.7 18.4 17:10 SW 28 20.1 27.3 16:28 13.4 06:10 1.2 3.0 0.0 1.8 14.0 15:28 W 29 23.0 32.3 16:29 14.5 05:03 0.7 5.4 0.0 1.5 9.7 08:00 ENE 30 29.4 38.9 15:04 20.2 06:07 0.0 11.1 0.0 3.3 24.1 10:34 ENE 31 31.8 42.8 15:49 23.8 05:38 0.0 13.5 0.0 5.5 29.5 13:48 ENE ---------------------------------------------------------------------------------- 20.9 42.8 31 8.8 23 42.1 121.7 100.7 2.6 42.5 22 E Max >= 40.0: 1 Max <= 18.0: 2 Min <= 18.0: 27 Min <= 10.0: 1 Max Rain: 20.2 on day 20 Days of Rain: 14 (>= 0.2 mm) 10 (>= 2.0 mm) 1 (>= 20.0 mm) Heat Base: 18.3 Cool Base: 18.3 Method: Integration |