NOAA-Style Climate Reports
Select a Year or Month report
Report for 2020 Feb Monthly Climatological Summary for Feb 2020 Name: North Bayswater Weather City: Bayswater State: Victoria Elevation: 114 m Lat: S 37° 49' 25" Lon: E 145° 17' 47" Temperature (°C), Rain (mm), Wind Speed (km/h) Heat Cool Avg Mean Deg Deg Wind Dom Day Temp High Time Low Time Days Days Rain Speed High Time Dir ---------------------------------------------------------------------------------- 1 19.6 28.6 10:46 14.9 06:37 1.2 2.5 13.5 1.2 13.3 17:29 WNW 2 18.4 24.3 16:30 12.3 06:03 1.6 1.7 0.0 1.8 20.9 13:45 WNW 3 14.1 19.3 14:46 9.3 06:20 5.1 0.1 2.1 2.9 37.8 12:22 W 4 16.0 22.9 15:58 10.2 06:36 3.3 1.0 0.0 2.9 22.7 14:47 SSW 5 16.9 23.9 15:04 11.6 04:28 2.7 1.3 0.0 3.5 19.1 21:24 SW 6 23.1 31.1 15:11 14.9 09:00 0.2 5.1 0.0 1.8 54.7 03:30 ESE 7 22.6 28.4 15:01 18.4 02:09 0.0 4.3 0.0 3.3 14.4 13:48 W 8 23.9 30.1 15:04 19.3 06:05 0.0 5.6 0.0 5.0 27.4 22:31 SSE 9 22.0 28.1 12:18 18.3 06:15 0.0 3.7 0.5 5.2 24.8 17:17 SSE 10 22.6 28.5 15:06 19.1 01:59 0.0 4.3 0.0 1.6 17.3 15:21 SSE 11 22.2 27.9 13:54 18.5 06:17 0.0 3.9 0.0 2.1 14.4 13:24 W 12 23.4 29.9 16:04 18.9 07:00 0.0 5.1 0.0 3.3 28.1 15:23 SSW 13 25.4 31.8 16:59 19.8 06:45 0.0 7.1 0.0 1.8 82.8 23:35 S 14 23.4 35.4 13:34 18.9 07:44 0.0 5.2 29.5 3.7 28.1 09:47 E 15 17.7 20.4 14:33 15.5 06:31 1.0 0.4 3.1 1.5 14.0 11:35 W 16 20.6 27.2 16:26 14.8 06:27 0.8 2.9 0.0 2.1 25.6 11:33 S 17 23.4 30.1 15:46 17.3 09:00 0.0 4.5 0.0 2.5 13.3 08:48 W 18 17.8 23.1 11:39 13.3 06:13 1.5 1.0 36.8 2.8 21.2 18:54 W 19 15.4 19.5 15:58 13.4 06:12 2.5 0.0 2.6 3.3 31.7 10:02 W 20 16.3 19.5 14:27 13.4 04:28 1.9 0.2 0.0 0.9 16.9 10:53 WSW 21 15.9 21.4 14:49 10.2 06:45 2.6 0.5 0.0 1.0 20.9 15:49 SW 22 18.6 25.4 16:18 12.3 07:18 1.6 1.9 0.0 0.5 10.1 16:59 WSW 23 24.0 33.4 15:34 15.3 09:00 0.2 6.2 0.0 2.9 33.1 12:05 ENE 24 23.1 29.8 14:14 19.2 09:00 0.0 4.9 0.0 3.0 14.4 11:23 NE 25 21.8 30.1 13:21 15.9 06:53 0.4 3.9 1.6 2.6 24.8 13:49 ENE 26 14.3 19.8 15:18 8.1 06:48 4.2 0.2 0.5 1.7 22.7 14:20 W 27 16.4 19.6 16:37 11.4 09:00 2.1 0.2 0.0 2.1 20.2 00:26 WNW 28 16.4 20.7 16:40 13.3 01:46 2.4 0.5 0.0 0.6 8.3 14:51 W 29 18.3 24.9 14:35 12.9 05:17 1.9 1.9 0.0 1.0 15.5 17:33 WNW ---------------------------------------------------------------------------------- 19.8 35.4 14 8.1 26 37.2 80.1 90.2 2.4 82.8 13 SW Max >= 40.0: 0 Max <= 18.0: 0 Min <= 18.0: 20 Min <= 10.0: 2 Max Rain: 36.8 on day 18 Days of Rain: 9 (>= 0.2 mm) 6 (>= 2.0 mm) 2 (>= 20.0 mm) Heat Base: 18.3 Cool Base: 18.3 Method: Integration |