NOAA-Style Climate Reports
Select a Year or Month report
Report for 2020 Apr Monthly Climatological Summary for Apr 2020 Name: North Bayswater Weather City: Bayswater State: Victoria Elevation: 114 m Lat: S 37° 49' 25" Lon: E 145° 17' 47" Temperature (°C), Rain (mm), Wind Speed (km/h) Heat Cool Avg Mean Deg Deg Wind Dom Day Temp High Time Low Time Days Days Rain Speed High Time Dir ---------------------------------------------------------------------------------- 1 20.4 24.9 15:34 10.4 09:00 0.5 1.4 18.1 2.3 13.7 13:47 ENE 2 15.7 20.9 13:34 13.6 04:54 2.0 0.1 11.4 1.3 13.7 14:40 E 3 17.5 23.7 15:34 12.8 06:40 2.1 1.2 41.4 5.3 32.4 19:45 ENE 4 10.2 15.4 14:44 7.3 23:42 8.4 0.0 4.1 5.4 40.3 08:59 NNW 5 12.0 14.2 13:45 8.7 05:19 6.2 0.0 7.3 3.0 40.3 09:31 N 6 12.4 15.0 15:47 10.6 23:14 5.9 0.0 0.5 0.7 10.4 15:53 SW 7 13.5 18.0 12:55 10.9 03:05 4.8 0.0 0.0 1.3 11.9 16:38 SW 8 13.7 19.6 15:01 7.6 06:39 4.7 0.1 0.0 2.3 21.6 16:52 S 9 16.0 22.5 14:58 11.7 09:00 3.1 0.8 0.0 1.3 11.2 08:14 E 10 17.1 21.5 14:42 11.9 06:46 1.9 0.7 6.2 5.5 30.2 00:18 NNE 11 12.2 15.3 10:56 11.2 04:39 6.1 0.0 10.4 4.5 35.3 13:48 W 12 12.6 14.3 13:10 11.6 09:00 5.7 0.0 0.5 0.9 10.4 12:13 W 13 14.6 18.9 15:16 12.3 00:37 3.7 0.0 0.0 2.4 17.3 08:05 ENE 14 17.4 22.2 13:47 13.1 06:38 1.6 0.7 0.0 5.5 18.4 10:45 E 15 20.1 23.9 12:05 15.9 06:41 0.4 2.2 0.0 6.7 37.8 14:18 ENE 16 14.1 20.9 14:22 8.3 03:19 4.5 0.4 0.0 2.7 26.6 14:37 W 17 14.3 17.6 14:45 12.3 02:49 4.0 0.0 0.0 3.7 19.1 11:09 WNW 18 13.4 16.1 13:23 10.4 06:42 4.9 0.0 0.0 1.1 13.0 12:46 WNW 19 14.5 18.8 14:03 11.3 03:43 3.8 0.0 4.1 5.8 41.0 05:45 ENE 20 12.9 19.5 14:43 7.7 07:15 5.4 0.1 0.0 0.9 19.1 10:39 NNW 21 14.9 18.7 15:38 10.9 09:00 3.4 0.0 0.0 0.8 18.0 13:08 NNE 22 14.3 19.3 13:48 9.6 05:24 4.0 0.0 0.0 0.5 10.4 11:55 NW 23 16.7 19.6 14:05 13.3 09:00 1.8 0.2 0.0 2.5 24.5 11:46 ENE 24 15.2 21.8 14:43 9.4 05:34 3.7 0.6 0.0 0.7 10.4 07:44 NNE 25 17.1 21.2 13:59 13.8 09:00 1.6 0.4 19.2 2.9 25.2 16:23 ENE 26 11.5 16.5 15:24 6.8 03:48 6.8 0.0 2.1 0.9 13.7 10:37 W 27 10.9 16.9 13:13 5.8 05:34 7.4 0.0 0.0 0.4 9.7 08:58 ENE 28 15.6 19.6 13:21 11.0 09:00 2.8 0.1 5.7 3.2 22.0 10:47 ENE 29 12.2 18.4 12:16 9.2 06:01 6.1 0.0 22.8 0.8 14.4 12:46 NE 30 9.2 13.9 14:22 6.6 05:58 9.1 0.0 15.5 3.2 20.9 16:37 NNW ---------------------------------------------------------------------------------- 14.4 24.9 1 5.8 27 126.4 9.0 169.3 2.6 41.0 19 NE Max >= 40.0: 0 Max <= 18.0: 11 Min <= 18.0: 30 Min <= 10.0: 11 Max Rain: 41.4 on day 3 Days of Rain: 15 (>= 0.2 mm) 13 (>= 2.0 mm) 2 (>= 20.0 mm) Heat Base: 18.3 Cool Base: 18.3 Method: Integration |