NOAA-Style Climate Reports
Select a Year or Month report
Report for 2020 May Monthly Climatological Summary for May 2020 Name: North Bayswater Weather City: Bayswater State: Victoria Elevation: 114 m Lat: S 37° 49' 25" Lon: E 145° 17' 47" Temperature (°C), Rain (mm), Wind Speed (km/h) Heat Cool Avg Mean Deg Deg Wind Dom Day Temp High Time Low Time Days Days Rain Speed High Time Dir ---------------------------------------------------------------------------------- 1 8.9 10.5 14:41 7.6 09:11 9.4 0.0 6.2 6.6 42.1 14:47 WNW 2 9.5 11.7 11:07 7.6 05:24 8.7 0.0 16.6 4.0 33.5 11:09 WNW 3 11.6 14.1 14:36 10.2 04:55 6.7 0.0 1.0 0.9 13.0 13:24 W 4 11.3 13.4 14:32 8.1 03:01 7.0 0.0 0.0 0.8 10.1 08:46 NE 5 14.0 19.2 13:48 10.1 09:00 4.4 0.1 0.0 5.8 26.6 10:55 ENE 6 16.2 19.4 14:32 14.1 09:00 2.2 0.1 0.0 12.9 33.8 21:30 ENE 7 16.9 21.9 12:51 11.9 07:50 2.0 0.6 0.0 7.3 36.7 14:57 ENE 8 15.5 18.6 14:35 13.3 02:13 2.8 0.0 0.0 6.6 27.0 11:52 NE 9 8.9 13.5 09:00 5.3 05:08 9.4 0.0 6.7 2.4 19.1 09:45 NW 10 10.8 13.9 13:42 7.3 09:00 7.5 0.0 0.0 2.1 14.4 13:40 N 11 11.9 15.6 14:42 9.6 06:46 6.4 0.0 0.0 5.4 27.7 08:07 E 12 12.3 15.0 12:12 10.3 05:50 6.0 0.0 1.6 6.0 37.4 11:07 ENE 13 8.7 13.5 13:21 4.6 02:26 10.2 0.0 2.1 0.7 14.4 15:53 WSW 14 8.2 14.8 14:03 2.9 05:47 10.1 0.0 0.0 0.6 8.3 09:11 S 15 8.3 14.9 14:51 4.1 07:18 10.0 0.0 0.0 1.0 6.8 13:47 NE 16 9.5 17.4 13:56 3.9 06:17 8.8 0.0 1.0 1.7 14.8 11:59 ENE 17 9.3 16.7 14:17 4.3 05:57 9.0 0.0 0.0 0.6 7.2 13:17 ENE 18 12.2 18.3 14:23 7.1 09:00 6.1 0.0 0.0 4.2 25.2 11:59 ENE 19 13.9 16.8 14:18 10.1 05:12 4.4 0.0 14.5 8.2 39.6 21:56 ENE 20 11.1 14.4 14:37 9.3 04:12 7.2 0.0 15.0 4.1 24.5 14:44 NE 21 10.0 12.9 14:44 8.9 03:18 8.3 0.0 0.5 0.6 22.0 15:25 WSW 22 10.0 12.7 11:52 6.6 03:33 8.3 0.0 0.0 0.7 10.1 15:54 SSW 23 11.2 13.1 12:54 9.4 09:00 7.1 0.0 4.1 1.4 9.7 12:33 WSW 24 9.8 12.6 11:27 6.6 05:56 8.6 0.0 0.5 0.9 10.8 10:10 SSW 25 8.7 15.1 14:37 3.1 05:49 9.6 0.0 0.0 1.7 31.3 12:58 S 26 10.9 16.6 14:38 4.9 09:00 7.4 0.0 0.0 2.5 14.4 11:17 ENE 27 13.0 16.4 11:18 10.3 01:22 5.3 0.0 0.0 4.4 23.8 11:44 ENE 28 10.7 16.9 12:47 5.8 05:45 7.6 0.0 0.0 0.9 11.2 08:59 NNE 29 11.8 16.9 12:59 9.1 09:00 6.5 0.0 0.0 5.6 22.7 07:44 ENE 30 14.1 16.3 13:16 12.1 09:00 4.3 0.0 0.0 11.3 38.9 10:16 NE 31 12.6 16.8 12:00 9.1 08:40 5.7 0.0 7.3 5.9 22.3 10:45 NE ---------------------------------------------------------------------------------- 11.3 21.9 7 2.9 14 217.0 0.8 77.1 3.8 42.1 1 ENE Max >= 40.0: 0 Max <= 18.0: 26 Min <= 18.0: 31 Min <= 10.0: 22 Max Rain: 16.6 on day 2 Days of Rain: 13 (>= 0.2 mm) 8 (>= 2.0 mm) 0 (>= 20.0 mm) Heat Base: 18.3 Cool Base: 18.3 Method: Integration |