NOAA-Style Climate Reports
Select a Year or Month report
Report for 2020 Jun Monthly Climatological Summary for Jun 2020 Name: North Bayswater Weather City: Bayswater State: Victoria Elevation: 114 m Lat: S 37° 49' 25" Lon: E 145° 17' 47" Temperature (°C), Rain (mm), Wind Speed (km/h) Heat Cool Avg Mean Deg Deg Wind Dom Day Temp High Time Low Time Days Days Rain Speed High Time Dir ---------------------------------------------------------------------------------- 1 8.9 10.0 11:43 8.1 04:02 9.4 0.0 15.0 3.0 21.6 16:12 WNW 2 10.8 12.5 15:10 8.7 09:02 7.5 0.0 4.7 1.6 20.5 23:10 WNW 3 10.3 13.4 13:34 8.5 06:47 8.0 0.0 0.0 1.0 17.6 13:36 WSW 4 8.1 14.1 14:01 3.2 06:39 10.2 0.0 0.0 0.4 8.3 10:06 WSW 5 8.5 13.3 13:50 4.9 09:00 9.6 0.0 0.0 1.1 13.3 12:50 NE 6 10.3 13.1 14:30 7.5 09:00 6.4 0.0 0.0 0.8 8.3 00:12 SSW 7 7.4 12.3 14:25 2.2 07:33 10.3 0.0 0.0 0.8 13.0 10:14 SSW 8 5.9 12.8 14:22 1.4 05:17 11.9 0.0 0.0 0.8 7.9 14:14 SW 9 7.6 13.3 14:21 2.7 09:00 10.1 0.0 0.0 1.6 10.4 13:43 ENE 10 8.6 15.9 14:53 3.1 06:33 9.8 0.0 0.0 1.3 13.3 09:46 ENE 11 7.8 13.9 14:05 3.3 06:04 10.5 0.0 0.0 0.5 10.4 10:39 ENE 12 10.6 14.4 14:19 4.5 09:00 7.7 0.0 0.0 6.1 36.0 05:53 ENE 13 12.9 14.5 13:57 9.8 07:14 5.4 0.0 4.7 7.4 35.6 09:03 ENE 14 12.3 14.1 14:16 9.8 09:00 6.5 0.0 1.0 6.8 32.0 08:15 NE 15 13.7 16.4 13:34 12.0 00:30 4.6 0.0 0.0 6.8 30.2 10:02 NE 16 12.2 16.3 11:14 9.0 05:25 6.1 0.0 2.1 2.2 27.7 11:01 NNE 17 8.1 13.9 13:27 3.4 06:39 10.2 0.0 0.0 0.8 8.6 14:22 S 18 11.3 16.0 14:45 4.6 09:00 7.0 0.0 0.0 5.6 27.7 07:44 ENE 19 14.5 17.8 14:14 11.4 08:51 3.8 0.0 4.7 9.3 37.1 14:23 ENE 20 10.3 16.1 13:42 5.8 04:44 8.0 0.0 0.0 1.5 16.2 11:08 NNE 21 9.6 11.5 14:58 7.0 09:00 8.9 0.0 4.1 0.8 8.6 11:26 ENE 22 9.7 11.6 14:39 8.6 01:00 8.6 0.0 4.1 1.6 13.0 14:39 NE 23 11.4 12.6 07:35 9.4 09:00 6.9 0.0 2.1 0.4 6.8 01:21 W 24 11.8 15.4 14:30 10.1 22:22 6.5 0.0 0.0 1.0 14.4 08:13 ENE 25 9.4 14.1 13:53 5.3 02:47 8.9 0.0 2.6 1.8 16.9 13:08 NNE 26 9.4 12.4 13:45 5.9 08:14 8.9 0.0 0.0 0.6 11.5 11:38 W 27 6.6 11.6 12:49 1.5 07:08 11.7 0.0 0.0 0.3 6.1 15:32 SE 28 5.5 11.5 15:01 1.3 05:26 13.3 0.0 0.0 0.4 5.8 14:40 NE 29 7.0 13.3 14:26 2.9 09:00 11.3 0.0 0.0 1.9 15.5 15:05 ENE 30 12.1 14.9 13:20 8.4 09:00 6.4 0.0 0.0 9.1 38.5 11:40 ENE ---------------------------------------------------------------------------------- 9.8 17.8 19 1.3 28 254.4 0.0 45.1 2.6 38.5 30 ENE Max >= 40.0: 0 Max <= 18.0: 30 Min <= 18.0: 30 Min <= 10.0: 27 Max Rain: 15.0 on day 1 Days of Rain: 10 (>= 0.2 mm) 9 (>= 2.0 mm) 0 (>= 20.0 mm) Heat Base: 18.3 Cool Base: 18.3 Method: Integration |