NOAA-Style Climate Reports
Select a Year or Month report
Report for 2020 Jul Monthly Climatological Summary for Jul 2020 Name: North Bayswater Weather City: Bayswater State: Victoria Elevation: 114 m Lat: S 37° 49' 25" Lon: E 145° 17' 47" Temperature (°C), Rain (mm), Wind Speed (km/h) Heat Cool Avg Mean Deg Deg Wind Dom Day Temp High Time Low Time Days Days Rain Speed High Time Dir ---------------------------------------------------------------------------------- 1 12.8 17.3 13:15 9.0 05:18 5.5 0.0 1.0 10.5 40.3 20:00 ENE 2 10.0 13.4 13:29 7.6 06:37 8.3 0.0 0.0 3.4 14.4 15:20 NNE 3 7.5 9.5 10:58 6.1 06:02 10.8 0.0 8.3 2.4 27.0 12:07 ENE 4 9.8 11.6 14:19 6.5 09:00 8.5 0.0 7.3 1.4 14.4 15:41 W 5 10.1 12.3 14:51 8.5 04:54 8.1 0.0 2.6 1.0 14.8 12:47 W 6 10.4 11.8 14:44 9.4 09:00 7.9 0.0 3.6 0.7 77.4 02:00 W 7 8.5 11.9 11:51 3.5 05:44 10.6 0.0 0.0 0.4 7.2 07:10 W 8 8.1 13.8 13:42 4.4 05:37 10.2 0.0 0.0 0.8 10.8 12:10 ENE 9 9.3 15.4 13:54 5.6 05:52 9.0 0.0 0.0 0.9 20.5 12:29 ENE 10 11.1 15.8 13:24 8.1 09:00 7.2 0.0 0.0 0.9 12.2 13:45 ENE 11 10.0 11.4 10:53 8.0 07:37 8.3 0.0 4.7 0.1 4.3 12:34 ENE 12 9.6 12.5 15:11 8.1 02:58 8.7 0.0 0.5 1.0 13.7 12:24 W 13 10.6 13.9 15:11 8.4 05:41 7.7 0.0 0.0 1.0 14.4 10:37 SW 14 9.7 13.9 14:02 6.5 08:00 8.9 0.0 0.0 1.1 17.3 10:22 S 15 8.6 15.0 14:25 3.8 03:23 9.7 0.0 0.0 0.6 10.8 13:32 S 16 7.4 12.0 14:40 3.6 04:11 10.9 0.0 0.0 0.2 5.4 15:07 SE 17 6.4 11.1 15:34 3.5 01:24 11.9 0.0 0.0 0.8 12.2 05:49 ENE 18 10.6 12.5 11:40 7.7 09:00 7.7 0.0 0.0 7.2 32.8 16:23 ENE 19 9.5 13.9 13:33 4.9 08:03 8.8 0.0 1.0 3.7 25.2 09:23 NNE 20 9.7 12.2 15:11 6.6 09:00 8.6 0.0 2.6 1.2 20.9 12:54 W 21 9.8 10.8 16:54 8.7 09:00 8.8 0.0 1.0 0.1 7.2 23:32 ENE 22 9.8 11.4 13:40 8.4 05:45 8.5 0.0 0.0 0.2 6.8 14:25 WNW 23 8.6 10.9 12:16 6.3 01:06 9.7 0.0 0.0 0.4 7.2 03:55 E 24 7.4 12.8 14:21 3.3 08:56 11.0 0.0 0.0 1.7 13.3 13:46 ENE 25 8.0 12.9 15:45 4.4 02:30 10.3 0.0 0.0 0.1 5.8 16:00 WNW 26 10.5 12.1 14:53 7.4 09:00 7.8 0.0 1.5 0.2 8.3 13:38 N 27 10.6 12.2 12:01 9.4 08:11 7.7 0.0 5.7 2.6 22.7 11:44 SW 28 10.6 15.0 13:52 7.8 03:56 7.7 0.0 0.0 0.7 11.5 15:58 SSW 29 10.5 14.4 15:09 8.1 00:41 7.8 0.0 0.0 0.2 10.8 11:09 ENE 30 8.1 14.3 14:32 3.2 06:10 10.2 0.0 0.0 0.3 16.9 15:08 W 31 10.1 15.3 14:50 4.4 09:00 8.0 0.0 0.0 2.1 14.8 11:46 ENE ---------------------------------------------------------------------------------- 9.5 17.3 1 3.2 30 274.8 0.0 39.8 1.5 77.4 6 ENE Max >= 40.0: 0 Max <= 18.0: 31 Min <= 18.0: 31 Min <= 10.0: 31 Max Rain: 8.3 on day 3 Days of Rain: 12 (>= 0.2 mm) 7 (>= 2.0 mm) 0 (>= 20.0 mm) Heat Base: 18.3 Cool Base: 18.3 Method: Integration |