NOAA Style Reports for North Bayswater weather
Latitude S 37° 49' 25" Longitude E 145° 17' 47" Elevation 114 m
:now::gauges::today::yesterday::highs & lows::records::monthly records::trends::raincharts::NOAA Reports::forum::main pages: |
Select a Year or Month report
Report for 2010 Feb Monthly Climatological Summary for Feb 2010 Name: North Bayswater Weather City: State: Elevation: 114 m Lat: S 37° 49' 25" Lon: E 145° 17' 47" Temperature (°C), Rain (mm), Wind Speed (km/h) Heat Cool Avg Mean Deg Deg Wind Dom Day Temp High Time Low Time Days Days Rain Speed High Time Dir ---------------------------------------------------------------------------------- 1 21.4 27.2 15:59 16.5 06:39 0.0 3.1 0.0 3.2 22.7 16:45 SSW 2 27.1 33.8 13:24 19.5 06:50 0.0 8.8 0.0 1.9 17.6 10:46 NE 3 29.1 34.8 14:11 24.3 06:46 0.0 10.8 0.0 1.8 17.6 13:07 ENE 4 22.8 29.0 10:29 17.9 06:11 0.0 4.5 13.0 2.6 31.3 10:08 NNE 5 16.8 19.4 18:37 13.2 07:13 1.5 0.0 1.0 3.5 20.2 18:39 SSW 6 20.3 26.8 16:10 13.9 06:54 0.0 2.0 0.0 2.7 33.8 12:47 S 7 24.2 32.3 16:49 16.8 06:19 0.0 5.9 0.0 1.1 13.0 16:17 SW 8 26.4 34.6 16:03 18.7 06:02 0.0 8.1 0.0 1.7 14.0 16:44 SSW 9 28.0 35.1 14:04 20.8 06:24 0.0 9.7 0.0 2.2 18.7 15:27 NNE 10 26.0 34.4 13:13 20.6 07:25 0.0 7.7 0.0 1.8 15.8 15:17 NNE 11 24.1 32.2 12:06 19.3 07:19 0.0 5.8 21.2 1.6 14.4 03:51 N 12 19.7 23.4 12:25 17.2 00:42 0.0 1.4 0.0 2.9 28.1 14:53 SSW 13 20.9 24.0 16:16 18.6 09:00 0.0 2.6 0.5 2.3 15.1 16:26 SW 14 22.4 27.6 18:03 19.3 04:26 0.0 4.1 0.0 2.2 20.9 00:58 SSW 15 20.7 26.7 16:44 16.2 07:22 0.0 2.4 0.0 3.0 36.0 13:28 SSE 16 21.8 28.4 17:54 16.2 03:51 0.0 3.5 0.0 2.4 18.0 14:15 S 17 20.8 27.2 15:44 16.3 07:20 0.0 2.5 0.0 2.9 19.8 19:37 SSW 18 22.0 28.3 15:36 17.7 06:55 0.0 3.7 0.0 2.5 19.1 12:13 SSW 19 26.6 32.8 16:50 21.6 09:00 0.0 8.3 0.0 3.7 26.6 12:27 NNE 20 29.2 34.1 14:41 23.6 08:32 0.0 10.9 0.0 6.4 30.6 13:22 NE 21 23.7 30.1 15:25 19.1 03:35 0.0 5.4 0.0 5.0 18.4 16:40 SSW 22 19.9 27.6 16:58 14.2 06:13 0.0 1.6 0.5 4.0 27.7 19:21 SW 23 17.1 23.3 14:34 10.9 06:28 1.2 0.0 0.0 3.7 18.0 15:38 SSW 24 18.2 24.8 15:00 12.2 07:28 0.1 0.0 0.0 2.8 20.9 16:19 SSW 25 21.3 28.5 16:13 15.4 09:00 0.0 3.0 0.0 1.8 17.6 17:32 SSW 26 27.4 33.8 15:31 20.6 09:00 0.0 9.1 0.0 3.4 29.2 10:44 NNE 27 18.7 25.1 09:01 15.4 06:33 0.0 0.4 0.0 3.2 12.2 10:40 ESE 28 15.9 19.9 14:24 11.9 07:32 2.4 0.0 0.0 3.6 19.8 15:07 SSW ---------------------------------------------------------------------------------- 22.6 35.1 9 10.9 23 5.2 125.3 36.2 2.9 36.0 15 S Max >= 27.0: 19 Max <= 0.0: 0 Min <= 0.0: 0 Min <= -18.0: 0 Max Rain: 21.2 on day 11 Days of Rain: 5 (>= 0.2 mm) 2 (>= 2.0 mm) 1 (>= 20.0 mm) Heat Base: 18.3 Cool Base: 18.3 Method: Integration |
Page updated 17/06/2018 4:30:02 PM
powered by
Cumulus
1.9.4 b1099