NOAA Style Reports for North Bayswater weather
Latitude S 37° 49' 25" Longitude E 145° 17' 47" Elevation 114 m
:now::gauges::today::yesterday::highs & lows::records::monthly records::trends::raincharts::NOAA Reports::forum::main pages: |
Select a Year or Month report
Report for 2010 Mar Monthly Climatological Summary for Mar 2010 Name: North Bayswater Weather City: State: Elevation: 114 m Lat: S 37° 49' 25" Lon: E 145° 17' 47" Temperature (°C), Rain (mm), Wind Speed (km/h) Heat Cool Avg Mean Deg Deg Wind Dom Day Temp High Time Low Time Days Days Rain Speed High Time Dir ---------------------------------------------------------------------------------- 1 16.6 21.8 14:10 11.9 06:26 1.7 0.0 0.0 2.7 22.0 09:19 S 2 17.5 22.9 14:43 12.9 03:25 0.8 0.0 0.0 2.5 18.4 14:54 SSW 3 21.5 28.9 16:23 16.1 09:00 0.0 3.2 0.0 1.7 15.8 16:29 W 4 25.8 31.7 15:53 20.3 09:00 0.0 7.5 0.0 2.7 41.0 04:26 NNE 5 23.1 27.6 15:37 18.8 07:23 0.0 4.8 0.0 3.1 19.1 13:52 NE 6 21.0 28.8 14:30 18.2 04:06 0.0 2.7 23.3 2.0 25.6 15:17 SSW 7 20.8 27.9 15:31 17.4 07:15 0.0 2.5 43.5 1.6 20.5 14:03 NE 8 18.5 24.3 13:18 15.8 07:37 0.0 0.2 11.9 4.5 41.4 12:02 N 9 15.8 18.9 15:13 13.2 06:50 2.5 0.0 2.6 4.9 31.3 16:45 WSW 10 14.2 18.7 14:50 9.3 07:30 4.1 0.0 0.0 2.6 26.6 17:09 SW 11 16.1 22.9 15:24 10.1 07:04 2.2 0.0 0.0 1.9 17.3 18:24 SSW 12 18.7 26.1 16:53 12.1 07:41 0.0 0.4 0.0 1.5 10.1 09:24 NNW 13 20.0 27.2 15:41 13.0 07:36 0.0 1.7 0.0 1.4 16.9 12:33 N 14 21.2 28.7 16:07 14.6 05:36 0.0 2.9 0.0 1.5 11.5 14:01 NE 15 23.6 29.7 14:57 17.4 09:00 0.0 5.3 0.0 2.1 16.6 10:57 NE 16 25.1 32.1 15:40 18.9 06:11 0.0 6.8 0.0 3.1 16.9 13:42 NE 17 25.4 33.3 15:04 20.8 04:39 0.0 7.1 0.0 3.8 23.0 12:13 NNE 18 26.6 32.4 15:47 21.9 09:00 0.0 8.3 0.0 3.5 23.0 12:43 NE 19 22.8 28.8 15:13 17.9 07:14 0.0 4.5 1.0 2.5 18.7 16:24 SSE 20 20.6 26.1 15:14 16.4 04:37 0.0 2.3 0.5 1.7 13.0 16:46 SW 21 18.4 23.1 14:00 15.1 07:19 0.0 0.1 0.0 2.9 19.1 17:39 WSW 22 17.0 21.6 16:40 13.6 04:53 1.3 0.0 0.0 1.7 16.9 18:32 SW 23 18.6 22.2 16:20 14.9 09:00 0.0 0.3 0.0 2.4 13.3 19:35 SW 24 17.6 23.1 17:38 12.2 05:31 0.7 0.0 0.0 2.4 14.4 13:17 SW 25 22.8 29.7 16:06 14.3 09:00 0.0 4.5 0.0 4.0 19.8 15:45 NNE 26 21.8 29.3 13:26 16.9 05:45 0.0 3.5 0.0 4.1 27.7 14:03 S 27 20.6 23.9 14:51 17.9 09:00 0.0 2.3 0.0 2.2 23.0 08:31 SW 28 21.9 26.5 14:02 18.3 07:04 0.0 3.6 21.2 6.8 31.7 12:17 NE 29 18.3 22.3 16:48 13.3 07:35 0.0 0.0 4.7 2.9 16.6 11:23 SSW 30 16.3 21.4 15:43 11.0 06:56 2.0 0.0 0.0 3.1 27.0 14:22 S 31 18.1 23.8 16:08 12.8 09:00 0.2 0.0 0.0 2.2 15.1 10:34 WSW ---------------------------------------------------------------------------------- 20.2 33.3 17 9.3 10 15.5 74.5 108.7 2.8 41.4 8 SW Max >= 27.0: 14 Max <= 0.0: 0 Min <= 0.0: 0 Min <= -18.0: 0 Max Rain: 43.5 on day 7 Days of Rain: 8 (>= 0.2 mm) 6 (>= 2.0 mm) 3 (>= 20.0 mm) Heat Base: 18.3 Cool Base: 18.3 Method: Integration |
Page updated 17/06/2018 4:30:02 PM
powered by
Cumulus
1.9.4 b1099