NOAA Style Reports for North Bayswater weather
Latitude S 37° 49' 25" Longitude E 145° 17' 47" Elevation 114 m
:now::gauges::today::yesterday::highs & lows::records::monthly records::trends::raincharts::NOAA Reports::forum::main pages: |
Select a Year or Month report
Report for 2010 May Monthly Climatological Summary for May 2010 Name: North Bayswater Weather City: State: Elevation: 114 m Lat: S 37° 49' 25" Lon: E 145° 17' 47" Temperature (°C), Rain (mm), Wind Speed (km/h) Heat Cool Avg Mean Deg Deg Wind Dom Day Temp High Time Low Time Days Days Rain Speed High Time Dir ---------------------------------------------------------------------------------- 1 16.2 20.2 14:25 12.8 09:00 2.1 0.0 0.0 5.3 25.9 11:38 NNE 2 12.5 17.3 10:39 8.3 02:47 5.8 0.0 0.0 3.4 16.6 11:00 NE 3 17.9 21.9 14:28 9.9 09:00 0.4 0.0 0.0 4.4 29.2 16:06 NE 4 18.1 23.8 12:16 9.9 08:36 0.2 0.0 11.9 8.5 39.2 16:09 NNE 5 12.9 15.3 14:01 10.5 09:00 5.4 0.0 3.6 2.9 27.0 13:18 WSW 6 13.1 16.6 12:34 9.9 21:02 5.2 0.0 0.0 2.6 13.7 11:56 WNW 7 15.0 16.8 13:29 12.8 08:09 3.3 0.0 2.6 4.4 15.5 10:27 NE 8 14.3 18.8 15:07 10.2 01:11 4.0 0.0 0.5 1.0 10.4 07:53 W 9 16.5 21.3 14:21 13.8 04:12 1.8 0.0 0.0 4.4 17.3 13:36 NNE 10 15.7 20.5 14:43 9.6 05:35 2.6 0.0 7.8 7.5 37.8 14:48 NE 11 10.3 13.6 14:07 8.3 22:52 8.0 0.0 4.1 4.8 39.6 14:39 WSW 12 11.5 13.4 13:07 9.4 09:00 6.8 0.0 13.0 1.6 15.5 13:03 SW 13 13.1 15.1 15:30 11.2 09:00 5.2 0.0 1.6 2.2 15.8 12:26 SW 14 13.0 15.1 12:33 11.4 23:01 5.3 0.0 0.5 1.0 10.8 14:12 SSW 15 11.3 16.6 14:00 5.8 06:17 7.0 0.0 0.0 0.8 10.1 13:43 SSW 16 10.9 17.1 14:45 6.7 06:31 7.4 0.0 0.0 0.7 6.8 09:53 NNE 17 10.6 16.7 15:22 6.3 06:05 7.7 0.0 0.5 0.9 11.2 13:53 WNW 18 10.3 16.9 14:35 5.6 06:48 8.0 0.0 0.0 1.1 9.7 10:48 ESE 19 11.9 17.2 14:58 7.4 09:00 6.4 0.0 0.0 1.1 10.4 13:47 NNE 20 12.5 17.1 14:49 9.1 07:10 5.8 0.0 0.0 1.0 8.6 16:04 SE 21 9.7 15.8 13:29 3.5 07:24 8.6 0.0 0.0 1.5 11.2 12:38 SSW 22 8.2 15.3 14:47 3.2 07:27 10.1 0.0 0.0 1.0 9.4 15:07 ENE 23 11.7 16.9 14:40 5.6 09:00 6.6 0.0 0.0 2.0 20.2 07:42 NNE 24 13.5 16.1 11:16 12.1 05:56 4.8 0.0 8.3 3.1 18.4 09:12 NE 25 13.4 15.3 14:10 10.4 06:51 4.9 0.0 4.1 0.5 5.8 14:49 SW 26 14.0 19.1 14:10 10.4 00:29 4.3 0.0 0.0 1.1 10.8 13:10 SSE 27 13.8 17.8 13:09 10.8 07:22 4.5 0.0 1.0 4.4 25.9 11:13 NE 28 14.6 16.9 14:34 11.8 09:00 3.7 0.0 4.7 3.5 33.8 13:07 NE 29 14.2 16.3 11:30 11.7 04:15 4.1 0.0 1.0 1.2 34.6 08:38 SSW 30 13.8 16.9 13:26 10.8 07:04 4.5 0.0 0.0 4.5 37.4 12:36 SSE 31 12.4 17.8 14:08 8.1 01:35 5.9 0.0 0.0 2.2 15.8 13:36 SSW ---------------------------------------------------------------------------------- 13.1 23.8 4 3.2 22 160.4 0.0 65.2 2.7 39.6 11 NE Max >= 27.0: 0 Max <= 0.0: 0 Min <= 0.0: 0 Min <= -18.0: 0 Max Rain: 13.0 on day 12 Days of Rain: 15 (>= 0.2 mm) 9 (>= 2.0 mm) 0 (>= 20.0 mm) Heat Base: 18.3 Cool Base: 18.3 Method: Integration |
Page updated 17/06/2018 4:30:02 PM
powered by
Cumulus
1.9.4 b1099